Last updated on 2022-08-12 04:53:30 CEST.
Flavor | Version | Tinstall | Tcheck | Ttotal | Status | Flags |
---|---|---|---|---|---|---|
r-devel-linux-x86_64-debian-clang | 1.0.0 | 55.81 | 247.33 | 303.14 | NOTE | |
r-devel-linux-x86_64-debian-gcc | 1.0.0 | 46.77 | 167.34 | 214.11 | NOTE | |
r-devel-linux-x86_64-fedora-clang | 1.0.0 | 411.71 | NOTE | |||
r-devel-linux-x86_64-fedora-gcc | 1.0.0 | 378.16 | NOTE | |||
r-devel-windows-x86_64 | 1.0.0 | 76.00 | 290.00 | 366.00 | NOTE | |
r-patched-linux-x86_64 | 1.0.0 | 53.62 | 238.66 | 292.28 | NOTE | |
r-release-linux-x86_64 | 1.0.0 | 52.69 | 230.65 | 283.34 | NOTE | |
r-release-macos-arm64 | 1.0.0 | 106.00 | NOTE | |||
r-release-macos-x86_64 | 1.0.0 | 205.00 | NOTE | |||
r-release-windows-x86_64 | 1.0.0 | 80.00 | 289.00 | 369.00 | NOTE | |
r-oldrel-macos-arm64 | 1.0.0 | 109.00 | NOTE | |||
r-oldrel-macos-x86_64 | 1.0.0 | 193.00 | NOTE | |||
r-oldrel-windows-ix86+x86_64 | 1.0.0 | 154.00 | 199.00 | 353.00 | NOTE |
Version: 1.0.0
Check: for GNU extensions in Makefiles
Result: NOTE
GNU make is a SystemRequirements.
Flavors: r-devel-linux-x86_64-debian-clang, r-devel-linux-x86_64-debian-gcc, r-devel-linux-x86_64-fedora-clang, r-devel-linux-x86_64-fedora-gcc, r-devel-windows-x86_64, r-patched-linux-x86_64, r-release-linux-x86_64, r-release-macos-arm64, r-release-macos-x86_64, r-release-windows-x86_64, r-oldrel-macos-arm64, r-oldrel-macos-x86_64, r-oldrel-windows-ix86+x86_64