CRAN Package Check Results for Package pauwels2014

Last updated on 2022-01-18 01:52:08 CET.

Flavor Version Tinstall Tcheck Ttotal Status Flags
r-devel-linux-x86_64-debian-clang 1.0 7.09 79.82 86.91 NOTE
r-devel-linux-x86_64-debian-gcc 1.0 5.28 60.47 65.75 NOTE
r-devel-linux-x86_64-fedora-clang 1.0 110.22 NOTE
r-devel-linux-x86_64-fedora-gcc 1.0 105.81 NOTE
r-devel-windows-x86_64-new-UL 1.0 96.00 121.00 217.00 NOTE
r-devel-windows-x86_64-new-TK 1.0 NOTE
r-patched-linux-x86_64 1.0 8.19 74.99 83.18 NOTE
r-release-linux-x86_64 1.0 NOTE
r-release-macos-arm64 1.0 NOTE
r-release-macos-x86_64 1.0 NOTE
r-release-windows-ix86+x86_64 1.0 18.00 122.00 140.00 NOTE
r-oldrel-macos-x86_64 1.0 NOTE
r-oldrel-windows-ix86+x86_64 1.0 19.00 122.00 141.00 NOTE

Additional issues

rchk

Check Details

Version: 1.0
Check: DESCRIPTION meta-information
Result: NOTE
    Malformed Title field: should not end in a period.
Flavors: r-devel-linux-x86_64-debian-clang, r-devel-linux-x86_64-debian-gcc, r-devel-linux-x86_64-fedora-clang, r-devel-linux-x86_64-fedora-gcc, r-devel-windows-x86_64-new-UL, r-devel-windows-x86_64-new-TK, r-patched-linux-x86_64, r-release-linux-x86_64, r-release-macos-arm64, r-release-macos-x86_64, r-release-windows-ix86+x86_64, r-oldrel-macos-x86_64, r-oldrel-windows-ix86+x86_64

Version: 1.0
Check: R code for possible problems
Result: NOTE
    add_noise: no visible global function definition for 'rnorm'
    estimate_risk_dream6 : <anonymous>: no visible global function
     definition for 'var'
    generate_sample: no visible global function definition for 'rnorm'
    generate_sample: no visible global function definition for 'runif'
    sample_function: no visible global function definition for 'runif'
    sample_function : <anonymous>: no visible global function definition
     for 'var'
    sample_function_multi_mod_weight: no visible global function definition
     for 'runif'
    sample_function_multi_mod_weight : <anonymous>: no visible global
     function definition for 'var'
    sample_function_single_mod: no visible global function definition for
     'runif'
    Undefined global functions or variables:
     rnorm runif var
    Consider adding
     importFrom("stats", "rnorm", "runif", "var")
    to your NAMESPACE file.
Flavors: r-devel-linux-x86_64-debian-clang, r-devel-linux-x86_64-debian-gcc, r-devel-linux-x86_64-fedora-clang, r-devel-linux-x86_64-fedora-gcc, r-devel-windows-x86_64-new-UL, r-devel-windows-x86_64-new-TK, r-patched-linux-x86_64, r-release-linux-x86_64, r-release-macos-arm64, r-release-macos-x86_64, r-release-windows-ix86+x86_64, r-oldrel-macos-x86_64, r-oldrel-windows-ix86+x86_64

Version: 1.0
Check: compiled code
Result: NOTE
    File ‘pauwels2014/libs/pauwels2014.so’:
     Found no calls to: ‘R_registerRoutines’, ‘R_useDynamicSymbols’
    
    It is good practice to register native routines and to disable symbol
    search.
    
    See ‘Writing portable packages’ in the ‘Writing R Extensions’ manual.
Flavors: r-devel-linux-x86_64-fedora-clang, r-devel-linux-x86_64-fedora-gcc