CRAN Package Check Results for Package pavo

Last updated on 2015-03-26 19:47:46.

Flavor Version Tinstall Tcheck Ttotal Status Flags
r-devel-linux-x86_64-debian-clang 0.5-1 0.92 17.67 18.59 NOTE
r-devel-linux-x86_64-debian-gcc 0.5-1 0.95 16.84 17.79 NOTE
r-devel-linux-x86_64-fedora-clang 0.5-1 33.39 NOTE
r-devel-linux-x86_64-fedora-gcc 0.5-1 32.89 NOTE
r-devel-osx-x86_64-clang 0.5-1 40.11 NOTE
r-prerel-windows-ix86+x86_64 0.5-1 4.00 27.00 31.00 NOTE
r-prerel-linux-x86_64 0.5-1 1.09 17.84 18.93 NOTE
r-prerel-solaris-sparc 0.5-1 229.70 NOTE
r-prerel-solaris-x86 0.5-1 51.80 NOTE
r-release-linux-x86_64 0.5-1 1.23 20.21 21.44 OK
r-release-osx-x86_64-mavericks 0.5-1 OK
r-release-osx-x86_64-snowleopard 0.5-1 OK
r-release-windows-ix86+x86_64 0.5-1 7.00 33.00 40.00 OK
r-oldrel-windows-ix86+x86_64 0.5-1 6.00 36.00 42.00 OK

Check Details

Version: 0.5-1
Check: DESCRIPTION meta-information
Result: NOTE
    Malformed Description field: should contain one or more complete sentences.
Flavors: r-devel-linux-x86_64-debian-clang, r-devel-linux-x86_64-debian-gcc, r-devel-linux-x86_64-fedora-clang, r-devel-linux-x86_64-fedora-gcc, r-devel-osx-x86_64-clang, r-prerel-windows-ix86+x86_64, r-prerel-linux-x86_64, r-prerel-solaris-sparc, r-prerel-solaris-x86