CRAN Package Check Results for Package pavo

Last updated on 2015-05-06 11:48:41.

Flavor Version Tinstall Tcheck Ttotal Status Flags
r-devel-linux-x86_64-debian-clang 0.5-1 0.98 16.61 17.58 NOTE
r-devel-linux-x86_64-debian-gcc 0.5-1 0.92 16.79 17.71 NOTE
r-devel-linux-x86_64-fedora-clang 0.5-1 33.97 NOTE
r-devel-linux-x86_64-fedora-gcc 0.5-1 31.52 NOTE
r-devel-osx-x86_64-clang 0.5-1 34.97 NOTE
r-devel-windows-ix86+x86_64 0.5-1 4.00 28.00 32.00 NOTE
r-patched-linux-x86_64 0.5-1 0.95 16.84 17.79 NOTE
r-patched-solaris-sparc 0.5-1 229.70 NOTE
r-patched-solaris-x86 0.5-1 48.90 NOTE
r-release-linux-x86_64 0.5-1 0.96 17.24 18.20 NOTE
r-release-osx-x86_64-mavericks 0.5-1 NOTE
r-release-osx-x86_64-snowleopard 0.5-1 NOTE
r-release-windows-ix86+x86_64 0.5-1 4.00 26.00 30.00 NOTE
r-oldrel-windows-ix86+x86_64 0.5-1 6.00 51.00 57.00 OK

Check Details

Version: 0.5-1
Check: DESCRIPTION meta-information
Result: NOTE
    Malformed Description field: should contain one or more complete sentences.
Flavors: r-devel-linux-x86_64-debian-clang, r-devel-linux-x86_64-debian-gcc, r-devel-linux-x86_64-fedora-clang, r-devel-linux-x86_64-fedora-gcc, r-devel-osx-x86_64-clang, r-devel-windows-ix86+x86_64, r-patched-linux-x86_64, r-patched-solaris-sparc, r-patched-solaris-x86, r-release-linux-x86_64, r-release-osx-x86_64-mavericks, r-release-osx-x86_64-snowleopard, r-release-windows-ix86+x86_64