CRAN Package Check Results for Package pavo

Last updated on 2017-06-23 03:48:58.

Flavor Version Tinstall Tcheck Ttotal Status Flags
r-devel-linux-x86_64-debian-clang 1.1.0 1.62 46.40 48.02 OK
r-devel-linux-x86_64-debian-gcc 1.1.0 1.46 48.88 50.34 OK
r-devel-linux-x86_64-fedora-clang 1.1.0 81.98 OK
r-devel-linux-x86_64-fedora-gcc 1.1.0 80.39 OK
r-devel-windows-ix86+x86_64 1.1.0 9.00 76.00 85.00 OK
r-patched-linux-x86_64 1.1.0 1.86 45.08 46.93 OK
r-patched-solaris-sparc 1.1.0 467.80 OK
r-patched-solaris-x86 1.1.0 91.90 OK
r-release-linux-x86_64 1.1.0 1.62 46.01 47.63 OK
r-release-windows-ix86+x86_64 1.1.0 10.00 82.00 92.00 OK
r-release-osx-x86_64 1.1.0 ERROR
r-oldrel-windows-ix86+x86_64 1.1.0 8.00 65.00 73.00 OK
r-oldrel-osx-x86_64 1.1.0 OK

Check Details

Version: 1.1.0
Check: package dependencies
Result: ERROR
    Package required but not available: ‘rcdd’
    
    See section ‘The DESCRIPTION file’ in the ‘Writing R Extensions’
    manual.
Flavor: r-release-osx-x86_64