CRAN Package Check Results for Package pavo

Last updated on 2016-07-28 06:47:29.

Flavor Version Tinstall Tcheck Ttotal Status Flags
r-devel-linux-x86_64-debian-clang 0.5-5 0.96 20.75 21.71 OK
r-devel-linux-x86_64-debian-gcc 0.5-5 1.19 20.77 21.96 OK
r-devel-linux-x86_64-fedora-clang 0.5-5 32.00 OK
r-devel-linux-x86_64-fedora-gcc 0.5-5 29.27 OK
r-devel-osx-x86_64-clang 0.5-5 29.27 OK
r-devel-windows-ix86+x86_64 0.5-5 5.00 57.00 62.00 OK
r-patched-linux-x86_64 0.5-5 1.32 21.03 22.35 OK
r-patched-solaris-sparc 0.5-5 211.30 OK
r-patched-solaris-x86 0.5-5 44.50 OK
r-release-linux-x86_64 0.5-5 1.42 21.15 22.57 OK
r-release-osx-x86_64-mavericks 0.5-5 WARN
r-release-windows-ix86+x86_64 0.5-5 5.00 58.00 63.00 OK
r-oldrel-windows-ix86+x86_64 0.5-5 7.00 58.00 65.00 OK

Check Details

Version: 0.5-5
Check: whether package can be installed
Result: WARN
    Found the following significant warnings:
     Warning: 'rgl_init' failed, running with rgl.useNULL = TRUE
Flavor: r-release-osx-x86_64-mavericks

Version: 0.5-5
Check: dependencies in R code
Result: NOTE
    Invalid MIT-MAGIC-COOKIE-1 key
Flavor: r-release-osx-x86_64-mavericks

Version: 0.5-5
Check: S3 generic/method consistency
Result: WARN
    Invalid MIT-MAGIC-COOKIE-1 key
    See section ‘Generic functions and methods’ in the ‘Writing R
    Extensions’ manual.
Flavor: r-release-osx-x86_64-mavericks

Version: 0.5-5
Check: replacement functions
Result: WARN
    Invalid MIT-MAGIC-COOKIE-1 key
    The argument of a replacement function which corresponds to the right
    hand side must be named ‘value’.
Flavor: r-release-osx-x86_64-mavericks

Version: 0.5-5
Check: foreign function calls
Result: NOTE
    Invalid MIT-MAGIC-COOKIE-1 key
    See chapter ‘System and foreign language interfaces’ in the ‘Writing R
    Extensions’ manual.
Flavor: r-release-osx-x86_64-mavericks

Version: 0.5-5
Check: R code for possible problems
Result: NOTE
    Invalid MIT-MAGIC-COOKIE-1 key
Flavor: r-release-osx-x86_64-mavericks

Version: 0.5-5
Check: for missing documentation entries
Result: WARN
    Invalid MIT-MAGIC-COOKIE-1 key
    All user-level objects in a package should have documentation entries.
    See chapter ‘Writing R documentation files’ in the ‘Writing R
    Extensions’ manual.
Flavor: r-release-osx-x86_64-mavericks

Version: 0.5-5
Check: for code/documentation mismatches
Result: WARN
    Invalid MIT-MAGIC-COOKIE-1 key
    Invalid MIT-MAGIC-COOKIE-1 key
    Invalid MIT-MAGIC-COOKIE-1 key
Flavor: r-release-osx-x86_64-mavericks

Version: 0.5-5
Check: Rd \usage sections
Result: NOTE
    Invalid MIT-MAGIC-COOKIE-1 key
    The \usage entries for S3 methods should use the \method markup and not
    their full name.
    See chapter ‘Writing R documentation files’ in the ‘Writing R
    Extensions’ manual.
Flavor: r-release-osx-x86_64-mavericks