CRAN Package Check Results for Package pavo

Last updated on 2017-04-29 23:50:37.

Flavor Version Tinstall Tcheck Ttotal Status Flags
r-devel-linux-x86_64-debian-clang 1.0.1 1.41 47.46 48.87 OK
r-devel-linux-x86_64-debian-gcc 1.0.1 1.47 48.13 49.60 OK
r-devel-linux-x86_64-fedora-clang 1.0.1 88.07 OK --no-stop-on-test-error
r-devel-linux-x86_64-fedora-gcc 1.0.1 77.02 OK --no-stop-on-test-error
r-devel-windows-ix86+x86_64 1.0.1 9.00 103.00 112.00 OK
r-patched-linux-x86_64 1.0.1 1.43 42.01 43.44 OK
r-patched-solaris-sparc 1.0.1 454.20 OK
r-patched-solaris-x86 1.0.1 89.00 OK
r-release-linux-x86_64 1.0.1 1.40 43.39 44.78 OK
r-release-windows-ix86+x86_64 1.0.1 13.00 80.00 93.00 OK
r-release-osx-x86_64 1.0.1 ERROR
r-oldrel-windows-ix86+x86_64 1.0.1 11.00 85.00 96.00 OK
r-oldrel-osx-x86_64 1.0.1 OK

Check Details

Version: 1.0.1
Check: package dependencies
Result: ERROR
    Package required but not available: ‘rcdd’
    
    See section ‘The DESCRIPTION file’ in the ‘Writing R Extensions’
    manual.
Flavor: r-release-osx-x86_64