CRAN Package Check Results for Package pawacc

Last updated on 2015-05-25 19:47:17.

Flavor Version Tinstall Tcheck Ttotal Status Flags
r-devel-linux-x86_64-debian-clang 1.2.1 1.38 17.38 18.76 NOTE
r-devel-linux-x86_64-debian-gcc 1.2.1 1.01 17.86 18.87 NOTE
r-devel-linux-x86_64-fedora-clang 1.2.1 34.56 NOTE
r-devel-linux-x86_64-fedora-gcc 1.2.1 32.80 NOTE
r-devel-osx-x86_64-clang 1.2.1 38.17 NOTE
r-devel-windows-ix86+x86_64 1.2.1 4.00 31.00 35.00 NOTE
r-patched-linux-x86_64 1.2.1 0.98 17.41 18.39 NOTE
r-patched-solaris-sparc 1.2.1 227.10 NOTE
r-patched-solaris-x86 1.2.1 51.30 NOTE
r-release-linux-x86_64 1.2.1 0.96 17.00 17.96 NOTE
r-release-osx-x86_64-mavericks 1.2.1 NOTE
r-release-osx-x86_64-snowleopard 1.2.1 NOTE
r-release-windows-ix86+x86_64 1.2.1 3.00 36.00 39.00 NOTE
r-oldrel-windows-ix86+x86_64 1.2.1 6.00 31.00 37.00 OK

Check Details

Version: 1.2.1
Check: DESCRIPTION meta-information
Result: NOTE
    Malformed Description field: should contain one or more complete sentences.
Flavors: r-devel-linux-x86_64-debian-clang, r-devel-linux-x86_64-debian-gcc, r-devel-linux-x86_64-fedora-clang, r-devel-linux-x86_64-fedora-gcc, r-devel-osx-x86_64-clang, r-devel-windows-ix86+x86_64, r-patched-linux-x86_64, r-patched-solaris-sparc, r-patched-solaris-x86, r-release-linux-x86_64, r-release-osx-x86_64-mavericks, r-release-osx-x86_64-snowleopard, r-release-windows-ix86+x86_64

Version: 1.2.1
Check: S3 generic/method consistency
Result: NOTE
    Found the following apparent S3 methods exported but not registered:
     plot.gt1m plot.gt3x print.accfile print.acclist
    See section ‘Registering S3 methods’ in the ‘Writing R Extensions’
    manual.
Flavors: r-devel-linux-x86_64-debian-clang, r-devel-linux-x86_64-debian-gcc, r-devel-linux-x86_64-fedora-clang, r-devel-linux-x86_64-fedora-gcc, r-devel-osx-x86_64-clang, r-patched-linux-x86_64, r-patched-solaris-sparc, r-patched-solaris-x86, r-release-linux-x86_64