CRAN Package Check Results for Package pawacc

Last updated on 2015-01-27 21:48:02.

Flavor Version Tinstall Tcheck Ttotal Status Flags
r-devel-linux-x86_64-debian-clang 1.2.1 1.40 17.18 18.58 NOTE
r-devel-linux-x86_64-debian-gcc 1.2.1 1.27 17.17 18.44 NOTE
r-devel-linux-x86_64-fedora-clang 1.2.1 40.46 NOTE
r-devel-linux-x86_64-fedora-gcc 1.2.1 38.43 NOTE
r-devel-osx-x86_64-clang 1.2.1 42.03 NOTE
r-devel-windows-ix86+x86_64 1.2.1 5.00 33.00 38.00 OK
r-patched-linux-x86_64 1.2.1 1.11 18.25 19.36 OK
r-patched-solaris-sparc 1.2.1 232.50 OK
r-patched-solaris-x86 1.2.1 55.70 OK
r-release-linux-ix86 1.2.1 1.37 25.41 26.78 OK
r-release-linux-x86_64 1.2.1 1.07 18.47 19.54 OK
r-release-osx-x86_64-mavericks 1.2.1 OK
r-release-osx-x86_64-snowleopard 1.2.1 OK
r-release-windows-ix86+x86_64 1.2.1 4.00 33.00 37.00 OK
r-oldrel-windows-ix86+x86_64 1.2.1 4.00 31.00 35.00 OK

Check Details

Version: 1.2.1
Check: S3 generic/method consistency
Result: NOTE
    Found the following apparent S3 methods exported but not registered:
     print.accfile print.acclist plot.gt1m plot.gt3x
    See section ‘Registering S3 methods’ in the ‘Writing R Extensions’
    manual.
Flavors: r-devel-linux-x86_64-debian-clang, r-devel-linux-x86_64-debian-gcc, r-devel-linux-x86_64-fedora-clang, r-devel-linux-x86_64-fedora-gcc, r-devel-osx-x86_64-clang