CRAN Package Check Results for Package pawacc

Last updated on 2015-08-30 23:47:51.

Flavor Version Tinstall Tcheck Ttotal Status Flags
r-devel-linux-x86_64-debian-clang 1.2.1 0.90 17.40 18.30 NOTE
r-devel-linux-x86_64-debian-gcc 1.2.1 0.89 16.35 17.24 NOTE
r-devel-linux-x86_64-fedora-clang 1.2.1 32.62 NOTE
r-devel-linux-x86_64-fedora-gcc 1.2.1 31.62 NOTE
r-devel-osx-x86_64-clang 1.2.1 34.80 NOTE
r-devel-windows-ix86+x86_64 1.2.1 6.00 35.00 41.00 NOTE
r-patched-linux-x86_64 1.2.1 1.03 16.82 17.85 NOTE
r-patched-solaris-sparc 1.2.1 235.90 NOTE
r-patched-solaris-x86 1.2.1 52.60 NOTE
r-release-linux-x86_64 1.2.1 0.99 17.21 18.20 NOTE
r-release-osx-x86_64-mavericks 1.2.1 NOTE
r-release-windows-ix86+x86_64 1.2.1 6.00 29.00 35.00 NOTE
r-oldrel-windows-ix86+x86_64 1.2.1 6.00 36.00 42.00 OK

Check Details

Version: 1.2.1
Check: DESCRIPTION meta-information
Result: NOTE
    Malformed Description field: should contain one or more complete sentences.
Flavors: r-devel-linux-x86_64-debian-clang, r-devel-linux-x86_64-debian-gcc, r-devel-linux-x86_64-fedora-clang, r-devel-linux-x86_64-fedora-gcc, r-devel-osx-x86_64-clang, r-devel-windows-ix86+x86_64, r-patched-linux-x86_64, r-patched-solaris-sparc, r-patched-solaris-x86, r-release-linux-x86_64, r-release-osx-x86_64-mavericks, r-release-windows-ix86+x86_64

Version: 1.2.1
Check: S3 generic/method consistency
Result: NOTE
    Found the following apparent S3 methods exported but not registered:
     plot.gt1m plot.gt3x print.accfile print.acclist
    See section ‘Registering S3 methods’ in the ‘Writing R Extensions’
    manual.
Flavors: r-devel-linux-x86_64-debian-clang, r-devel-linux-x86_64-debian-gcc, r-devel-linux-x86_64-fedora-clang, r-devel-linux-x86_64-fedora-gcc, r-devel-osx-x86_64-clang, r-patched-linux-x86_64, r-patched-solaris-sparc, r-patched-solaris-x86, r-release-linux-x86_64

Version: 1.2.1
Check: R code for possible problems
Result: NOTE
    .onAttach: no visible global function definition for
     ‘packageDescription’
    collapse.accfile: no visible global function definition for ‘aggregate’
    collapse.accfile: no visible global function definition for ‘xtabs’
    fun.collapse : <anonymous>: no visible global function definition for
     ‘median’
    fun.collapse : <anonymous>: no visible global function definition for
     ‘sd’
    markbouts.accfile: no visible global function definition for ‘xtabs’
    plot.gt1m: no visible global function definition for ‘plot.default’
    plot.gt3x: no visible global function definition for ‘plot.default’
    Undefined global functions or variables:
     aggregate median packageDescription plot.default sd xtabs
    Consider adding
     importFrom("graphics", "plot.default")
     importFrom("stats", "aggregate", "median", "sd", "xtabs")
     importFrom("utils", "packageDescription")
    to your NAMESPACE.
Flavors: r-devel-linux-x86_64-debian-clang, r-devel-linux-x86_64-debian-gcc, r-devel-linux-x86_64-fedora-clang, r-devel-linux-x86_64-fedora-gcc

Version: 1.2.1
Check: R code for possible problems
Result: NOTE
    .onAttach: no visible global function definition for
     'packageDescription'
    collapse.accfile: no visible global function definition for 'aggregate'
    collapse.accfile: no visible global function definition for 'xtabs'
    fun.collapse : <anonymous>: no visible global function definition for
     'median'
    fun.collapse : <anonymous>: no visible global function definition for
     'sd'
    gt1mAccDir: no visible global function definition for 'winProgressBar'
    gt1mAccDir: no visible global function definition for
     'setWinProgressBar'
    gt3xAccDir: no visible global function definition for 'winProgressBar'
    gt3xAccDir: no visible global function definition for
     'setWinProgressBar'
    markbouts.accfile: no visible global function definition for 'xtabs'
    markbouts.acclist: no visible global function definition for
     'winProgressBar'
    markbouts.acclist: no visible global function definition for
     'setWinProgressBar'
    markpa.acclist: no visible global function definition for
     'winProgressBar'
    markpa.acclist: no visible global function definition for
     'setWinProgressBar'
    markwear.acclist: no visible global function definition for
     'winProgressBar'
    markwear.acclist: no visible global function definition for
     'setWinProgressBar'
    plot.gt1m: no visible global function definition for 'plot.default'
    plot.gt3x: no visible global function definition for 'plot.default'
    Undefined global functions or variables:
     aggregate median packageDescription plot.default sd setWinProgressBar
     winProgressBar xtabs
    Consider adding
     importFrom("graphics", "plot.default")
     importFrom("stats", "aggregate", "median", "sd", "xtabs")
     importFrom("utils", "packageDescription", "setWinProgressBar",
     "winProgressBar")
    to your NAMESPACE.
Flavor: r-devel-windows-ix86+x86_64