CRAN Package Check Results for Package pawacc

Last updated on 2015-04-01 03:49:23.

Flavor Version Tinstall Tcheck Ttotal Status Flags
r-devel-linux-x86_64-debian-clang 1.2.1 1.08 17.41 18.48 NOTE
r-devel-linux-x86_64-debian-gcc 1.2.1 0.96 16.84 17.80 NOTE
r-devel-linux-x86_64-fedora-clang 1.2.1 34.91 NOTE
r-devel-linux-x86_64-fedora-gcc 1.2.1 35.97 NOTE
r-devel-osx-x86_64-clang 1.2.1 42.21 NOTE
r-prerel-windows-ix86+x86_64 1.2.1 6.00 30.00 36.00 NOTE
r-prerel-linux-x86_64 1.2.1 0.96 16.92 17.88 NOTE
r-prerel-solaris-sparc 1.2.1 238.60 NOTE
r-prerel-solaris-x86 1.2.1 49.00 NOTE
r-release-linux-x86_64 1.2.1 1.32 18.74 20.06 OK
r-release-osx-x86_64-mavericks 1.2.1 OK
r-release-osx-x86_64-snowleopard 1.2.1 OK
r-release-windows-ix86+x86_64 1.2.1 6.00 31.00 37.00 OK
r-oldrel-windows-ix86+x86_64 1.2.1 4.00 31.00 35.00 OK

Check Details

Version: 1.2.1
Check: DESCRIPTION meta-information
Result: NOTE
    Malformed Description field: should contain one or more complete sentences.
Flavors: r-devel-linux-x86_64-debian-clang, r-devel-linux-x86_64-debian-gcc, r-devel-linux-x86_64-fedora-clang, r-devel-linux-x86_64-fedora-gcc, r-devel-osx-x86_64-clang, r-prerel-windows-ix86+x86_64, r-prerel-linux-x86_64, r-prerel-solaris-sparc, r-prerel-solaris-x86

Version: 1.2.1
Check: S3 generic/method consistency
Result: NOTE
    Found the following apparent S3 methods exported but not registered:
     plot.gt1m plot.gt3x print.accfile print.acclist
    See section ‘Registering S3 methods’ in the ‘Writing R Extensions’
    manual.
Flavors: r-devel-linux-x86_64-debian-clang, r-devel-linux-x86_64-debian-gcc, r-devel-linux-x86_64-fedora-clang, r-devel-linux-x86_64-fedora-gcc, r-devel-osx-x86_64-clang, r-prerel-linux-x86_64