CRAN Package Check Results for Package paws.security.identity

Last updated on 2024-02-27 07:54:55 CET.

Flavor Version Tinstall Tcheck Ttotal Status Flags
r-devel-linux-x86_64-debian-clang 0.5.0 141.90 376.27 518.17 OK
r-devel-linux-x86_64-debian-gcc 0.5.0 124.61 281.25 405.86 OK
r-devel-linux-x86_64-fedora-clang 0.5.0 655.76 NOTE
r-devel-linux-x86_64-fedora-gcc 0.5.0 620.45 OK
r-devel-windows-x86_64 0.5.0 121.00 476.00 597.00 NOTE
r-patched-linux-x86_64 0.5.0 204.11 360.74 564.85 OK
r-release-linux-x86_64 0.5.0 133.97 363.90 497.87 OK
r-release-macos-arm64 0.5.0 147.00 NOTE
r-release-macos-x86_64 0.5.0 289.00 NOTE
r-release-windows-x86_64 0.5.0 168.00 546.00 714.00 NOTE
r-oldrel-macos-arm64 0.5.0 120.00 NOTE
r-oldrel-windows-x86_64 0.5.0 172.00 205.00 377.00 NOTE

Check Details

Version: 0.5.0
Check: installed package size
Result: NOTE installed size is 6.4Mb sub-directories of 1Mb or more: R 2.8Mb help 3.4Mb Flavors: r-devel-linux-x86_64-fedora-clang, r-devel-windows-x86_64, r-release-macos-arm64, r-release-macos-x86_64, r-release-windows-x86_64, r-oldrel-macos-arm64, r-oldrel-windows-x86_64