CRAN Package Check Results for Package pbapply

Last updated on 2016-06-28 00:47:08.

Flavor Version Tinstall Tcheck Ttotal Status Flags
r-devel-linux-x86_64-debian-gcc 1.2-1 2.70 35.67 38.37 OK
r-devel-linux-x86_64-fedora-clang 1.2-1 22.01 OK
r-devel-linux-x86_64-fedora-gcc 1.2-1 19.87 OK
r-devel-osx-x86_64-clang 1.2-1 19.45 OK
r-devel-windows-ix86+x86_64 1.2-1 5.00 53.00 58.00 OK
r-patched-linux-x86_64 1.2-1 2.62 36.10 38.72 OK
r-patched-solaris-sparc 1.2-1 136.60 OK
r-patched-solaris-x86 1.2-1 30.20 OK
r-release-linux-x86_64 1.2-1 0.64 35.32 35.96 OK
r-release-osx-x86_64-mavericks 1.2-1 NOTE
r-release-windows-ix86+x86_64 1.2-1 4.00 61.00 65.00 OK
r-oldrel-windows-ix86+x86_64 1.2-1 2.00 55.00 57.00 OK

Check Details

Version: 1.2-1
Check: dependencies in R code
Result: NOTE
    Invalid MIT-MAGIC-COOKIE-1 key
Flavor: r-release-osx-x86_64-mavericks