CRAN Package Check Results for Package pbapply

Last updated on 2016-07-25 23:48:12.

Flavor Version Tinstall Tcheck Ttotal Status Flags
r-devel-linux-x86_64-debian-clang 1.2-1 8.84 37.69 46.53 OK
r-devel-linux-x86_64-debian-gcc 1.2-1 2.58 37.60 40.18 OK
r-devel-linux-x86_64-fedora-clang 1.2-1 21.27 OK
r-devel-linux-x86_64-fedora-gcc 1.2-1 20.01 OK
r-devel-osx-x86_64-clang 1.2-1 19.80 OK
r-devel-windows-ix86+x86_64 1.2-1 3.00 52.00 55.00 OK
r-patched-linux-x86_64 1.2-1 0.65 37.61 38.27 OK
r-patched-solaris-sparc 1.2-1 136.60 OK
r-patched-solaris-x86 1.2-1 29.30 OK
r-release-linux-x86_64 1.2-1 0.68 37.75 38.43 OK
r-release-osx-x86_64-mavericks 1.2-1 NOTE
r-release-windows-ix86+x86_64 1.2-1 4.00 61.00 65.00 OK
r-oldrel-windows-ix86+x86_64 1.2-1 2.00 55.00 57.00 OK

Check Details

Version: 1.2-1
Check: dependencies in R code
Result: NOTE
    Invalid MIT-MAGIC-COOKIE-1 key
Flavor: r-release-osx-x86_64-mavericks