CRAN Package Check Results for Package pbdBASE

Last updated on 2016-02-14 21:47:10.

Flavor Version Tinstall Tcheck Ttotal Status Flags
r-devel-linux-x86_64-debian-gcc 0.4-3 7.79 22.45 30.24 OK
r-devel-linux-x86_64-fedora-clang 0.4-3 46.68 OK
r-devel-linux-x86_64-fedora-gcc 0.4-3 44.48 OK
r-devel-osx-x86_64-clang 0.4-3 59.05 OK
r-devel-windows-ix86+x86_64 0.4-3 97.00 60.00 157.00 NOTE
r-patched-linux-x86_64 0.4-3 7.93 22.99 30.92 OK
r-patched-solaris-sparc 0.4-3 280.00 OK
r-patched-solaris-x86 0.4-3 71.00 OK
r-release-linux-x86_64 0.4-3 8.03 22.32 30.36 OK
r-release-osx-x86_64-mavericks 0.4-3 ERROR
r-release-windows-ix86+x86_64 0.4-3 73.00 75.00 148.00 OK
r-oldrel-windows-ix86+x86_64 0.4-3 87.00 70.00 157.00 OK

Check Details

Version: 0.4-3
Check: R code for possible problems
Result: NOTE
    get.conf: no visible global function definition for 'shortPathName'
    Undefined global functions or variables:
     shortPathName
    Consider adding
     importFrom("utils", "shortPathName")
    to your NAMESPACE file.
Flavor: r-devel-windows-ix86+x86_64

Version: 0.4-3
Check: package dependencies
Result: ERROR
    Packages required but not available: ‘pbdMPI’ ‘pbdSLAP’
    
    See section ‘The DESCRIPTION file’ in the ‘Writing R Extensions’
    manual.
Flavor: r-release-osx-x86_64-mavericks