CRAN Package Check Results for Package pbdBASE

Last updated on 2017-04-27 23:50:06.

Flavor Version Tinstall Tcheck Ttotal Status Flags
r-devel-linux-x86_64-debian-clang 0.4-5 9.34 28.05 37.39 NOTE
r-devel-linux-x86_64-debian-gcc 0.4-5 8.89 28.04 36.93 NOTE
r-devel-linux-x86_64-fedora-clang 0.4-5 61.74 NOTE --no-stop-on-test-error
r-devel-linux-x86_64-fedora-gcc 0.4-5 53.57 NOTE --no-stop-on-test-error
r-devel-windows-ix86+x86_64 0.4-5 106.00 63.00 169.00 OK
r-patched-linux-x86_64 0.4-5 8.44 28.41 36.85 NOTE
r-patched-solaris-sparc 0.4-5 357.60 OK
r-patched-solaris-x86 0.4-5 72.80 OK
r-release-linux-x86_64 0.4-5 8.67 28.42 37.09 NOTE
r-release-windows-ix86+x86_64 0.4-5 81.00 58.00 139.00 OK
r-release-osx-x86_64 0.4-5 ERROR
r-oldrel-windows-ix86+x86_64 0.4-5 49.00 49.00 98.00 OK
r-oldrel-osx-x86_64 0.4-5 ERROR

Check Details

Version: 0.4-5
Check: compiled code
Result: NOTE
    File ‘pbdBASE/libs/pbdBASE.so’:
     Found no calls to: ‘R_registerRoutines’, ‘R_useDynamicSymbols’
    
    It is good practice to register native routines and to disable symbol
    search.
    
    See ‘Writing portable packages’ in the ‘Writing R Extensions’ manual.
Flavors: r-devel-linux-x86_64-debian-clang, r-devel-linux-x86_64-debian-gcc, r-patched-linux-x86_64, r-release-linux-x86_64

Version: 0.4-5
Flags: --no-stop-on-test-error
Check: compiled code
Result: NOTE
    File ‘pbdBASE/libs/pbdBASE.so’:
     Found no calls to: ‘R_registerRoutines’, ‘R_useDynamicSymbols’
    
    It is good practice to register native routines and to disable symbol
    search.
    
    See ‘Writing portable packages’ in the ‘Writing R Extensions’ manual.
Flavors: r-devel-linux-x86_64-fedora-clang, r-devel-linux-x86_64-fedora-gcc

Version: 0.4-5
Check: package dependencies
Result: ERROR
    Packages required but not available: ‘pbdMPI’ ‘pbdSLAP’
    
    See section ‘The DESCRIPTION file’ in the ‘Writing R Extensions’
    manual.
Flavors: r-release-osx-x86_64, r-oldrel-osx-x86_64