CRAN Package Check Results for Package pbdBASE

Last updated on 2017-01-20 19:47:13.

Flavor Version Tinstall Tcheck Ttotal Status Flags
r-devel-linux-x86_64-debian-clang 0.4-5 9.08 28.54 37.62 OK
r-devel-linux-x86_64-debian-gcc 0.4-5 9.32 28.20 37.51 OK
r-devel-linux-x86_64-fedora-clang 0.4-5 53.48 OK --no-stop-on-test-error
r-devel-linux-x86_64-fedora-gcc 0.4-5 53.17 OK --no-stop-on-test-error
r-devel-macos-x86_64-clang 0.4-5 47.06 OK --no-stop-on-test-error
r-devel-windows-ix86+x86_64 0.4-5 88.00 69.00 157.00 OK
r-patched-linux-x86_64 0.4-5 7.97 27.65 35.62 OK
r-patched-solaris-sparc 0.4-5 300.40 OK
r-patched-solaris-x86 0.4-5 63.10 OK
r-release-linux-x86_64 0.4-5 7.83 27.77 35.61 OK
r-release-osx-x86_64-mavericks 0.4-5 ERROR
r-release-windows-ix86+x86_64 0.4-5 49.00 49.00 98.00 OK
r-oldrel-windows-ix86+x86_64 0.4-5 34.00 3.00 37.00 ERROR

Check Details

Version: 0.4-5
Check: package dependencies
Result: ERROR
    Packages required but not available: ‘pbdMPI’ ‘pbdSLAP’
    
    See section ‘The DESCRIPTION file’ in the ‘Writing R Extensions’
    manual.
Flavor: r-release-osx-x86_64-mavericks

Version: 0.4-5
Check: whether package can be installed
Result: ERROR
    Installation failed.
Flavor: r-oldrel-windows-ix86+x86_64