CRAN Package Check Results for Package pbdBASE

Last updated on 2016-09-27 16:47:52.

Flavor Version Tinstall Tcheck Ttotal Status Flags
r-devel-linux-x86_64-debian-clang 0.4-3 8.27 23.59 31.86 WARN
r-devel-linux-x86_64-debian-gcc 0.4-3 8.90 24.86 33.76 WARN
r-devel-linux-x86_64-fedora-clang 0.4-3 49.04 WARN
r-devel-linux-x86_64-fedora-gcc 0.4-3 46.28 WARN
r-devel-macos-x86_64-clang 0.4-3 42.39 WARN
r-devel-windows-ix86+x86_64 0.4-3 168.00 75.00 243.00 WARN
r-patched-linux-x86_64 0.4-3 7.68 23.12 30.80 WARN
r-patched-solaris-sparc 0.4-3 291.10 WARN
r-patched-solaris-x86 0.4-3 60.20 WARN
r-release-linux-x86_64 0.4-3 8.05 24.92 32.97 OK
r-release-osx-x86_64-mavericks 0.4-3 ERROR
r-release-windows-ix86+x86_64 0.4-3 100.00 64.00 164.00 NOTE
r-oldrel-windows-ix86+x86_64 0.4-3 73.00 75.00 148.00 OK

Check Details

Version: 0.4-3
Check: compilation flags in Makevars
Result: WARN
    Non-portable flags in variable 'PKG_CFLAGS':
     -w
    Non-portable flags in variable 'PKG_FFLAGS':
     -w
    Non-portable flags in variable 'PKG_FCFLAGS':
     -w
Flavors: r-devel-linux-x86_64-debian-clang, r-devel-linux-x86_64-debian-gcc, r-devel-linux-x86_64-fedora-clang, r-devel-linux-x86_64-fedora-gcc, r-devel-macos-x86_64-clang, r-devel-windows-ix86+x86_64, r-patched-linux-x86_64, r-patched-solaris-sparc, r-patched-solaris-x86

Version: 0.4-3
Check: files in ‘vignettes’
Result: WARN
    Files in the 'vignettes' directory newer than same file in 'inst/doc':
     ‘pbdBASE-guide.Rnw’
Flavors: r-devel-linux-x86_64-debian-clang, r-devel-linux-x86_64-debian-gcc, r-devel-linux-x86_64-fedora-clang, r-devel-linux-x86_64-fedora-gcc, r-devel-macos-x86_64-clang, r-devel-windows-ix86+x86_64

Version: 0.4-3
Check: R code for possible problems
Result: NOTE
    get.conf: no visible global function definition for 'shortPathName'
    Undefined global functions or variables:
     shortPathName
    Consider adding
     importFrom("utils", "shortPathName")
    to your NAMESPACE file.
Flavors: r-devel-windows-ix86+x86_64, r-release-windows-ix86+x86_64

Version: 0.4-3
Check: package dependencies
Result: ERROR
    Packages required but not available: ‘pbdMPI’ ‘pbdSLAP’
    
    See section ‘The DESCRIPTION file’ in the ‘Writing R Extensions’
    manual.
Flavor: r-release-osx-x86_64-mavericks