CRAN Package Check Results for Package pbdBASE

Last updated on 2016-12-06 06:47:59.

Flavor Version Tinstall Tcheck Ttotal Status Flags
r-devel-linux-x86_64-debian-clang 0.4-5 9.05 29.01 38.05 OK
r-devel-linux-x86_64-debian-gcc 0.4-5 8.91 28.54 37.45 OK
r-devel-linux-x86_64-fedora-clang 0.4-5 55.79 OK --no-stop-on-test-error
r-devel-linux-x86_64-fedora-gcc 0.4-5 54.83 OK --no-stop-on-test-error
r-devel-macos-x86_64-clang 0.4-5 49.38 OK
r-devel-windows-ix86+x86_64 0.4-5 93.00 51.00 144.00 OK
r-patched-linux-x86_64 0.4-5 8.96 27.74 36.69 OK
r-patched-solaris-sparc 0.4-5 290.20 OK
r-patched-solaris-x86 0.4-5 60.40 OK
r-release-linux-x86_64 0.4-5 9.02 26.66 35.69 OK
r-release-osx-x86_64-mavericks 0.4-5 ERROR
r-release-windows-ix86+x86_64 0.4-5 55.00 55.00 110.00 OK
r-oldrel-windows-ix86+x86_64 0.4-5 17.00 2.00 19.00 ERROR

Check Details

Version: 0.4-5
Check: package dependencies
Result: ERROR
    Packages required but not available: ‘pbdMPI’ ‘pbdSLAP’
    
    See section ‘The DESCRIPTION file’ in the ‘Writing R Extensions’
    manual.
Flavor: r-release-osx-x86_64-mavericks

Version: 0.4-5
Check: whether package can be installed
Result: ERROR
    Installation failed.
Flavor: r-oldrel-windows-ix86+x86_64