CRAN Package Check Results for Package pbdBASE

Last updated on 2014-07-24 21:48:47.

Flavor Version Tinstall Tcheck Ttotal Status Flags
r-devel-linux-x86_64-debian-clang 0.2-3 5.37 22.35 27.72 OK
r-devel-linux-x86_64-debian-gcc 0.2-3 5.68 22.08 27.76 OK
r-devel-linux-x86_64-fedora-clang 0.2-3 48.78 OK
r-devel-linux-x86_64-fedora-gcc 0.2-3 47.08 OK
r-devel-osx-x86_64-clang 0.2-3 50.83 OK
r-devel-windows-ix86+x86_64 0.2-3 6.00 1.00 7.00 ERROR
r-patched-linux-x86_64 0.2-3 5.78 22.52 28.30 OK
r-patched-solaris-sparc 0.2-3 284.50 WARN
r-patched-solaris-x86 0.2-3 68.00 WARN
r-release-linux-ix86 0.2-3 8.93 29.75 38.68 OK
r-release-linux-x86_64 0.2-3 5.94 24.14 30.08 OK
r-release-osx-x86_64-mavericks 0.2-3 ERROR
r-release-osx-x86_64-snowleopard 0.2-3 OK
r-release-windows-ix86+x86_64 0.2-3 8.00 1.00 9.00 ERROR
r-oldrel-windows-ix86+x86_64 0.2-3 10.00 1.00 11.00 ERROR

Check Details

Version: 0.2-3
Check: whether package can be installed
Result: ERROR
    Installation failed.
    See 'd:/Rcompile/CRANpkg/local/3.2/pbdBASE.Rcheck/00install.out' for details.
Flavor: r-devel-windows-ix86+x86_64

Version: 0.2-3
Check: whether package can be installed
Result: WARNING
    Found the following significant warnings:
     WARNING: Source file "base/util/dmat_make.f" contains no Fortran statements.
     WARNING: Source file "base/util/special.f" contains no Fortran statements.
    See ‘/home/ripley/R/packages/tests32/pbdBASE.Rcheck/00install.out’ for details.
Flavors: r-patched-solaris-sparc, r-patched-solaris-x86

Version: 0.2-3
Check: package dependencies
Result: ERROR
    Packages required but not available: ‘pbdMPI’ ‘pbdSLAP’
    
    See the information on DESCRIPTION files in the chapter ‘Creating R
    packages’ of the ‘Writing R Extensions’ manual.
Flavor: r-release-osx-x86_64-mavericks

Version: 0.2-3
Check: whether package can be installed
Result: ERROR
    Installation failed.
    See 'd:/Rcompile/CRANpkg/local/3.1/pbdBASE.Rcheck/00install.out' for details.
Flavor: r-release-windows-ix86+x86_64

Version: 0.2-3
Check: whether package can be installed
Result: ERROR
    Installation failed.
    See 'd:/Rcompile/CRANpkg/local/3.0/pbdBASE.Rcheck/00install.out' for details.
Flavor: r-oldrel-windows-ix86+x86_64