CRAN Package Check Results for Package pbdBASE

Last updated on 2015-03-31 23:49:39.

Flavor Version Tinstall Tcheck Ttotal Status Flags
r-devel-linux-x86_64-debian-clang 0.2-3 5.42 22.07 27.49 NOTE
r-devel-linux-x86_64-debian-gcc 0.2-3 5.63 21.39 27.02 NOTE
r-devel-linux-x86_64-fedora-clang 0.2-3 44.11 NOTE
r-devel-linux-x86_64-fedora-gcc 0.2-3 45.54 NOTE
r-devel-osx-x86_64-clang 0.2-3 57.16 NOTE
r-prerel-windows-ix86+x86_64 0.2-3 11.00 1.00 12.00 ERROR
r-prerel-linux-x86_64 0.2-3 5.79 20.94 26.73 NOTE
r-prerel-solaris-sparc 0.2-3 281.70 WARN
r-prerel-solaris-x86 0.2-3 61.20 WARN
r-release-linux-x86_64 0.2-3 6.02 24.82 30.84 NOTE
r-release-osx-x86_64-mavericks 0.2-3 ERROR
r-release-osx-x86_64-snowleopard 0.2-3 OK
r-release-windows-ix86+x86_64 0.2-3 11.00 2.00 13.00 ERROR
r-oldrel-windows-ix86+x86_64 0.2-3 10.00 3.00 13.00 ERROR

Check Details

Version: 0.2-3
Check: DESCRIPTION meta-information
Result: NOTE
    NeedsCompilation field must take value ‘yes’ or ‘no’
Flavors: r-devel-linux-x86_64-debian-clang, r-devel-linux-x86_64-debian-gcc, r-devel-linux-x86_64-fedora-clang, r-devel-linux-x86_64-fedora-gcc, r-devel-osx-x86_64-clang, r-prerel-linux-x86_64, r-prerel-solaris-sparc, r-prerel-solaris-x86, r-release-linux-x86_64

Version: 0.2-3
Check: R code for possible problems
Result: NOTE
    base.blacs: no visible binding for global variable ‘.pbdBASEEnv’
    base.blacs_gridinit: no visible binding for global variable
     ‘.pbdBASEEnv’
    base.finalize: no visible binding for global variable ‘.SPMD.CT’
    base.finalize: no visible binding for global variable ‘.pbdBASEEnv’
    base.gridexit: no visible binding for global variable ‘.pbdBASEEnv’
    base.minctxt: no visible binding for global variable ‘.pbdBASEEnv’
    blacs: no visible binding for global variable ‘.pbdBASEEnv’
    blacs_gridinit: no visible binding for global variable ‘.pbdBASEEnv’
    finalize: no visible binding for global variable ‘.SPMD.CT’
    finalize: no visible binding for global variable ‘.pbdBASEEnv’
    gridexit: no visible binding for global variable ‘.pbdBASEEnv’
    minctxt: no visible binding for global variable ‘.pbdBASEEnv’
Flavors: r-devel-linux-x86_64-debian-clang, r-devel-linux-x86_64-debian-gcc, r-devel-linux-x86_64-fedora-clang, r-devel-linux-x86_64-fedora-gcc, r-devel-osx-x86_64-clang, r-prerel-linux-x86_64, r-prerel-solaris-sparc, r-prerel-solaris-x86, r-release-linux-x86_64

Version: 0.2-3
Check: whether package can be installed
Result: ERROR
    Installation failed.
Flavors: r-prerel-windows-ix86+x86_64, r-release-windows-ix86+x86_64, r-oldrel-windows-ix86+x86_64

Version: 0.2-3
Check: whether package can be installed
Result: WARN
    Found the following significant warnings:
     WARNING: Source file "base/util/dmat_make.f" contains no Fortran statements.
     WARNING: Source file "base/util/special.f" contains no Fortran statements.
Flavors: r-prerel-solaris-sparc, r-prerel-solaris-x86

Version: 0.2-3
Check: package dependencies
Result: ERROR
    Packages required but not available: ‘pbdMPI’ ‘pbdSLAP’
    
    See section ‘The DESCRIPTION file’ in the ‘Writing R Extensions’
    manual.
Flavor: r-release-osx-x86_64-mavericks