CRAN Package Check Results for Package pbdBASE

Last updated on 2018-04-23 03:50:43 CEST.

Flavor Version Tinstall Tcheck Ttotal Status Flags
r-devel-linux-x86_64-debian-clang 0.4-5.1 12.35 30.76 43.11 NOTE
r-devel-linux-x86_64-debian-gcc 0.4-5.1 9.43 27.54 36.97 NOTE
r-devel-linux-x86_64-fedora-clang 0.4-5.1 58.34 NOTE
r-devel-linux-x86_64-fedora-gcc 0.4-5.1 55.88 NOTE
r-devel-windows-ix86+x86_64 0.4-5.1 121.00 64.00 185.00 OK
r-devel-osx-x86_64 0.4-5.1 ERROR
r-patched-linux-x86_64 0.4-5.1 11.57 34.43 46.00 NOTE
r-patched-solaris-x86 0.4-5.1 84.30 OK
r-release-linux-x86_64 0.4-5.1 12.57 34.70 47.27 NOTE
r-release-windows-ix86+x86_64 0.4-5.1 146.00 85.00 231.00 OK
r-release-osx-x86_64 0.4-5.1 ERROR
r-oldrel-windows-ix86+x86_64 0.4-5.1 72.00 53.00 125.00 OK

Additional issues

rchk

Check Details

Version: 0.4-5.1
Check: compiled code
Result: NOTE
    File ‘pbdBASE/libs/pbdBASE.so’:
     Found no calls to: ‘R_registerRoutines’, ‘R_useDynamicSymbols’
    
    It is good practice to register native routines and to disable symbol
    search.
    
    See ‘Writing portable packages’ in the ‘Writing R Extensions’ manual.
Flavors: r-devel-linux-x86_64-debian-clang, r-devel-linux-x86_64-debian-gcc, r-devel-linux-x86_64-fedora-clang, r-devel-linux-x86_64-fedora-gcc, r-patched-linux-x86_64, r-release-linux-x86_64

Version: 0.4-5.1
Check: package dependencies
Result: ERROR
    Packages required but not available: ‘pbdMPI’ ‘pbdSLAP’
    
    See section ‘The DESCRIPTION file’ in the ‘Writing R Extensions’
    manual.
Flavors: r-devel-osx-x86_64, r-release-osx-x86_64