CRAN Package Check Results for Package pbdBASE

Last updated on 2015-05-26 11:48:38.

Flavor Version Tinstall Tcheck Ttotal Status Flags
r-devel-linux-x86_64-debian-clang 0.2-3 5.33 21.38 26.72 NOTE
r-devel-linux-x86_64-debian-gcc 0.2-3 5.64 21.10 26.75 NOTE
r-devel-linux-x86_64-fedora-clang 0.2-3 44.01 NOTE
r-devel-linux-x86_64-fedora-gcc 0.2-3 42.83 NOTE
r-devel-osx-x86_64-clang 0.2-3 50.17 NOTE
r-devel-windows-ix86+x86_64 0.2-3 8.00 2.00 10.00 ERROR
r-patched-linux-x86_64 0.2-3 5.65 21.45 27.10 NOTE
r-patched-solaris-sparc 0.2-3 278.50 WARN
r-patched-solaris-x86 0.2-3 63.30 WARN
r-release-linux-x86_64 0.2-3 5.51 20.76 26.27 NOTE
r-release-osx-x86_64-mavericks 0.2-3 ERROR
r-release-osx-x86_64-snowleopard 0.2-3 WARN
r-release-windows-ix86+x86_64 0.2-3 6.00 1.00 7.00 ERROR
r-oldrel-windows-ix86+x86_64 0.2-3 11.00 2.00 13.00 ERROR

Check Details

Version: 0.2-3
Check: DESCRIPTION meta-information
Result: NOTE
    NeedsCompilation field must take value ‘yes’ or ‘no’
Flavors: r-devel-linux-x86_64-debian-clang, r-devel-linux-x86_64-debian-gcc, r-devel-linux-x86_64-fedora-clang, r-devel-linux-x86_64-fedora-gcc, r-devel-osx-x86_64-clang, r-patched-linux-x86_64, r-patched-solaris-sparc, r-patched-solaris-x86, r-release-linux-x86_64, r-release-osx-x86_64-snowleopard

Version: 0.2-3
Check: R code for possible problems
Result: NOTE
    base.blacs: no visible binding for global variable ‘.pbdBASEEnv’
    base.blacs_gridinit: no visible binding for global variable
     ‘.pbdBASEEnv’
    base.finalize: no visible binding for global variable ‘.SPMD.CT’
    base.finalize: no visible binding for global variable ‘.pbdBASEEnv’
    base.gridexit: no visible binding for global variable ‘.pbdBASEEnv’
    base.minctxt: no visible binding for global variable ‘.pbdBASEEnv’
    blacs: no visible binding for global variable ‘.pbdBASEEnv’
    blacs_gridinit: no visible binding for global variable ‘.pbdBASEEnv’
    finalize: no visible binding for global variable ‘.SPMD.CT’
    finalize: no visible binding for global variable ‘.pbdBASEEnv’
    gridexit: no visible binding for global variable ‘.pbdBASEEnv’
    minctxt: no visible binding for global variable ‘.pbdBASEEnv’
Flavors: r-devel-linux-x86_64-debian-clang, r-devel-linux-x86_64-debian-gcc, r-devel-linux-x86_64-fedora-clang, r-devel-linux-x86_64-fedora-gcc, r-devel-osx-x86_64-clang, r-patched-linux-x86_64, r-patched-solaris-sparc, r-patched-solaris-x86, r-release-linux-x86_64

Version: 0.2-3
Check: whether package can be installed
Result: ERROR
    Installation failed.
Flavors: r-devel-windows-ix86+x86_64, r-release-windows-ix86+x86_64, r-oldrel-windows-ix86+x86_64

Version: 0.2-3
Check: whether package can be installed
Result: WARN
    Found the following significant warnings:
     WARNING: Source file "base/util/dmat_make.f" contains no Fortran statements.
     WARNING: Source file "base/util/special.f" contains no Fortran statements.
Flavors: r-patched-solaris-sparc, r-patched-solaris-x86

Version: 0.2-3
Check: package dependencies
Result: ERROR
    Packages required but not available: ‘pbdMPI’ ‘pbdSLAP’
    
    See section ‘The DESCRIPTION file’ in the ‘Writing R Extensions’
    manual.
Flavor: r-release-osx-x86_64-mavericks

Version: 0.2-3
Check: dependencies in R code
Result: NOTE
    [hagal.research.att.com:39938] mca: base: component_find: unable to open mpool sm: file not found (ignored)
    [hagal.research.att.com:39938] mca: base: component_find: unable to open btl sm: file not found (ignored)
    [hagal.research.att.com:39938] mca: base: component_find: unable to open coll sm: file not found (ignored)
    [hagal.research.att.com:39938] mca: base: component_find: unable to open osc pt2pt: file not found (ignored)
Flavor: r-release-osx-x86_64-snowleopard

Version: 0.2-3
Check: S3 generic/method consistency
Result: WARN
    [hagal.research.att.com:40231] mca: base: component_find: unable to open mpool sm: file not found (ignored)
    [hagal.research.att.com:40231] mca: base: component_find: unable to open btl sm: file not found (ignored)
    [hagal.research.att.com:40231] mca: base: component_find: unable to open coll sm: file not found (ignored)
    [hagal.research.att.com:40231] mca: base: component_find: unable to open osc pt2pt: file not found (ignored)
    See section ‘Generic functions and methods’ in the ‘Writing R
    Extensions’ manual.
Flavor: r-release-osx-x86_64-snowleopard

Version: 0.2-3
Check: replacement functions
Result: WARN
    [hagal.research.att.com:41127] mca: base: component_find: unable to open mpool sm: file not found (ignored)
    [hagal.research.att.com:41127] mca: base: component_find: unable to open btl sm: file not found (ignored)
    [hagal.research.att.com:41127] mca: base: component_find: unable to open coll sm: file not found (ignored)
    [hagal.research.att.com:41127] mca: base: component_find: unable to open osc pt2pt: file not found (ignored)
    The argument of a replacement function which corresponds to the right
    hand side must be named ‘value’.
Flavor: r-release-osx-x86_64-snowleopard

Version: 0.2-3
Check: foreign function calls
Result: NOTE
    [hagal.research.att.com:41516] mca: base: component_find: unable to open mpool sm: file not found (ignored)
    [hagal.research.att.com:41516] mca: base: component_find: unable to open btl sm: file not found (ignored)
    [hagal.research.att.com:41516] mca: base: component_find: unable to open coll sm: file not found (ignored)
    [hagal.research.att.com:41516] mca: base: component_find: unable to open osc pt2pt: file not found (ignored)
    See chapter ‘System and foreign language interfaces’ in the ‘Writing R
    Extensions’ manual.
Flavor: r-release-osx-x86_64-snowleopard

Version: 0.2-3
Check: R code for possible problems
Result: NOTE
    [hagal.research.att.com:42650] mca: base: component_find: unable to open mpool sm: file not found (ignored)
    [hagal.research.att.com:42650] mca: base: component_find: unable to open btl sm: file not found (ignored)
    [hagal.research.att.com:42650] mca: base: component_find: unable to open coll sm: file not found (ignored)
    [hagal.research.att.com:42650] mca: base: component_find: unable to open osc pt2pt: file not found (ignored)
    base.blacs: no visible binding for global variable ‘.pbdBASEEnv’
    base.blacs_gridinit: no visible binding for global variable
     ‘.pbdBASEEnv’
    base.finalize: no visible binding for global variable ‘.SPMD.CT’
    base.finalize: no visible binding for global variable ‘.pbdBASEEnv’
    base.gridexit: no visible binding for global variable ‘.pbdBASEEnv’
    base.minctxt: no visible binding for global variable ‘.pbdBASEEnv’
    blacs: no visible binding for global variable ‘.pbdBASEEnv’
    blacs_gridinit: no visible binding for global variable ‘.pbdBASEEnv’
    finalize: no visible binding for global variable ‘.SPMD.CT’
    finalize: no visible binding for global variable ‘.pbdBASEEnv’
    gridexit: no visible binding for global variable ‘.pbdBASEEnv’
    minctxt: no visible binding for global variable ‘.pbdBASEEnv’
Flavor: r-release-osx-x86_64-snowleopard

Version: 0.2-3
Check: for missing documentation entries
Result: WARN
    [hagal.research.att.com:46289] mca: base: component_find: unable to open mpool sm: file not found (ignored)
    [hagal.research.att.com:46289] mca: base: component_find: unable to open btl sm: file not found (ignored)
    [hagal.research.att.com:46289] mca: base: component_find: unable to open coll sm: file not found (ignored)
    [hagal.research.att.com:46289] mca: base: component_find: unable to open osc pt2pt: file not found (ignored)
    All user-level objects in a package should have documentation entries.
    See chapter ‘Writing R documentation files’ in the ‘Writing R
    Extensions’ manual.
Flavor: r-release-osx-x86_64-snowleopard

Version: 0.2-3
Check: for code/documentation mismatches
Result: WARN
    [hagal.research.att.com:46366] mca: base: component_find: unable to open mpool sm: file not found (ignored)
    [hagal.research.att.com:46366] mca: base: component_find: unable to open btl sm: file not found (ignored)
    [hagal.research.att.com:46366] mca: base: component_find: unable to open coll sm: file not found (ignored)
    [hagal.research.att.com:46366] mca: base: component_find: unable to open osc pt2pt: file not found (ignored)
    [hagal.research.att.com:46602] mca: base: component_find: unable to open mpool sm: file not found (ignored)
    [hagal.research.att.com:46602] mca: base: component_find: unable to open btl sm: file not found (ignored)
    [hagal.research.att.com:46602] mca: base: component_find: unable to open coll sm: file not found (ignored)
    [hagal.research.att.com:46602] mca: base: component_find: unable to open osc pt2pt: file not found (ignored)
    [hagal.research.att.com:46689] mca: base: component_find: unable to open mpool sm: file not found (ignored)
    [hagal.research.att.com:46689] mca: base: component_find: unable to open btl sm: file not found (ignored)
    [hagal.research.att.com:46689] mca: base: component_find: unable to open coll sm: file not found (ignored)
    [hagal.research.att.com:46689] mca: base: component_find: unable to open osc pt2pt: file not found (ignored)
Flavor: r-release-osx-x86_64-snowleopard

Version: 0.2-3
Check: Rd \usage sections
Result: NOTE
    [hagal.research.att.com:46922] mca: base: component_find: unable to open mpool sm: file not found (ignored)
    [hagal.research.att.com:46922] mca: base: component_find: unable to open btl sm: file not found (ignored)
    [hagal.research.att.com:46922] mca: base: component_find: unable to open coll sm: file not found (ignored)
    [hagal.research.att.com:46922] mca: base: component_find: unable to open osc pt2pt: file not found (ignored)
    The \usage entries for S3 methods should use the \method markup and not
    their full name.
    See chapter ‘Writing R documentation files’ in the ‘Writing R
    Extensions’ manual.
Flavor: r-release-osx-x86_64-snowleopard