CRAN Package Check Results for Package pbdBASE

Last updated on 2017-02-27 23:03:45.

Flavor Version Tinstall Tcheck Ttotal Status Flags
r-devel-linux-x86_64-debian-clang 0.4-5 8.85 30.23 39.07 NOTE
r-devel-linux-x86_64-debian-gcc 0.4-5 8.76 27.73 36.49 NOTE
r-devel-linux-x86_64-fedora-clang 0.4-5 54.22 NOTE --no-stop-on-test-error
r-devel-linux-x86_64-fedora-gcc 0.4-5 52.37 NOTE --no-stop-on-test-error
r-devel-macos-x86_64-clang 0.4-5 47.50 NOTE --no-stop-on-test-error
r-devel-windows-ix86+x86_64 0.4-5 79.00 153.00 232.00 OK
r-patched-linux-x86_64 0.4-5 8.80 29.55 38.35 OK
r-patched-solaris-sparc 0.4-5 300.40 OK
r-patched-solaris-x86 0.4-5 63.00 OK
r-release-linux-x86_64 0.4-5 7.71 30.19 37.89 OK
r-release-osx-x86_64-mavericks 0.4-5 ERROR
r-release-windows-ix86+x86_64 0.4-5 49.00 49.00 98.00 OK
r-oldrel-windows-ix86+x86_64 0.4-5 34.00 3.00 37.00 ERROR

Check Details

Version: 0.4-5
Check: compiled code
Result: NOTE
    File ‘pbdBASE/libs/pbdBASE.so’:
     Found no calls to: ‘R_registerRoutines’, ‘R_useDynamicSymbols’
    
    It is good practice to register native routines and to disable symbol
    search.
    
    See ‘Writing portable packages’ in the ‘Writing R Extensions’ manual.
Flavors: r-devel-linux-x86_64-debian-clang, r-devel-linux-x86_64-debian-gcc

Version: 0.4-5
Flags: --no-stop-on-test-error
Check: compiled code
Result: NOTE
    File ‘pbdBASE/libs/pbdBASE.so’:
     Found no calls to: ‘R_registerRoutines’, ‘R_useDynamicSymbols’
    
    It is good practice to register native routines and to disable symbol
    search.
    
    See ‘Writing portable packages’ in the ‘Writing R Extensions’ manual.
Flavors: r-devel-linux-x86_64-fedora-clang, r-devel-linux-x86_64-fedora-gcc, r-devel-macos-x86_64-clang

Version: 0.4-5
Check: package dependencies
Result: ERROR
    Packages required but not available: ‘pbdMPI’ ‘pbdSLAP’
    
    See section ‘The DESCRIPTION file’ in the ‘Writing R Extensions’
    manual.
Flavor: r-release-osx-x86_64-mavericks

Version: 0.4-5
Check: whether package can be installed
Result: ERROR
    Installation failed.
Flavor: r-oldrel-windows-ix86+x86_64