CRAN Package Check Results for Package pbdBASE

Last updated on 2017-12-12 20:48:03 CET.

Flavor Version Tinstall Tcheck Ttotal Status Flags
r-devel-linux-x86_64-debian-clang 0.4-5 11.55 32.27 43.82 NOTE
r-devel-linux-x86_64-debian-gcc 0.4-5 9.49 26.34 35.83 NOTE
r-devel-linux-x86_64-fedora-clang 0.4-5 52.73 NOTE
r-devel-windows-ix86+x86_64 0.4-5 102.00 57.00 159.00 OK
r-patched-linux-x86_64 0.4-5 10.44 33.27 43.71 NOTE
r-patched-solaris-x86 0.4-5 74.30 OK
r-release-linux-x86_64 0.4-5 10.23 33.26 43.49 NOTE
r-release-windows-ix86+x86_64 0.4-5 83.00 56.00 139.00 OK
r-release-osx-x86_64 0.4-5 ERROR
r-oldrel-windows-ix86+x86_64 0.4-5 49.00 49.00 98.00 OK
r-oldrel-osx-x86_64 0.4-5 ERROR

Additional issues

rchk

Check Details

Version: 0.4-5
Check: compiled code
Result: NOTE
    File ‘pbdBASE/libs/pbdBASE.so’:
     Found no calls to: ‘R_registerRoutines’, ‘R_useDynamicSymbols’
    
    It is good practice to register native routines and to disable symbol
    search.
    
    See ‘Writing portable packages’ in the ‘Writing R Extensions’ manual.
Flavors: r-devel-linux-x86_64-debian-clang, r-devel-linux-x86_64-debian-gcc, r-devel-linux-x86_64-fedora-clang, r-patched-linux-x86_64, r-release-linux-x86_64

Version: 0.4-5
Check: package dependencies
Result: ERROR
    Packages required but not available: ‘pbdMPI’ ‘pbdSLAP’
    
    See section ‘The DESCRIPTION file’ in the ‘Writing R Extensions’
    manual.
Flavors: r-release-osx-x86_64, r-oldrel-osx-x86_64