CRAN Package Check Results for Package pbdBASE

Last updated on 2014-08-23 18:47:37.

Flavor Version Tinstall Tcheck Ttotal Status Flags
r-devel-linux-x86_64-debian-clang 0.2-3 5.42 21.11 26.53 NOTE
r-devel-linux-x86_64-debian-gcc 0.2-3 5.57 20.80 26.36 NOTE
r-devel-linux-x86_64-fedora-clang 0.2-3 47.07 NOTE
r-devel-linux-x86_64-fedora-gcc 0.2-3 44.77 NOTE
r-devel-osx-x86_64-clang 0.2-3 50.32 NOTE
r-devel-windows-ix86+x86_64 0.2-3 7.00 1.00 8.00 ERROR
r-patched-linux-x86_64 0.2-3 5.69 21.58 27.27 OK
r-patched-solaris-sparc 0.2-3 270.50 WARN
r-patched-solaris-x86 0.2-3 69.20 WARN
r-release-linux-ix86 0.2-3 9.11 30.02 39.13 OK
r-release-linux-x86_64 0.2-3 5.96 21.88 27.84 OK
r-release-osx-x86_64-mavericks 0.2-3 ERROR
r-release-osx-x86_64-snowleopard 0.2-3 OK
r-release-windows-ix86+x86_64 0.2-3 8.00 1.00 9.00 ERROR
r-oldrel-windows-ix86+x86_64 0.2-3 10.00 1.00 11.00 ERROR

Check Details

Version: 0.2-3
Check: R code for possible problems
Result: NOTE
    base.blacs: no visible binding for global variable ‘.pbdBASEEnv’
    base.blacs_gridinit: no visible binding for global variable
     ‘.pbdBASEEnv’
    base.finalize: no visible binding for global variable ‘.SPMD.CT’
    base.finalize: no visible binding for global variable ‘.pbdBASEEnv’
    base.gridexit: no visible binding for global variable ‘.pbdBASEEnv’
    base.minctxt: no visible binding for global variable ‘.pbdBASEEnv’
    blacs: no visible binding for global variable ‘.pbdBASEEnv’
    blacs_gridinit: no visible binding for global variable ‘.pbdBASEEnv’
    finalize: no visible binding for global variable ‘.SPMD.CT’
    finalize: no visible binding for global variable ‘.pbdBASEEnv’
    gridexit: no visible binding for global variable ‘.pbdBASEEnv’
    minctxt: no visible binding for global variable ‘.pbdBASEEnv’
Flavors: r-devel-linux-x86_64-debian-clang, r-devel-linux-x86_64-debian-gcc, r-devel-linux-x86_64-fedora-clang, r-devel-linux-x86_64-fedora-gcc, r-devel-osx-x86_64-clang

Version: 0.2-3
Check: whether package can be installed
Result: ERROR
    Installation failed.
Flavors: r-devel-windows-ix86+x86_64, r-release-windows-ix86+x86_64, r-oldrel-windows-ix86+x86_64

Version: 0.2-3
Check: whether package can be installed
Result: WARN
    Found the following significant warnings:
     WARNING: Source file "base/util/dmat_make.f" contains no Fortran statements.
     WARNING: Source file "base/util/special.f" contains no Fortran statements.
Flavors: r-patched-solaris-sparc, r-patched-solaris-x86

Version: 0.2-3
Check: package dependencies
Result: ERROR
    Packages required but not available: ‘pbdMPI’ ‘pbdSLAP’
    
    See the information on DESCRIPTION files in the chapter ‘Creating R
    packages’ of the ‘Writing R Extensions’ manual.
Flavor: r-release-osx-x86_64-mavericks