CRAN Package Check Results for Package pbdBASE

Last updated on 2016-07-31 02:47:15.

Flavor Version Tinstall Tcheck Ttotal Status Flags
r-devel-linux-x86_64-debian-clang 0.4-3 8.13 23.85 31.98 OK
r-devel-linux-x86_64-debian-gcc 0.4-3 8.04 23.26 31.30 OK
r-devel-linux-x86_64-fedora-clang 0.4-3 46.95 OK
r-devel-linux-x86_64-fedora-gcc 0.4-3 44.26 OK
r-devel-osx-x86_64-clang 0.4-3 42.55 OK
r-devel-windows-ix86+x86_64 0.4-3 50.00 53.00 103.00 NOTE
r-patched-linux-x86_64 0.4-3 7.77 23.30 31.07 OK
r-patched-solaris-sparc 0.4-3 291.30 OK
r-patched-solaris-x86 0.4-3 61.60 OK
r-release-linux-x86_64 0.4-3 9.93 26.58 36.51 OK
r-release-osx-x86_64-mavericks 0.4-3 ERROR
r-release-windows-ix86+x86_64 0.4-3 54.00 60.00 114.00 NOTE
r-oldrel-windows-ix86+x86_64 0.4-3 73.00 75.00 148.00 OK

Check Details

Version: 0.4-3
Check: R code for possible problems
Result: NOTE
    get.conf: no visible global function definition for 'shortPathName'
    Undefined global functions or variables:
     shortPathName
    Consider adding
     importFrom("utils", "shortPathName")
    to your NAMESPACE file.
Flavors: r-devel-windows-ix86+x86_64, r-release-windows-ix86+x86_64

Version: 0.4-3
Check: package dependencies
Result: ERROR
    Packages required but not available: ‘pbdMPI’ ‘pbdSLAP’
    
    See section ‘The DESCRIPTION file’ in the ‘Writing R Extensions’
    manual.
Flavor: r-release-osx-x86_64-mavericks