CRAN Package Check Results for Package pbdBASE

Last updated on 2014-04-24 07:52:33.

Flavor Version Tinstall Tcheck Ttotal Status Flags
r-devel-linux-x86_64-debian-clang 0.2-3 5.89 24.62 30.52 OK
r-devel-linux-x86_64-debian-gcc 0.2-3 5.97 24.88 30.85 OK
r-devel-linux-x86_64-fedora-clang 0.2-3 48.92 OK
r-devel-linux-x86_64-fedora-gcc 0.2-3 48.95 OK
r-devel-osx-x86_64-clang 0.2-3 52.90 OK
r-devel-osx-x86_64-gcc 0.2-3 OK
r-patched-linux-x86_64 0.2-3 5.98 24.65 30.63 OK
r-patched-solaris-sparc 0.2-3 284.50 WARN
r-patched-solaris-x86 0.2-3 69.70 WARN
r-release-linux-ix86 0.2-3 13.00 42.00 55.00 OK
r-release-linux-x86_64 0.2-3 5.88 24.76 30.63 OK
r-release-osx-x86_64-mavericks 0.2-3 ERROR
r-release-osx-x86_64-snowleopard 0.2-3 OK

Check Details

Version: 0.2-3
Check: whether package can be installed
Result: WARNING
    Found the following significant warnings:
     WARNING: Source file "base/util/dmat_make.f" contains no Fortran statements.
     WARNING: Source file "base/util/special.f" contains no Fortran statements.
    See ‘/home/ripley/R/packages/tests32/pbdBASE.Rcheck/00install.out’ for details.
Flavors: r-patched-solaris-sparc, r-patched-solaris-x86

Version: 0.2-3
Check: package dependencies
Result: ERROR
    Packages required but not available: ‘pbdMPI’ ‘pbdSLAP’
    
    See the information on DESCRIPTION files in the chapter ‘Creating R
    packages’ of the ‘Writing R Extensions’ manual.
Flavor: r-release-osx-x86_64-mavericks