CRAN Package Check Results for Package pbdBASE

Last updated on 2014-10-22 13:48:45.

Flavor Version Tinstall Tcheck Ttotal Status Flags
r-devel-linux-x86_64-debian-clang 0.2-3 5.53 23.14 28.68 NOTE
r-devel-linux-x86_64-debian-gcc 0.2-3 5.72 23.03 28.75 NOTE
r-devel-linux-x86_64-fedora-clang 0.2-3 48.12 NOTE
r-devel-linux-x86_64-fedora-gcc 0.2-3 46.07 NOTE
r-devel-osx-x86_64-clang 0.2-3 52.96 NOTE
r-devel-windows-ix86+x86_64 0.2-3 7.00 1.00 8.00 ERROR
r-patched-linux-x86_64 0.2-3 5.88 22.56 28.44 NOTE
r-patched-solaris-sparc 0.2-3 275.20 WARN
r-patched-solaris-x86 0.2-3 68.60 WARN
r-release-linux-ix86 0.2-3 9.02 29.76 38.78 OK
r-release-linux-x86_64 0.2-3 5.94 23.67 29.61 OK
r-release-osx-x86_64-mavericks 0.2-3 ERROR
r-release-osx-x86_64-snowleopard 0.2-3 OK
r-release-windows-ix86+x86_64 0.2-3 8.00 3.00 11.00 ERROR
r-oldrel-windows-ix86+x86_64 0.2-3 7.00 3.00 10.00 ERROR

Check Details

Version: 0.2-3
Check: R code for possible problems
Result: NOTE
    base.blacs: no visible binding for global variable ‘.pbdBASEEnv’
    base.blacs_gridinit: no visible binding for global variable
     ‘.pbdBASEEnv’
    base.finalize: no visible binding for global variable ‘.SPMD.CT’
    base.finalize: no visible binding for global variable ‘.pbdBASEEnv’
    base.gridexit: no visible binding for global variable ‘.pbdBASEEnv’
    base.minctxt: no visible binding for global variable ‘.pbdBASEEnv’
    blacs: no visible binding for global variable ‘.pbdBASEEnv’
    blacs_gridinit: no visible binding for global variable ‘.pbdBASEEnv’
    finalize: no visible binding for global variable ‘.SPMD.CT’
    finalize: no visible binding for global variable ‘.pbdBASEEnv’
    gridexit: no visible binding for global variable ‘.pbdBASEEnv’
    minctxt: no visible binding for global variable ‘.pbdBASEEnv’
Flavors: r-devel-linux-x86_64-debian-clang, r-devel-linux-x86_64-debian-gcc, r-devel-linux-x86_64-fedora-clang, r-devel-linux-x86_64-fedora-gcc, r-devel-osx-x86_64-clang, r-patched-linux-x86_64, r-patched-solaris-sparc, r-patched-solaris-x86

Version: 0.2-3
Check: whether package can be installed
Result: ERROR
    Installation failed.
Flavors: r-devel-windows-ix86+x86_64, r-release-windows-ix86+x86_64, r-oldrel-windows-ix86+x86_64

Version: 0.2-3
Check: whether package can be installed
Result: WARN
    Found the following significant warnings:
     WARNING: Source file "base/util/dmat_make.f" contains no Fortran statements.
     WARNING: Source file "base/util/special.f" contains no Fortran statements.
Flavors: r-patched-solaris-sparc, r-patched-solaris-x86

Version: 0.2-3
Check: package dependencies
Result: ERROR
    Packages required but not available: ‘pbdMPI’ ‘pbdSLAP’
    
    See the information on DESCRIPTION files in the chapter ‘Creating R
    packages’ of the ‘Writing R Extensions’ manual.
Flavor: r-release-osx-x86_64-mavericks