CRAN Package Check Results for Package pbdBASE

Last updated on 2017-10-20 02:48:28.

Flavor Version Tinstall Tcheck Ttotal Status Flags
r-devel-linux-x86_64-debian-clang 0.4-5 8.39 29.11 37.50 NOTE
r-devel-linux-x86_64-debian-gcc 0.4-5 9.77 32.28 42.06 NOTE
r-devel-linux-x86_64-fedora-clang 0.4-5 56.85 NOTE
r-devel-linux-x86_64-fedora-gcc 0.4-5 55.04 NOTE
r-devel-windows-ix86+x86_64 0.4-5 81.00 117.00 198.00 OK
r-patched-linux-x86_64 0.4-5 8.55 27.84 36.40 NOTE
r-patched-solaris-x86 0.4-5 75.80 OK
r-release-linux-x86_64 0.4-5 8.74 29.64 38.38 NOTE
r-release-windows-ix86+x86_64 0.4-5 83.00 56.00 139.00 OK
r-release-osx-x86_64 0.4-5 ERROR
r-oldrel-windows-ix86+x86_64 0.4-5 49.00 49.00 98.00 OK
r-oldrel-osx-x86_64 0.4-5 ERROR

Additional issues

rchk

Check Details

Version: 0.4-5
Check: compiled code
Result: NOTE
    File ‘pbdBASE/libs/pbdBASE.so’:
     Found no calls to: ‘R_registerRoutines’, ‘R_useDynamicSymbols’
    
    It is good practice to register native routines and to disable symbol
    search.
    
    See ‘Writing portable packages’ in the ‘Writing R Extensions’ manual.
Flavors: r-devel-linux-x86_64-debian-clang, r-devel-linux-x86_64-debian-gcc, r-devel-linux-x86_64-fedora-clang, r-devel-linux-x86_64-fedora-gcc, r-patched-linux-x86_64, r-release-linux-x86_64

Version: 0.4-5
Check: package dependencies
Result: ERROR
    Packages required but not available: ‘pbdMPI’ ‘pbdSLAP’
    
    See section ‘The DESCRIPTION file’ in the ‘Writing R Extensions’
    manual.
Flavors: r-release-osx-x86_64, r-oldrel-osx-x86_64