CRAN Package Check Results for Package pbdBASE

Last updated on 2015-04-26 10:48:15.

Flavor Version Tinstall Tcheck Ttotal Status Flags
r-devel-linux-x86_64-debian-clang 0.2-3 5.63 22.82 28.44 NOTE
r-devel-linux-x86_64-debian-gcc 0.2-3 5.52 21.68 27.20 NOTE
r-devel-linux-x86_64-fedora-clang 0.2-3 44.30 NOTE
r-devel-linux-x86_64-fedora-gcc 0.2-3 42.40 NOTE
r-devel-osx-x86_64-clang 0.2-3 50.76 NOTE
r-devel-windows-ix86+x86_64 0.2-3 8.00 1.00 9.00 ERROR
r-patched-linux-x86_64 0.2-3 6.02 21.58 27.60 NOTE
r-patched-solaris-sparc 0.2-3 281.70 WARN
r-patched-solaris-x86 0.2-3 61.60 WARN
r-release-linux-x86_64 0.2-3 5.74 21.32 27.06 NOTE
r-release-osx-x86_64-mavericks 0.2-3 ERROR
r-release-osx-x86_64-snowleopard 0.2-3 WARN
r-release-windows-ix86+x86_64 0.2-3 6.00 1.00 7.00 ERROR
r-oldrel-windows-ix86+x86_64 0.2-3 11.00 2.00 13.00 ERROR

Check Details

Version: 0.2-3
Check: DESCRIPTION meta-information
Result: NOTE
    NeedsCompilation field must take value ‘yes’ or ‘no’
Flavors: r-devel-linux-x86_64-fedora-clang, r-devel-linux-x86_64-fedora-gcc, r-devel-osx-x86_64-clang

Version: 0.2-3
Check: R code for possible problems
Result: NOTE
    base.blacs: no visible binding for global variable ‘.pbdBASEEnv’
    base.blacs_gridinit: no visible binding for global variable
     ‘.pbdBASEEnv’
    base.finalize: no visible binding for global variable ‘.SPMD.CT’
    base.finalize: no visible binding for global variable ‘.pbdBASEEnv’
    base.gridexit: no visible binding for global variable ‘.pbdBASEEnv’
    base.minctxt: no visible binding for global variable ‘.pbdBASEEnv’
    blacs: no visible binding for global variable ‘.pbdBASEEnv’
    blacs_gridinit: no visible binding for global variable ‘.pbdBASEEnv’
    finalize: no visible binding for global variable ‘.SPMD.CT’
    finalize: no visible binding for global variable ‘.pbdBASEEnv’
    gridexit: no visible binding for global variable ‘.pbdBASEEnv’
    minctxt: no visible binding for global variable ‘.pbdBASEEnv’
Flavors: r-devel-linux-x86_64-fedora-clang, r-devel-linux-x86_64-fedora-gcc, r-devel-osx-x86_64-clang

Version: 0.2-3
Check: whether package can be installed
Result: ERROR
    Installation failed.
Flavors: r-devel-windows-ix86+x86_64, r-release-windows-ix86+x86_64, r-oldrel-windows-ix86+x86_64

Version: 0.2-3
Check: package dependencies
Result: ERROR
    Packages required but not available: ‘pbdMPI’ ‘pbdSLAP’
    
    See section ‘The DESCRIPTION file’ in the ‘Writing R Extensions’
    manual.
Flavor: r-release-osx-x86_64-mavericks