CRAN Package Check Results for Package pbdBASE

Last updated on 2016-05-28 11:49:21.

Flavor Version Tinstall Tcheck Ttotal Status Flags
r-devel-linux-x86_64-debian-gcc 0.4-3 7.99 23.56 31.56 OK
r-devel-linux-x86_64-fedora-clang 0.4-3 47.30 OK
r-devel-linux-x86_64-fedora-gcc 0.4-3 45.23 OK
r-devel-osx-x86_64-clang 0.4-3 59.60 OK
r-devel-windows-ix86+x86_64 0.4-3 15.00 4.00 19.00 ERROR
r-patched-linux-x86_64 0.4-3 7.63 22.84 30.48 OK
r-patched-solaris-sparc 0.4-3 291.90 OK
r-patched-solaris-x86 0.4-3 63.00 OK
r-release-linux-x86_64 0.4-3 7.54 22.68 30.22 OK
r-release-osx-x86_64-mavericks 0.4-3 ERROR
r-release-windows-ix86+x86_64 0.4-3 14.00 4.00 18.00 ERROR
r-oldrel-windows-ix86+x86_64 0.4-3 73.00 75.00 148.00 OK

Check Details

Version: 0.4-3
Check: whether package can be installed
Result: ERROR
    Installation failed.
Flavors: r-devel-windows-ix86+x86_64, r-release-windows-ix86+x86_64

Version: 0.4-3
Check: package dependencies
Result: ERROR
    Packages required but not available: ‘pbdMPI’ ‘pbdSLAP’
    
    See section ‘The DESCRIPTION file’ in the ‘Writing R Extensions’
    manual.
Flavor: r-release-osx-x86_64-mavericks