CRAN Package Check Results for Package pbdBASE

Last updated on 2016-08-27 12:47:38.

Flavor Version Tinstall Tcheck Ttotal Status Flags
r-devel-linux-x86_64-debian-clang 0.4-3 8.16 22.36 30.53 WARN
r-devel-linux-x86_64-debian-gcc 0.4-3 11.81 28.82 40.63 WARN
r-devel-linux-x86_64-fedora-clang 0.4-3 48.57 WARN
r-devel-linux-x86_64-fedora-gcc 0.4-3 46.89 WARN
r-devel-osx-x86_64-clang 0.4-3 43.22 WARN
r-devel-windows-ix86+x86_64 0.4-3 80.00 70.00 150.00 WARN
r-patched-linux-x86_64 0.4-3 7.76 23.02 30.78 WARN
r-patched-solaris-sparc 0.4-3 291.10 WARN
r-patched-solaris-x86 0.4-3 62.90 WARN
r-release-linux-x86_64 0.4-3 8.05 23.11 31.16 OK
r-release-osx-x86_64-mavericks 0.4-3 ERROR
r-release-windows-ix86+x86_64 0.4-3 54.00 60.00 114.00 NOTE
r-oldrel-windows-ix86+x86_64 0.4-3 73.00 75.00 148.00 OK

Check Details

Version: 0.4-3
Check: compilation flags in Makevars
Result: WARN
    Non-portable flags in variable 'PKG_CFLAGS':
     -w
    Non-portable flags in variable 'PKG_FFLAGS':
     -w
    Non-portable flags in variable 'PKG_FCFLAGS':
     -w
Flavors: r-devel-linux-x86_64-debian-clang, r-devel-linux-x86_64-debian-gcc, r-devel-linux-x86_64-fedora-clang, r-devel-linux-x86_64-fedora-gcc, r-devel-osx-x86_64-clang, r-devel-windows-ix86+x86_64, r-patched-linux-x86_64, r-patched-solaris-sparc, r-patched-solaris-x86

Version: 0.4-3
Check: R code for possible problems
Result: NOTE
    get.conf: no visible global function definition for 'shortPathName'
    Undefined global functions or variables:
     shortPathName
    Consider adding
     importFrom("utils", "shortPathName")
    to your NAMESPACE file.
Flavors: r-devel-windows-ix86+x86_64, r-release-windows-ix86+x86_64

Version: 0.4-3
Check: package dependencies
Result: ERROR
    Packages required but not available: ‘pbdMPI’ ‘pbdSLAP’
    
    See section ‘The DESCRIPTION file’ in the ‘Writing R Extensions’
    manual.
Flavor: r-release-osx-x86_64-mavericks