CRAN Package Check Results for Package pbdBASE

Last updated on 2015-07-06 14:48:46.

Flavor Version Tinstall Tcheck Ttotal Status Flags
r-devel-linux-x86_64-debian-clang 0.2-3 5.29 20.99 26.28 NOTE
r-devel-linux-x86_64-debian-gcc 0.2-3 5.62 20.86 26.47 NOTE
r-devel-linux-x86_64-fedora-clang 0.2-3 42.64 NOTE
r-devel-linux-x86_64-fedora-gcc 0.2-3 41.13 NOTE
r-devel-osx-x86_64-clang 0.2-3 43.60 NOTE
r-devel-windows-ix86+x86_64 0.2-3 9.00 2.00 11.00 ERROR
r-patched-linux-x86_64 0.2-3 5.67 21.11 26.78 NOTE
r-patched-solaris-sparc 0.2-3 278.50 WARN
r-patched-solaris-x86 0.2-3 63.80 WARN
r-release-linux-x86_64 0.2-3 5.64 21.44 27.08 NOTE
r-release-osx-x86_64-mavericks 0.2-3 ERROR
r-release-windows-ix86+x86_64 0.2-3 8.00 2.00 10.00 ERROR
r-oldrel-windows-ix86+x86_64 0.2-3 11.00 2.00 13.00 ERROR

Check Details

Version: 0.2-3
Check: DESCRIPTION meta-information
Result: NOTE
    NeedsCompilation field must take value ‘yes’ or ‘no’
Flavors: r-devel-linux-x86_64-debian-clang, r-devel-linux-x86_64-debian-gcc, r-devel-linux-x86_64-fedora-clang, r-devel-linux-x86_64-fedora-gcc, r-devel-osx-x86_64-clang, r-patched-linux-x86_64, r-patched-solaris-sparc, r-patched-solaris-x86, r-release-linux-x86_64

Version: 0.2-3
Check: R code for possible problems
Result: NOTE
    base.blacs: no visible binding for global variable ‘.pbdBASEEnv’
    base.blacs_gridinit: no visible binding for global variable
     ‘.pbdBASEEnv’
    base.finalize: no visible binding for global variable ‘.SPMD.CT’
    base.finalize: no visible binding for global variable ‘.pbdBASEEnv’
    base.gridexit: no visible binding for global variable ‘.pbdBASEEnv’
    base.minctxt: no visible binding for global variable ‘.pbdBASEEnv’
    blacs: no visible binding for global variable ‘.pbdBASEEnv’
    blacs_gridinit: no visible binding for global variable ‘.pbdBASEEnv’
    finalize: no visible binding for global variable ‘.SPMD.CT’
    finalize: no visible binding for global variable ‘.pbdBASEEnv’
    gridexit: no visible binding for global variable ‘.pbdBASEEnv’
    minctxt: no visible binding for global variable ‘.pbdBASEEnv’
    Undefined global functions or variables:
     .SPMD.CT .pbdBASEEnv
Flavors: r-devel-linux-x86_64-debian-clang, r-devel-linux-x86_64-debian-gcc, r-devel-linux-x86_64-fedora-clang, r-devel-linux-x86_64-fedora-gcc, r-devel-osx-x86_64-clang

Version: 0.2-3
Check: whether package can be installed
Result: ERROR
    Installation failed.
Flavors: r-devel-windows-ix86+x86_64, r-release-windows-ix86+x86_64, r-oldrel-windows-ix86+x86_64

Version: 0.2-3
Check: R code for possible problems
Result: NOTE
    base.blacs: no visible binding for global variable ‘.pbdBASEEnv’
    base.blacs_gridinit: no visible binding for global variable
     ‘.pbdBASEEnv’
    base.finalize: no visible binding for global variable ‘.SPMD.CT’
    base.finalize: no visible binding for global variable ‘.pbdBASEEnv’
    base.gridexit: no visible binding for global variable ‘.pbdBASEEnv’
    base.minctxt: no visible binding for global variable ‘.pbdBASEEnv’
    blacs: no visible binding for global variable ‘.pbdBASEEnv’
    blacs_gridinit: no visible binding for global variable ‘.pbdBASEEnv’
    finalize: no visible binding for global variable ‘.SPMD.CT’
    finalize: no visible binding for global variable ‘.pbdBASEEnv’
    gridexit: no visible binding for global variable ‘.pbdBASEEnv’
    minctxt: no visible binding for global variable ‘.pbdBASEEnv’
Flavors: r-patched-linux-x86_64, r-patched-solaris-sparc, r-patched-solaris-x86, r-release-linux-x86_64

Version: 0.2-3
Check: whether package can be installed
Result: WARN
    Found the following significant warnings:
     WARNING: Source file "base/util/dmat_make.f" contains no Fortran statements.
     WARNING: Source file "base/util/special.f" contains no Fortran statements.
Flavors: r-patched-solaris-sparc, r-patched-solaris-x86

Version: 0.2-3
Check: package dependencies
Result: ERROR
    Packages required but not available: ‘pbdMPI’ ‘pbdSLAP’
    
    See section ‘The DESCRIPTION file’ in the ‘Writing R Extensions’
    manual.
Flavor: r-release-osx-x86_64-mavericks