CRAN Package Check Results for Package pbdDMAT

Last updated on 2016-06-25 16:47:58.

Flavor Version Tinstall Tcheck Ttotal Status Flags
r-devel-linux-x86_64-debian-gcc 0.4-0 7.57 40.88 48.45 OK
r-devel-linux-x86_64-fedora-clang 0.4-0 76.73 OK
r-devel-linux-x86_64-fedora-gcc 0.4-0 70.92 OK
r-devel-osx-x86_64-clang 0.4-0 98.13 OK
r-devel-windows-ix86+x86_64 0.4-0 19.00 84.00 103.00 OK
r-patched-linux-x86_64 0.4-0 7.15 41.05 48.21 OK
r-patched-solaris-sparc 0.4-0 439.20 OK
r-patched-solaris-x86 0.4-0 90.70 OK
r-release-linux-x86_64 0.4-0 7.17 39.63 46.80 OK
r-release-osx-x86_64-mavericks 0.4-0 ERROR
r-release-windows-ix86+x86_64 0.4-0 17.00 102.00 119.00 OK
r-oldrel-windows-ix86+x86_64 0.4-0 18.00 101.00 119.00 OK

Check Details

Version: 0.4-0
Check: package dependencies
Result: ERROR
    Packages required but not available: ‘pbdMPI’ ‘pbdBASE’
    
    See section ‘The DESCRIPTION file’ in the ‘Writing R Extensions’
    manual.
Flavor: r-release-osx-x86_64-mavericks