CRAN Package Check Results for Package pbdDMAT

Last updated on 2015-08-29 20:48:10.

Flavor Version Tinstall Tcheck Ttotal Status Flags
r-devel-linux-x86_64-debian-clang 0.2-3 2.62 33.45 36.07 NOTE
r-devel-linux-x86_64-debian-gcc 0.2-3 2.54 33.93 36.47 NOTE
r-devel-linux-x86_64-fedora-clang 0.2-3 62.69 NOTE
r-devel-linux-x86_64-fedora-gcc 0.2-3 61.06 NOTE
r-devel-osx-x86_64-clang 0.2-3 57.47 NOTE
r-devel-windows-ix86+x86_64 0.2-3 1.00 4.00 5.00 ERROR
r-patched-linux-x86_64 0.2-3 2.61 36.24 38.85 NOTE
r-patched-solaris-sparc 0.2-3 405.10 NOTE
r-patched-solaris-x86 0.2-3 88.50 NOTE
r-release-linux-x86_64 0.2-3 2.66 35.82 38.48 NOTE
r-release-osx-x86_64-mavericks 0.2-3 ERROR
r-release-windows-ix86+x86_64 0.2-3 1.00 1.00 2.00 ERROR
r-oldrel-windows-ix86+x86_64 0.2-3 1.00 2.00 3.00 ERROR

Check Details

Version: 0.2-3
Check: DESCRIPTION meta-information
Result: NOTE
    NeedsCompilation field must take value ‘yes’ or ‘no’
Flavors: r-devel-linux-x86_64-debian-clang, r-devel-linux-x86_64-debian-gcc, r-devel-linux-x86_64-fedora-clang, r-devel-linux-x86_64-fedora-gcc, r-devel-osx-x86_64-clang, r-patched-linux-x86_64, r-patched-solaris-sparc, r-patched-solaris-x86, r-release-linux-x86_64

Version: 0.2-3
Check: S3 generic/method consistency
Result: NOTE
    Found the following apparent S3 methods exported but not registered:
     head.ddmatrix kappa.ddmatrix tail.ddmatrix
    See section ‘Registering S3 methods’ in the ‘Writing R Extensions’
    manual.
Flavors: r-devel-linux-x86_64-debian-clang, r-devel-linux-x86_64-debian-gcc, r-devel-linux-x86_64-fedora-clang, r-devel-linux-x86_64-fedora-gcc, r-devel-osx-x86_64-clang, r-patched-linux-x86_64, r-patched-solaris-sparc, r-patched-solaris-x86, r-release-linux-x86_64

Version: 0.2-3
Check: R code for possible problems
Result: NOTE
    Hilbert: no visible binding for global variable ‘.BLDIM’
    Hilbert: no visible binding for global variable ‘.ICTXT’
    allcolreduce: no visible binding for global variable ‘.ICTXT’
    allrowreduce: no visible binding for global variable ‘.ICTXT’
    as.blockcyclic: no visible binding for global variable ‘.BLDIM’
    as.colcyclic: no visible binding for global variable ‘.BLDIM’
    as.rowcyclic: no visible binding for global variable ‘.BLDIM’
    base.cbind: no visible binding for global variable ‘.ICTXT’
    base.distribute: no visible binding for global variable ‘.BLDIM’
    base.distribute: no visible binding for global variable ‘.ICTXT’
    base.mat.to.ddmat: no visible binding for global variable ‘.BLDIM’
    base.mat.to.ddmat: no visible binding for global variable ‘.ICTXT’
    base.rbind: no visible binding for global variable ‘.ICTXT’
    base.rbind2: no visible binding for global variable ‘.ICTXT’
    cbind: no visible binding for global variable ‘.ICTXT’
    colreduce: no visible binding for global variable ‘.ICTXT’
    companion: no visible binding for global variable ‘.BLDIM’
    companion: no visible binding for global variable ‘.ICTXT’
    distribute: no visible binding for global variable ‘.BLDIM’
    distribute: no visible binding for global variable ‘.ICTXT’
    dmat.allcolreduce: no visible binding for global variable ‘.ICTXT’
    dmat.allrowreduce: no visible binding for global variable ‘.ICTXT’
    dmat.as.blockcyclic: no visible binding for global variable ‘.BLDIM’
    dmat.as.colcyclic: no visible binding for global variable ‘.BLDIM’
    dmat.as.ddmatrix: no visible binding for global variable ‘.BLDIM’
    dmat.as.ddmatrix: no visible binding for global variable ‘.ICTXT’
    dmat.as.rowcyclic: no visible binding for global variable ‘.BLDIM’
    dmat.colreduce: no visible binding for global variable ‘.ICTXT’
    dmat.reblock: no visible binding for global variable ‘.ICTXT’
    dmat.redistribute: no visible binding for global variable ‘.ICTXT’
    dmat.rowreduce: no visible binding for global variable ‘.ICTXT’
    rbind: no visible binding for global variable ‘.ICTXT’
    reblock: no visible binding for global variable ‘.ICTXT’
    redistribute: no visible binding for global variable ‘.ICTXT’
    rowreduce: no visible binding for global variable ‘.ICTXT’
    valid.ddmatrix: no visible binding for global variable ‘.pbdBASEEnv’
    apply,ddmatrix: possible error in gather(tmp, proc.dest = proc.dest):
     unused argument (proc.dest = proc.dest)
    as.ddmatrix,NULL: no visible binding for global variable ‘.BLDIM’
    as.ddmatrix,NULL: no visible binding for global variable ‘.ICTXT’
    as.ddmatrix,matrix: no visible binding for global variable ‘.BLDIM’
    as.ddmatrix,matrix: no visible binding for global variable ‘.ICTXT’
    as.ddmatrix,vector: no visible binding for global variable ‘.BLDIM’
    as.ddmatrix,vector: no visible binding for global variable ‘.ICTXT’
    cbind,ANY: no visible binding for global variable ‘.ICTXT’
    ddmatrix.local,character: no visible binding for global variable
     ‘.BLDIM’
    ddmatrix.local,character: no visible binding for global variable
     ‘.ICTXT’
    ddmatrix.local,character: no visible global function definition for
     ‘runif’
    ddmatrix.local,character: no visible global function definition for
     ‘rnorm’
    ddmatrix.local,character: no visible global function definition for
     ‘rexp’
    ddmatrix.local,character: no visible global function definition for
     ‘rweibull’
    ddmatrix.local,matrix: no visible binding for global variable ‘.BLDIM’
    ddmatrix.local,matrix: no visible binding for global variable ‘.ICTXT’
    ddmatrix.local,missing: no visible binding for global variable ‘.BLDIM’
    ddmatrix.local,missing: no visible binding for global variable ‘.ICTXT’
    ddmatrix.local,vector: no visible binding for global variable ‘.BLDIM’
    ddmatrix.local,vector: no visible binding for global variable ‘.ICTXT’
    ddmatrix,character: no visible binding for global variable ‘.BLDIM’
    ddmatrix,character: no visible binding for global variable ‘.ICTXT’
    ddmatrix,character: no visible global function definition for ‘runif’
    ddmatrix,character: no visible global function definition for ‘rnorm’
    ddmatrix,character: no visible global function definition for ‘rexp’
    ddmatrix,character: no visible global function definition for
     ‘rweibull’
    ddmatrix,matrix: no visible binding for global variable ‘.BLDIM’
    ddmatrix,matrix: no visible binding for global variable ‘.ICTXT’
    ddmatrix,missing: no visible binding for global variable ‘.BLDIM’
    ddmatrix,missing: no visible binding for global variable ‘.ICTXT’
    ddmatrix,vector: no visible binding for global variable ‘.BLDIM’
    ddmatrix,vector: no visible binding for global variable ‘.ICTXT’
    diag,character: no visible binding for global variable ‘.BLDIM’
    diag,character: no visible binding for global variable ‘.ICTXT’
    diag,character: no visible global function definition for ‘runif’
    diag,character: no visible global function definition for ‘rnorm’
    diag,character: no visible global function definition for ‘rexp’
    diag,character: no visible global function definition for ‘rweibull’
    diag,vector: no visible binding for global variable ‘.BLDIM’
    diag,vector: no visible binding for global variable ‘.ICTXT’
    eigen,ddmatrix: no visible global function definition for
     ‘base.pdgeeig’
    eigen,ddmatrix: no visible binding for global variable ‘dx’
    ownany,missing: no visible binding for global variable ‘.BLDIM’
    ownany,missing: no visible binding for global variable ‘.ICTXT’
    rbind,ANY: no visible binding for global variable ‘.ICTXT’
    sweep,ddmatrix-ANY-ddmatrix: possible error in dmat.allrowreduce(x =
     base::length(vec), op = "max", ICTXT = x@ICTXT, check.margin =
     FALSE): unused argument (check.margin = FALSE)
    sweep,ddmatrix-ANY-ddmatrix: possible error in dmat.allcolreduce(x =
     base::length(vec), op = "max", ICTXT = x@ICTXT, check.margin =
     FALSE): unused argument (check.margin = FALSE)
    Undefined global functions or variables:
     .BLDIM .ICTXT .pbdBASEEnv base.pdgeeig dx rexp rnorm runif rweibull
    Consider adding
     importFrom("stats", "rexp", "rnorm", "runif", "rweibull")
    to your NAMESPACE.
Flavors: r-devel-linux-x86_64-debian-clang, r-devel-linux-x86_64-debian-gcc, r-devel-linux-x86_64-fedora-clang, r-devel-linux-x86_64-fedora-gcc

Version: 0.2-3
Check: R code for possible problems
Result: NOTE
    Hilbert: no visible binding for global variable ‘.BLDIM’
    Hilbert: no visible binding for global variable ‘.ICTXT’
    allcolreduce: no visible binding for global variable ‘.ICTXT’
    allrowreduce: no visible binding for global variable ‘.ICTXT’
    as.blockcyclic: no visible binding for global variable ‘.BLDIM’
    as.colcyclic: no visible binding for global variable ‘.BLDIM’
    as.rowcyclic: no visible binding for global variable ‘.BLDIM’
    base.cbind: no visible binding for global variable ‘.ICTXT’
    base.distribute: no visible binding for global variable ‘.BLDIM’
    base.distribute: no visible binding for global variable ‘.ICTXT’
    base.mat.to.ddmat: no visible binding for global variable ‘.BLDIM’
    base.mat.to.ddmat: no visible binding for global variable ‘.ICTXT’
    base.rbind: no visible binding for global variable ‘.ICTXT’
    base.rbind2: no visible binding for global variable ‘.ICTXT’
    cbind: no visible binding for global variable ‘.ICTXT’
    colreduce: no visible binding for global variable ‘.ICTXT’
    companion: no visible binding for global variable ‘.BLDIM’
    companion: no visible binding for global variable ‘.ICTXT’
    distribute: no visible binding for global variable ‘.BLDIM’
    distribute: no visible binding for global variable ‘.ICTXT’
    dmat.allcolreduce: no visible binding for global variable ‘.ICTXT’
    dmat.allrowreduce: no visible binding for global variable ‘.ICTXT’
    dmat.as.blockcyclic: no visible binding for global variable ‘.BLDIM’
    dmat.as.colcyclic: no visible binding for global variable ‘.BLDIM’
    dmat.as.ddmatrix: no visible binding for global variable ‘.BLDIM’
    dmat.as.ddmatrix: no visible binding for global variable ‘.ICTXT’
    dmat.as.rowcyclic: no visible binding for global variable ‘.BLDIM’
    dmat.colreduce: no visible binding for global variable ‘.ICTXT’
    dmat.reblock: no visible binding for global variable ‘.ICTXT’
    dmat.redistribute: no visible binding for global variable ‘.ICTXT’
    dmat.rowreduce: no visible binding for global variable ‘.ICTXT’
    rbind: no visible binding for global variable ‘.ICTXT’
    reblock: no visible binding for global variable ‘.ICTXT’
    redistribute: no visible binding for global variable ‘.ICTXT’
    rowreduce: no visible binding for global variable ‘.ICTXT’
    valid.ddmatrix: no visible binding for global variable ‘.pbdBASEEnv’
    apply,ddmatrix: possible error in gather(tmp, proc.dest = proc.dest):
     unused argument (proc.dest = proc.dest)
    as.ddmatrix,NULL: no visible binding for global variable ‘.BLDIM’
    as.ddmatrix,NULL: no visible binding for global variable ‘.ICTXT’
    as.ddmatrix,matrix: no visible binding for global variable ‘.BLDIM’
    as.ddmatrix,matrix: no visible binding for global variable ‘.ICTXT’
    as.ddmatrix,vector: no visible binding for global variable ‘.BLDIM’
    as.ddmatrix,vector: no visible binding for global variable ‘.ICTXT’
    cbind,ANY: no visible binding for global variable ‘.ICTXT’
    ddmatrix.local,character: no visible binding for global variable
     ‘.BLDIM’
    ddmatrix.local,character: no visible binding for global variable
     ‘.ICTXT’
    ddmatrix.local,matrix: no visible binding for global variable ‘.BLDIM’
    ddmatrix.local,matrix: no visible binding for global variable ‘.ICTXT’
    ddmatrix.local,missing: no visible binding for global variable ‘.BLDIM’
    ddmatrix.local,missing: no visible binding for global variable ‘.ICTXT’
    ddmatrix.local,vector: no visible binding for global variable ‘.BLDIM’
    ddmatrix.local,vector: no visible binding for global variable ‘.ICTXT’
    ddmatrix,character: no visible binding for global variable ‘.BLDIM’
    ddmatrix,character: no visible binding for global variable ‘.ICTXT’
    ddmatrix,matrix: no visible binding for global variable ‘.BLDIM’
    ddmatrix,matrix: no visible binding for global variable ‘.ICTXT’
    ddmatrix,missing: no visible binding for global variable ‘.BLDIM’
    ddmatrix,missing: no visible binding for global variable ‘.ICTXT’
    ddmatrix,vector: no visible binding for global variable ‘.BLDIM’
    ddmatrix,vector: no visible binding for global variable ‘.ICTXT’
    diag,character: no visible binding for global variable ‘.BLDIM’
    diag,character: no visible binding for global variable ‘.ICTXT’
    diag,character: possible error in rnorm(prod(dim), min = min, max =
     max): unused arguments (min = min, max = max)
    diag,vector: no visible binding for global variable ‘.BLDIM’
    diag,vector: no visible binding for global variable ‘.ICTXT’
    eigen,ddmatrix: no visible global function definition for
     ‘base.pdgeeig’
    eigen,ddmatrix: no visible binding for global variable ‘dx’
    ownany,missing: no visible binding for global variable ‘.BLDIM’
    ownany,missing: no visible binding for global variable ‘.ICTXT’
    rbind,ANY: no visible binding for global variable ‘.ICTXT’
    sweep,ddmatrix-ANY-ddmatrix: possible error in dmat.allrowreduce(x =
     base::length(vec), op = "max", ICTXT = x@ICTXT, check.margin =
     FALSE): unused argument (check.margin = FALSE)
    sweep,ddmatrix-ANY-ddmatrix: possible error in dmat.allcolreduce(x =
     base::length(vec), op = "max", ICTXT = x@ICTXT, check.margin =
     FALSE): unused argument (check.margin = FALSE)
    Undefined global functions or variables:
     .BLDIM .ICTXT .pbdBASEEnv base.pdgeeig dx
Flavor: r-devel-osx-x86_64-clang

Version: 0.2-3
Check: package dependencies
Result: ERROR
    Package required but not available: 'pbdBASE'
    
    See section 'The DESCRIPTION file' in the 'Writing R Extensions'
    manual.
Flavors: r-devel-windows-ix86+x86_64, r-release-windows-ix86+x86_64, r-oldrel-windows-ix86+x86_64

Version: 0.2-3
Check: R code for possible problems
Result: NOTE
    Hilbert: no visible binding for global variable ‘.BLDIM’
    Hilbert: no visible binding for global variable ‘.ICTXT’
    allcolreduce: no visible binding for global variable ‘.ICTXT’
    allrowreduce: no visible binding for global variable ‘.ICTXT’
    as.blockcyclic: no visible binding for global variable ‘.BLDIM’
    as.colcyclic: no visible binding for global variable ‘.BLDIM’
    as.rowcyclic: no visible binding for global variable ‘.BLDIM’
    base.cbind: no visible binding for global variable ‘.ICTXT’
    base.distribute: no visible binding for global variable ‘.BLDIM’
    base.distribute: no visible binding for global variable ‘.ICTXT’
    base.mat.to.ddmat: no visible binding for global variable ‘.BLDIM’
    base.mat.to.ddmat: no visible binding for global variable ‘.ICTXT’
    base.rbind: no visible binding for global variable ‘.ICTXT’
    base.rbind2: no visible binding for global variable ‘.ICTXT’
    cbind: no visible binding for global variable ‘.ICTXT’
    colreduce: no visible binding for global variable ‘.ICTXT’
    companion: no visible binding for global variable ‘.BLDIM’
    companion: no visible binding for global variable ‘.ICTXT’
    distribute: no visible binding for global variable ‘.BLDIM’
    distribute: no visible binding for global variable ‘.ICTXT’
    dmat.allcolreduce: no visible binding for global variable ‘.ICTXT’
    dmat.allrowreduce: no visible binding for global variable ‘.ICTXT’
    dmat.as.blockcyclic: no visible binding for global variable ‘.BLDIM’
    dmat.as.colcyclic: no visible binding for global variable ‘.BLDIM’
    dmat.as.ddmatrix: no visible binding for global variable ‘.BLDIM’
    dmat.as.ddmatrix: no visible binding for global variable ‘.ICTXT’
    dmat.as.rowcyclic: no visible binding for global variable ‘.BLDIM’
    dmat.colreduce: no visible binding for global variable ‘.ICTXT’
    dmat.reblock: no visible binding for global variable ‘.ICTXT’
    dmat.redistribute: no visible binding for global variable ‘.ICTXT’
    dmat.rowreduce: no visible binding for global variable ‘.ICTXT’
    rbind: no visible binding for global variable ‘.ICTXT’
    reblock: no visible binding for global variable ‘.ICTXT’
    redistribute: no visible binding for global variable ‘.ICTXT’
    rowreduce: no visible binding for global variable ‘.ICTXT’
    valid.ddmatrix: no visible binding for global variable ‘.pbdBASEEnv’
    apply,ddmatrix : .local: possible error in gather(tmp, proc.dest =
     proc.dest): unused argument (proc.dest = proc.dest)
    as.ddmatrix,NULL : .local: no visible binding for global variable
     ‘.BLDIM’
    as.ddmatrix,NULL : .local: no visible binding for global variable
     ‘.ICTXT’
    as.ddmatrix,matrix : .local: no visible binding for global variable
     ‘.BLDIM’
    as.ddmatrix,matrix : .local: no visible binding for global variable
     ‘.ICTXT’
    as.ddmatrix,vector : .local: no visible binding for global variable
     ‘.BLDIM’
    as.ddmatrix,vector : .local: no visible binding for global variable
     ‘.ICTXT’
    cbind,ANY: no visible binding for global variable ‘.ICTXT’
    ddmatrix.local,character : .local: no visible binding for global
     variable ‘.BLDIM’
    ddmatrix.local,character : .local: no visible binding for global
     variable ‘.ICTXT’
    ddmatrix.local,matrix : .local: no visible binding for global variable
     ‘.BLDIM’
    ddmatrix.local,matrix : .local: no visible binding for global variable
     ‘.ICTXT’
    ddmatrix.local,missing : .local: no visible binding for global variable
     ‘.BLDIM’
    ddmatrix.local,missing : .local: no visible binding for global variable
     ‘.ICTXT’
    ddmatrix.local,vector : .local: no visible binding for global variable
     ‘.BLDIM’
    ddmatrix.local,vector : .local: no visible binding for global variable
     ‘.ICTXT’
    ddmatrix,character : .local: no visible binding for global variable
     ‘.BLDIM’
    ddmatrix,character : .local: no visible binding for global variable
     ‘.ICTXT’
    ddmatrix,matrix : .local: no visible binding for global variable
     ‘.BLDIM’
    ddmatrix,matrix : .local: no visible binding for global variable
     ‘.ICTXT’
    ddmatrix,missing : .local: no visible binding for global variable
     ‘.BLDIM’
    ddmatrix,missing : .local: no visible binding for global variable
     ‘.ICTXT’
    ddmatrix,vector : .local: no visible binding for global variable
     ‘.BLDIM’
    ddmatrix,vector : .local: no visible binding for global variable
     ‘.ICTXT’
    diag,character : .local: no visible binding for global variable
     ‘.BLDIM’
    diag,character : .local: no visible binding for global variable
     ‘.ICTXT’
    diag,character : .local: possible error in rnorm(prod(dim), min = min,
     max = max): unused arguments (min = min, max = max)
    diag,vector : .local: no visible binding for global variable ‘.BLDIM’
    diag,vector : .local: no visible binding for global variable ‘.ICTXT’
    eigen,ddmatrix : .local: no visible global function definition for
     ‘base.pdgeeig’
    eigen,ddmatrix : .local: no visible binding for global variable ‘dx’
    ownany,missing : .local: no visible binding for global variable
     ‘.BLDIM’
    ownany,missing : .local: no visible binding for global variable
     ‘.ICTXT’
    rbind,ANY: no visible binding for global variable ‘.ICTXT’
    sweep,ddmatrix-ANY-ddmatrix : .local: possible error in
     dmat.allrowreduce(x = base::length(vec), op = "max", ICTXT = x@ICTXT,
     check.margin = FALSE): unused argument (check.margin = FALSE)
    sweep,ddmatrix-ANY-ddmatrix : .local: possible error in
     dmat.allcolreduce(x = base::length(vec), op = "max", ICTXT = x@ICTXT,
     check.margin = FALSE): unused argument (check.margin = FALSE)
Flavors: r-patched-linux-x86_64, r-patched-solaris-sparc, r-patched-solaris-x86, r-release-linux-x86_64

Version: 0.2-3
Check: package dependencies
Result: ERROR
    Packages required but not available: ‘pbdMPI’ ‘pbdSLAP’ ‘pbdBASE’
    
    See section ‘The DESCRIPTION file’ in the ‘Writing R Extensions’
    manual.
Flavor: r-release-osx-x86_64-mavericks