CRAN Package Check Results for Package pbdDMAT

Last updated on 2016-12-09 17:54:11.

Flavor Version Tinstall Tcheck Ttotal Status Flags
r-devel-linux-x86_64-debian-clang 0.4-2 6.73 43.87 50.59 OK
r-devel-linux-x86_64-debian-gcc 0.4-2 6.46 43.37 49.83 OK
r-devel-linux-x86_64-fedora-clang 0.4-2 83.79 OK --no-stop-on-test-error
r-devel-linux-x86_64-fedora-gcc 0.4-2 82.59 OK --no-stop-on-test-error
r-devel-macos-x86_64-clang 0.4-2 67.36 OK --no-stop-on-test-error
r-devel-windows-ix86+x86_64 0.4-2 30.00 81.00 111.00 OK
r-patched-linux-x86_64 0.4-2 7.39 44.77 52.16 OK
r-patched-solaris-sparc 0.4-2 429.20 OK
r-patched-solaris-x86 0.4-2 85.90 OK
r-release-linux-x86_64 0.4-2 6.56 43.32 49.88 OK
r-release-osx-x86_64-mavericks 0.4-2 ERROR
r-release-windows-ix86+x86_64 0.4-2 21.00 81.00 102.00 OK
r-oldrel-windows-ix86+x86_64 0.4-2 8.00 2.00 10.00 ERROR

Check Details

Version: 0.4-2
Check: package dependencies
Result: ERROR
    Packages required but not available: ‘pbdMPI’ ‘pbdBASE’
    
    See section ‘The DESCRIPTION file’ in the ‘Writing R Extensions’
    manual.
Flavor: r-release-osx-x86_64-mavericks

Version: 0.4-2
Check: package dependencies
Result: ERROR
    Package required and available but unsuitable version: 'pbdBASE'
    
    See section 'The DESCRIPTION file' in the 'Writing R Extensions'
    manual.
Flavor: r-oldrel-windows-ix86+x86_64