CRAN Package Check Results for Package pbdDMAT

Last updated on 2016-02-12 12:47:27.

Flavor Version Tinstall Tcheck Ttotal Status Flags
r-devel-linux-x86_64-debian-gcc 0.4-0 6.41 36.29 42.70 OK
r-devel-linux-x86_64-fedora-clang 0.4-0 75.27 OK
r-devel-linux-x86_64-fedora-gcc 0.4-0 70.22 OK
r-devel-osx-x86_64-clang 0.4-0 94.45 OK
r-devel-windows-ix86+x86_64 0.4-0 17.00 72.00 89.00 OK
r-patched-linux-x86_64 0.4-0 6.48 38.41 44.89 OK
r-patched-solaris-sparc 0.4-0 436.80 OK
r-patched-solaris-x86 0.4-0 105.00 OK
r-release-linux-x86_64 0.4-0 6.66 38.55 45.20 OK
r-release-osx-x86_64-mavericks 0.4-0 ERROR
r-release-windows-ix86+x86_64 0.4-0 18.00 101.00 119.00 OK
r-oldrel-windows-ix86+x86_64 0.4-0 22.00 100.00 122.00 WARN

Check Details

Version: 0.4-0
Check: package dependencies
Result: ERROR
    Packages required but not available: ‘pbdMPI’ ‘pbdBASE’
    
    See section ‘The DESCRIPTION file’ in the ‘Writing R Extensions’
    manual.
Flavor: r-release-osx-x86_64-mavericks

Version: 0.4-0
Check: for missing documentation entries
Result: WARN
    Undocumented S4 methods:
     generic 'norm' and siglist 'ddmatrix'
    All user-level objects in a package (including S4 classes and methods)
    should have documentation entries.
    See chapter 'Writing R documentation files' in the 'Writing R
    Extensions' manual.
Flavor: r-oldrel-windows-ix86+x86_64