CRAN Package Check Results for Package pbdDMAT

Last updated on 2017-01-24 15:48:19.

Flavor Version Tinstall Tcheck Ttotal Status Flags
r-devel-linux-x86_64-debian-clang 0.4-2 7.01 43.88 50.88 OK
r-devel-linux-x86_64-debian-gcc 0.4-2 7.15 44.07 51.22 OK
r-devel-linux-x86_64-fedora-clang 0.4-2 81.94 OK --no-stop-on-test-error
r-devel-linux-x86_64-fedora-gcc 0.4-2 87.94 OK --no-stop-on-test-error
r-devel-macos-x86_64-clang 0.4-2 66.38 OK --no-stop-on-test-error
r-devel-windows-ix86+x86_64 0.4-2 20.00 87.00 107.00 OK
r-patched-linux-x86_64 0.4-2 6.90 45.81 52.70 OK
r-patched-solaris-sparc 0.4-2 438.60 OK
r-patched-solaris-x86 0.4-2 88.30 OK
r-release-linux-x86_64 0.4-2 7.07 40.49 47.56 OK
r-release-osx-x86_64-mavericks 0.4-2 ERROR
r-release-windows-ix86+x86_64 0.4-2 17.00 76.00 93.00 OK
r-oldrel-windows-ix86+x86_64 0.4-2 7.00 2.00 9.00 ERROR

Check Details

Version: 0.4-2
Check: package dependencies
Result: ERROR
    Packages required but not available: ‘pbdMPI’ ‘pbdBASE’
    
    See section ‘The DESCRIPTION file’ in the ‘Writing R Extensions’
    manual.
Flavor: r-release-osx-x86_64-mavericks

Version: 0.4-2
Check: package dependencies
Result: ERROR
    Package required and available but unsuitable version: 'pbdBASE'
    
    See section 'The DESCRIPTION file' in the 'Writing R Extensions'
    manual.
Flavor: r-oldrel-windows-ix86+x86_64