CRAN Package Check Results for Package pbdDMAT

Last updated on 2014-07-25 03:49:50.

Flavor Version Tinstall Tcheck Ttotal Status Flags
r-devel-linux-x86_64-debian-clang 0.2-3 3.55 37.86 41.41 OK
r-devel-linux-x86_64-debian-gcc 0.2-3 3.22 35.58 38.80 OK
r-devel-linux-x86_64-fedora-clang 0.2-3 80.07 OK
r-devel-linux-x86_64-fedora-gcc 0.2-3 75.27 OK
r-devel-osx-x86_64-clang 0.2-3 72.04 OK
r-devel-windows-ix86+x86_64 0.2-3 1.00 1.00 2.00 ERROR
r-patched-linux-x86_64 0.2-3 3.72 39.40 43.12 OK
r-patched-solaris-sparc 0.2-3 441.90 OK
r-patched-solaris-x86 0.2-3 97.40 OK
r-release-linux-ix86 0.2-3 3.86 45.27 49.14 OK
r-release-linux-x86_64 0.2-3 3.90 38.62 42.52 OK
r-release-osx-x86_64-mavericks 0.2-3 ERROR
r-release-osx-x86_64-snowleopard 0.2-3 OK
r-release-windows-ix86+x86_64 0.2-3 1.00 2.00 3.00 ERROR
r-oldrel-windows-ix86+x86_64 0.2-3 1.00 1.00 2.00 ERROR

Check Details

Version: 0.2-3
Check: package dependencies
Result: ERROR
    Package required but not available: 'pbdBASE'
    
    See the information on DESCRIPTION files in the chapter 'Creating R
    packages' of the 'Writing R Extensions' manual.
Flavors: r-devel-windows-ix86+x86_64, r-release-windows-ix86+x86_64, r-oldrel-windows-ix86+x86_64

Version: 0.2-3
Check: package dependencies
Result: ERROR
    Packages required but not available: ‘pbdMPI’ ‘pbdSLAP’ ‘pbdBASE’
    
    See the information on DESCRIPTION files in the chapter ‘Creating R
    packages’ of the ‘Writing R Extensions’ manual.
Flavor: r-release-osx-x86_64-mavericks