CRAN Package Check Results for Package pbdDMAT

Last updated on 2014-04-24 03:47:50.

Flavor Version Tinstall Tcheck Ttotal Status Flags
r-devel-linux-x86_64-debian-clang 0.2-3 3.70 40.35 44.05 OK
r-devel-linux-x86_64-debian-gcc 0.2-3 3.41 39.14 42.55 OK
r-devel-linux-x86_64-fedora-clang 0.2-3 79.70 OK
r-devel-linux-x86_64-fedora-gcc 0.2-3 78.62 OK
r-devel-osx-x86_64-clang 0.2-3 75.17 OK
r-devel-osx-x86_64-gcc 0.2-3 OK
r-patched-linux-x86_64 0.2-3 3.59 39.38 42.97 OK
r-patched-solaris-sparc 0.2-3 441.90 OK
r-patched-solaris-x86 0.2-3 97.80 OK
r-release-linux-ix86 0.2-3 6.00 62.00 68.00 OK
r-release-linux-x86_64 0.2-3 3.36 39.22 42.58 OK
r-release-osx-x86_64-mavericks 0.2-3 ERROR
r-release-osx-x86_64-snowleopard 0.2-3 OK

Check Details

Version: 0.2-3
Check: package dependencies
Result: ERROR
    Packages required but not available: ‘pbdMPI’ ‘pbdSLAP’ ‘pbdBASE’
    
    See the information on DESCRIPTION files in the chapter ‘Creating R
    packages’ of the ‘Writing R Extensions’ manual.
Flavor: r-release-osx-x86_64-mavericks