CRAN Package Check Results for Package pbdDMAT

Last updated on 2017-12-15 02:48:37 CET.

Flavor Version Tinstall Tcheck Ttotal Status Flags
r-devel-linux-x86_64-debian-clang 0.4-2 8.97 39.12 48.09 FAIL
r-devel-linux-x86_64-debian-gcc 0.4-2 9.08 47.57 56.65 NOTE
r-devel-linux-x86_64-fedora-clang 0.4-2 81.89 NOTE
r-devel-linux-x86_64-fedora-gcc 0.4-2 78.66 NOTE
r-devel-windows-ix86+x86_64 0.4-2 24.00 81.00 105.00 NOTE
r-patched-linux-x86_64 0.4-2 8.80 59.06 67.86 NOTE
r-patched-solaris-x86 0.4-2 99.50 NOTE
r-release-linux-x86_64 0.4-2 8.52 60.86 69.38 NOTE
r-release-windows-ix86+x86_64 0.4-2 20.00 79.00 99.00 NOTE
r-release-osx-x86_64 0.4-2 ERROR
r-oldrel-windows-ix86+x86_64 0.4-2 17.00 76.00 93.00 OK
r-oldrel-osx-x86_64 0.4-2 ERROR

Additional issues

rchk

Check Details

Version: 0.4-2
Check: S3 generic/method consistency
Result: NOTE
    Found the following apparent S3 methods exported but not registered:
     cbind.ddmatrix rbind.ddmatrix
    See section ‘Registering S3 methods’ in the ‘Writing R Extensions’
    manual.
Flavors: r-devel-linux-x86_64-debian-clang, r-devel-linux-x86_64-debian-gcc, r-devel-linux-x86_64-fedora-clang, r-devel-linux-x86_64-fedora-gcc, r-patched-linux-x86_64, r-patched-solaris-x86, r-release-linux-x86_64

Version: 0.4-2
Check: Rd \usage sections
Result: NOTE
    S3 methods shown with full name in documentation object 'binds':
     ‘rbind.ddmatrix’ ‘cbind.ddmatrix’
    
    The \usage entries for S3 methods should use the \method markup and not
    their full name.
    See chapter ‘Writing R documentation files’ in the ‘Writing R
    Extensions’ manual.
Flavors: r-devel-linux-x86_64-debian-clang, r-devel-linux-x86_64-debian-gcc, r-devel-linux-x86_64-fedora-clang, r-devel-linux-x86_64-fedora-gcc, r-devel-windows-ix86+x86_64, r-patched-linux-x86_64, r-patched-solaris-x86, r-release-linux-x86_64, r-release-windows-ix86+x86_64

Version: 0.4-2
Check: pragmas in C/C++ headers and code
Result: FAIL
    
Flavor: r-devel-linux-x86_64-debian-clang

Version: 0.4-2
Check: compiled code
Result: NOTE
    File ‘pbdDMAT/libs/pbdDMAT.so’:
     Found no calls to: ‘R_registerRoutines’, ‘R_useDynamicSymbols’
    
    It is good practice to register native routines and to disable symbol
    search.
    
    See ‘Writing portable packages’ in the ‘Writing R Extensions’ manual.
Flavors: r-devel-linux-x86_64-debian-gcc, r-devel-linux-x86_64-fedora-clang, r-devel-linux-x86_64-fedora-gcc, r-patched-linux-x86_64, r-release-linux-x86_64

Version: 0.4-2
Check: package dependencies
Result: ERROR
    Packages required but not available: ‘pbdMPI’ ‘pbdBASE’
    
    See section ‘The DESCRIPTION file’ in the ‘Writing R Extensions’
    manual.
Flavors: r-release-osx-x86_64, r-oldrel-osx-x86_64