CRAN Package Check Results for Package pbdDMAT

Last updated on 2014-11-26 16:49:05.

Flavor Version Tinstall Tcheck Ttotal Status Flags
r-devel-linux-x86_64-debian-clang 0.2-3 3.18 38.68 41.86 NOTE
r-devel-linux-x86_64-debian-gcc 0.2-3 2.94 36.94 39.87 NOTE
r-devel-linux-x86_64-fedora-clang 0.2-3 77.78 NOTE
r-devel-linux-x86_64-fedora-gcc 0.2-3 75.17 NOTE
r-devel-osx-x86_64-clang 0.2-3 71.78 NOTE
r-devel-windows-ix86+x86_64 0.2-3 0.00 1.00 1.00 ERROR
r-patched-linux-x86_64 0.2-3 3.31 40.03 43.34 NOTE
r-patched-solaris-sparc 0.2-3 423.30 NOTE
r-patched-solaris-x86 0.2-3 94.80 NOTE
r-release-linux-ix86 0.2-3 3.43 42.73 46.16 NOTE
r-release-linux-x86_64 0.2-3 3.15 39.52 42.67 NOTE
r-release-osx-x86_64-mavericks 0.2-3 ERROR
r-release-osx-x86_64-snowleopard 0.2-3 OK
r-release-windows-ix86+x86_64 0.2-3 1.00 1.00 2.00 ERROR
r-oldrel-windows-ix86+x86_64 0.2-3 1.00 3.00 4.00 ERROR

Check Details

Version: 0.2-3
Check: R code for possible problems
Result: NOTE
    Hilbert: no visible binding for global variable ‘.BLDIM’
    Hilbert: no visible binding for global variable ‘.ICTXT’
    allcolreduce: no visible binding for global variable ‘.ICTXT’
    allrowreduce: no visible binding for global variable ‘.ICTXT’
    as.blockcyclic: no visible binding for global variable ‘.BLDIM’
    as.colcyclic: no visible binding for global variable ‘.BLDIM’
    as.rowcyclic: no visible binding for global variable ‘.BLDIM’
    base.cbind: no visible binding for global variable ‘.ICTXT’
    base.distribute: no visible binding for global variable ‘.BLDIM’
    base.distribute: no visible binding for global variable ‘.ICTXT’
    base.mat.to.ddmat: no visible binding for global variable ‘.BLDIM’
    base.mat.to.ddmat: no visible binding for global variable ‘.ICTXT’
    base.rbind: no visible binding for global variable ‘.ICTXT’
    base.rbind2: no visible binding for global variable ‘.ICTXT’
    cbind: no visible binding for global variable ‘.ICTXT’
    colreduce: no visible binding for global variable ‘.ICTXT’
    companion: no visible binding for global variable ‘.BLDIM’
    companion: no visible binding for global variable ‘.ICTXT’
    distribute: no visible binding for global variable ‘.BLDIM’
    distribute: no visible binding for global variable ‘.ICTXT’
    dmat.allcolreduce: no visible binding for global variable ‘.ICTXT’
    dmat.allrowreduce: no visible binding for global variable ‘.ICTXT’
    dmat.as.blockcyclic: no visible binding for global variable ‘.BLDIM’
    dmat.as.colcyclic: no visible binding for global variable ‘.BLDIM’
    dmat.as.ddmatrix: no visible binding for global variable ‘.BLDIM’
    dmat.as.ddmatrix: no visible binding for global variable ‘.ICTXT’
    dmat.as.rowcyclic: no visible binding for global variable ‘.BLDIM’
    dmat.colreduce: no visible binding for global variable ‘.ICTXT’
    dmat.reblock: no visible binding for global variable ‘.ICTXT’
    dmat.redistribute: no visible binding for global variable ‘.ICTXT’
    dmat.rowreduce: no visible binding for global variable ‘.ICTXT’
    rbind: no visible binding for global variable ‘.ICTXT’
    reblock: no visible binding for global variable ‘.ICTXT’
    redistribute: no visible binding for global variable ‘.ICTXT’
    rowreduce: no visible binding for global variable ‘.ICTXT’
    valid.ddmatrix: no visible binding for global variable ‘.pbdBASEEnv’
    cbind,ANY: no visible binding for global variable ‘.ICTXT’
    rbind,ANY: no visible binding for global variable ‘.ICTXT’
Flavors: r-devel-linux-x86_64-debian-clang, r-devel-linux-x86_64-debian-gcc, r-devel-linux-x86_64-fedora-clang, r-devel-linux-x86_64-fedora-gcc, r-devel-osx-x86_64-clang, r-patched-linux-x86_64, r-patched-solaris-sparc, r-patched-solaris-x86, r-release-linux-ix86, r-release-linux-x86_64

Version: 0.2-3
Check: package dependencies
Result: ERROR
    Package required but not available: 'pbdBASE'
    
    See the information on DESCRIPTION files in the chapter 'Creating R
    packages' of the 'Writing R Extensions' manual.
Flavors: r-devel-windows-ix86+x86_64, r-release-windows-ix86+x86_64, r-oldrel-windows-ix86+x86_64

Version: 0.2-3
Check: package dependencies
Result: ERROR
    Packages required but not available: ‘pbdMPI’ ‘pbdSLAP’ ‘pbdBASE’
    
    See the information on DESCRIPTION files in the chapter ‘Creating R
    packages’ of the ‘Writing R Extensions’ manual.
Flavor: r-release-osx-x86_64-mavericks