CRAN Package Check Results for Package pbdDMAT

Last updated on 2016-08-27 12:47:38.

Flavor Version Tinstall Tcheck Ttotal Status Flags
r-devel-linux-x86_64-debian-clang 0.4-0 6.55 38.32 44.87 WARN
r-devel-linux-x86_64-debian-gcc 0.4-0 8.37 48.63 57.00 WARN
r-devel-linux-x86_64-fedora-clang 0.4-0 78.19 WARN
r-devel-linux-x86_64-fedora-gcc 0.4-0 74.66 WARN
r-devel-osx-x86_64-clang 0.4-0 65.39 WARN
r-devel-windows-ix86+x86_64 0.4-0 26.00 104.00 130.00 WARN
r-patched-linux-x86_64 0.4-0 6.20 37.83 44.03 WARN
r-patched-solaris-sparc 0.4-0 436.40 WARN
r-patched-solaris-x86 0.4-0 88.30 WARN
r-release-linux-x86_64 0.4-0 6.90 37.45 44.35 OK
r-release-osx-x86_64-mavericks 0.4-0 ERROR
r-release-windows-ix86+x86_64 0.4-0 15.00 85.00 100.00 OK
r-oldrel-windows-ix86+x86_64 0.4-0 18.00 101.00 119.00 OK

Check Details

Version: 0.4-0
Check: compilation flags in Makevars
Result: WARN
    Non-portable flags in variable 'PKG_CFLAGS':
     -w
Flavors: r-devel-linux-x86_64-debian-clang, r-devel-linux-x86_64-debian-gcc, r-devel-linux-x86_64-fedora-clang, r-devel-linux-x86_64-fedora-gcc, r-devel-osx-x86_64-clang, r-devel-windows-ix86+x86_64, r-patched-linux-x86_64, r-patched-solaris-sparc, r-patched-solaris-x86

Version: 0.4-0
Check: package dependencies
Result: ERROR
    Packages required but not available: ‘pbdMPI’ ‘pbdBASE’
    
    See section ‘The DESCRIPTION file’ in the ‘Writing R Extensions’
    manual.
Flavor: r-release-osx-x86_64-mavericks