CRAN Package Check Results for Package pbdDMAT

Last updated on 2018-05-22 22:48:41 CEST.

Flavor Version Tinstall Tcheck Ttotal Status Flags
r-devel-linux-x86_64-debian-clang 0.4-2 8.11 59.19 67.30 NOTE
r-devel-linux-x86_64-debian-gcc 0.4-2 9.51 47.05 56.56 NOTE
r-devel-linux-x86_64-fedora-clang 0.4-2 86.92 NOTE
r-devel-linux-x86_64-fedora-gcc 0.4-2 83.45 NOTE
r-devel-windows-ix86+x86_64 0.4-2 19.00 91.00 110.00 NOTE
r-patched-linux-x86_64 0.4-2 10.50 55.92 66.42 NOTE
r-patched-solaris-x86 0.4-2 109.30 NOTE
r-release-linux-x86_64 0.4-2 10.74 56.14 66.88 NOTE
r-release-windows-ix86+x86_64 0.4-2 19.00 86.00 105.00 NOTE
r-release-osx-x86_64 0.4-2 ERROR
r-oldrel-windows-ix86+x86_64 0.4-2 22.00 103.00 125.00 NOTE
r-oldrel-osx-x86_64 0.4-2 ERROR

Additional issues

rchk

Check Details

Version: 0.4-2
Check: S3 generic/method consistency
Result: NOTE
    Found the following apparent S3 methods exported but not registered:
     cbind.ddmatrix rbind.ddmatrix
    See section ‘Registering S3 methods’ in the ‘Writing R Extensions’
    manual.
Flavors: r-devel-linux-x86_64-debian-clang, r-devel-linux-x86_64-debian-gcc, r-devel-linux-x86_64-fedora-clang, r-devel-linux-x86_64-fedora-gcc, r-patched-linux-x86_64, r-patched-solaris-x86, r-release-linux-x86_64

Version: 0.4-2
Check: Rd \usage sections
Result: NOTE
    S3 methods shown with full name in documentation object 'binds':
     ‘rbind.ddmatrix’ ‘cbind.ddmatrix’
    
    The \usage entries for S3 methods should use the \method markup and not
    their full name.
    See chapter ‘Writing R documentation files’ in the ‘Writing R
    Extensions’ manual.
Flavors: r-devel-linux-x86_64-debian-clang, r-devel-linux-x86_64-debian-gcc, r-devel-linux-x86_64-fedora-clang, r-devel-linux-x86_64-fedora-gcc, r-devel-windows-ix86+x86_64, r-patched-linux-x86_64, r-patched-solaris-x86, r-release-linux-x86_64, r-release-windows-ix86+x86_64, r-oldrel-windows-ix86+x86_64

Version: 0.4-2
Check: compiled code
Result: NOTE
    File ‘pbdDMAT/libs/pbdDMAT.so’:
     Found no calls to: ‘R_registerRoutines’, ‘R_useDynamicSymbols’
    
    It is good practice to register native routines and to disable symbol
    search.
    
    See ‘Writing portable packages’ in the ‘Writing R Extensions’ manual.
Flavors: r-devel-linux-x86_64-debian-clang, r-devel-linux-x86_64-debian-gcc, r-devel-linux-x86_64-fedora-clang, r-devel-linux-x86_64-fedora-gcc, r-patched-linux-x86_64, r-release-linux-x86_64

Version: 0.4-2
Check: package dependencies
Result: ERROR
    Packages required but not available: ‘pbdMPI’ ‘pbdBASE’
    
    See section ‘The DESCRIPTION file’ in the ‘Writing R Extensions’
    manual.
Flavors: r-release-osx-x86_64, r-oldrel-osx-x86_64