CRAN Package Check Results for Package pbdDMAT

Last updated on 2017-02-22 13:51:01.

Flavor Version Tinstall Tcheck Ttotal Status Flags
r-devel-linux-x86_64-debian-clang 0.4-2 7.58 44.41 51.99 NOTE
r-devel-linux-x86_64-debian-gcc 0.4-2 7.29 43.97 51.25 NOTE
r-devel-linux-x86_64-fedora-clang 0.4-2 82.40 NOTE --no-stop-on-test-error
r-devel-linux-x86_64-fedora-gcc 0.4-2 84.29 NOTE --no-stop-on-test-error
r-devel-macos-x86_64-clang 0.4-2 67.96 NOTE --no-stop-on-test-error
r-devel-windows-ix86+x86_64 0.4-2 30.00 109.00 139.00 OK
r-patched-linux-x86_64 0.4-2 6.84 43.68 50.52 OK
r-patched-solaris-sparc 0.4-2 438.60 OK
r-patched-solaris-x86 0.4-2 89.20 OK
r-release-linux-x86_64 0.4-2 6.92 41.45 48.37 OK
r-release-osx-x86_64-mavericks 0.4-2 ERROR
r-release-windows-ix86+x86_64 0.4-2 17.00 76.00 93.00 OK
r-oldrel-windows-ix86+x86_64 0.4-2 7.00 2.00 9.00 ERROR

Check Details

Version: 0.4-2
Check: compiled code
Result: NOTE
    File ‘pbdDMAT/libs/pbdDMAT.so’:
     Found no calls to: ‘R_registerRoutines’, ‘R_useDynamicSymbols’
    
    It is good practice to register native routines and to disable symbol
    search.
    
    See ‘Writing portable packages’ in the ‘Writing R Extensions’ manual.
Flavors: r-devel-linux-x86_64-debian-clang, r-devel-linux-x86_64-debian-gcc

Version: 0.4-2
Flags: --no-stop-on-test-error
Check: compiled code
Result: NOTE
    File ‘pbdDMAT/libs/pbdDMAT.so’:
     Found no calls to: ‘R_registerRoutines’, ‘R_useDynamicSymbols’
    
    It is good practice to register native routines and to disable symbol
    search.
    
    See ‘Writing portable packages’ in the ‘Writing R Extensions’ manual.
Flavors: r-devel-linux-x86_64-fedora-clang, r-devel-linux-x86_64-fedora-gcc, r-devel-macos-x86_64-clang

Version: 0.4-2
Check: package dependencies
Result: ERROR
    Packages required but not available: ‘pbdMPI’ ‘pbdBASE’
    
    See section ‘The DESCRIPTION file’ in the ‘Writing R Extensions’
    manual.
Flavor: r-release-osx-x86_64-mavericks

Version: 0.4-2
Check: package dependencies
Result: ERROR
    Package required and available but unsuitable version: 'pbdBASE'
    
    See section 'The DESCRIPTION file' in the 'Writing R Extensions'
    manual.
Flavor: r-oldrel-windows-ix86+x86_64