CRAN Package Check Results for Package pbdDMAT

Last updated on 2017-04-27 15:50:31.

Flavor Version Tinstall Tcheck Ttotal Status Flags
r-devel-linux-x86_64-debian-clang 0.4-2 7.15 43.33 50.48 NOTE
r-devel-linux-x86_64-debian-gcc 0.4-2 7.27 42.57 49.85 NOTE
r-devel-linux-x86_64-fedora-clang 0.4-2 91.77 NOTE --no-stop-on-test-error
r-devel-linux-x86_64-fedora-gcc 0.4-2 80.33 NOTE --no-stop-on-test-error
r-devel-windows-ix86+x86_64 0.4-2 26.00 86.00 112.00 OK
r-patched-linux-x86_64 0.4-2 7.13 43.89 51.02 NOTE
r-patched-solaris-sparc 0.4-2 488.50 OK
r-patched-solaris-x86 0.4-2 97.00 OK
r-release-linux-x86_64 0.4-2 7.09 43.35 50.44 NOTE
r-release-windows-ix86+x86_64 0.4-2 17.00 80.00 97.00 OK
r-release-osx-x86_64 0.4-2 ERROR
r-oldrel-windows-ix86+x86_64 0.4-2 17.00 76.00 93.00 OK
r-oldrel-osx-x86_64 0.4-2 ERROR

Check Details

Version: 0.4-2
Check: compiled code
Result: NOTE
    File ‘pbdDMAT/libs/pbdDMAT.so’:
     Found no calls to: ‘R_registerRoutines’, ‘R_useDynamicSymbols’
    
    It is good practice to register native routines and to disable symbol
    search.
    
    See ‘Writing portable packages’ in the ‘Writing R Extensions’ manual.
Flavors: r-devel-linux-x86_64-debian-clang, r-devel-linux-x86_64-debian-gcc, r-patched-linux-x86_64, r-release-linux-x86_64

Version: 0.4-2
Flags: --no-stop-on-test-error
Check: compiled code
Result: NOTE
    File ‘pbdDMAT/libs/pbdDMAT.so’:
     Found no calls to: ‘R_registerRoutines’, ‘R_useDynamicSymbols’
    
    It is good practice to register native routines and to disable symbol
    search.
    
    See ‘Writing portable packages’ in the ‘Writing R Extensions’ manual.
Flavors: r-devel-linux-x86_64-fedora-clang, r-devel-linux-x86_64-fedora-gcc

Version: 0.4-2
Check: package dependencies
Result: ERROR
    Packages required but not available: ‘pbdMPI’ ‘pbdBASE’
    
    See section ‘The DESCRIPTION file’ in the ‘Writing R Extensions’
    manual.
Flavors: r-release-osx-x86_64, r-oldrel-osx-x86_64