CRAN Package Check Results for Package pbdDMAT

Last updated on 2017-08-18 17:47:53.

Flavor Version Tinstall Tcheck Ttotal Status Flags
r-devel-linux-x86_64-debian-clang 0.4-2 7.30 44.43 51.72 NOTE
r-devel-linux-x86_64-debian-gcc 0.4-2 7.44 42.57 50.02 NOTE
r-devel-linux-x86_64-fedora-clang 0.4-2 85.15 NOTE
r-devel-linux-x86_64-fedora-gcc 0.4-2 86.93 NOTE
r-devel-windows-ix86+x86_64 0.4-2 25.00 89.00 114.00 NOTE
r-patched-linux-x86_64 0.4-2 6.93 42.31 49.25 NOTE
r-patched-solaris-x86 0.4-2 101.90 NOTE
r-release-linux-x86_64 0.4-2 7.05 42.82 49.87 NOTE
r-release-windows-ix86+x86_64 0.4-2 20.00 79.00 99.00 NOTE
r-release-osx-x86_64 0.4-2 ERROR
r-oldrel-windows-ix86+x86_64 0.4-2 17.00 76.00 93.00 OK
r-oldrel-osx-x86_64 0.4-2 ERROR

Additional issues

rchk

Check Details

Version: 0.4-2
Check: S3 generic/method consistency
Result: NOTE
    Found the following apparent S3 methods exported but not registered:
     cbind.ddmatrix rbind.ddmatrix
    See section ‘Registering S3 methods’ in the ‘Writing R Extensions’
    manual.
Flavors: r-devel-linux-x86_64-debian-clang, r-devel-linux-x86_64-debian-gcc, r-devel-linux-x86_64-fedora-clang, r-devel-linux-x86_64-fedora-gcc, r-patched-linux-x86_64, r-patched-solaris-x86, r-release-linux-x86_64

Version: 0.4-2
Check: Rd \usage sections
Result: NOTE
    S3 methods shown with full name in documentation object 'binds':
     ‘rbind.ddmatrix’ ‘cbind.ddmatrix’
    
    The \usage entries for S3 methods should use the \method markup and not
    their full name.
    See chapter ‘Writing R documentation files’ in the ‘Writing R
    Extensions’ manual.
Flavors: r-devel-linux-x86_64-debian-clang, r-devel-linux-x86_64-debian-gcc, r-devel-linux-x86_64-fedora-clang, r-devel-linux-x86_64-fedora-gcc, r-devel-windows-ix86+x86_64, r-patched-linux-x86_64, r-patched-solaris-x86, r-release-linux-x86_64, r-release-windows-ix86+x86_64

Version: 0.4-2
Check: compiled code
Result: NOTE
    File ‘pbdDMAT/libs/pbdDMAT.so’:
     Found no calls to: ‘R_registerRoutines’, ‘R_useDynamicSymbols’
    
    It is good practice to register native routines and to disable symbol
    search.
    
    See ‘Writing portable packages’ in the ‘Writing R Extensions’ manual.
Flavors: r-devel-linux-x86_64-debian-clang, r-devel-linux-x86_64-debian-gcc, r-devel-linux-x86_64-fedora-clang, r-devel-linux-x86_64-fedora-gcc, r-patched-linux-x86_64, r-release-linux-x86_64

Version: 0.4-2
Check: package dependencies
Result: ERROR
    Packages required but not available: ‘pbdMPI’ ‘pbdBASE’
    
    See section ‘The DESCRIPTION file’ in the ‘Writing R Extensions’
    manual.
Flavors: r-release-osx-x86_64, r-oldrel-osx-x86_64