CRAN Package Check Results for Package pbdDMAT

Last updated on 2016-05-24 08:48:49.

Flavor Version Tinstall Tcheck Ttotal Status Flags
r-devel-linux-x86_64-debian-gcc 0.4-0 5.98 37.93 43.91 OK
r-devel-linux-x86_64-fedora-clang 0.4-0 74.85 OK
r-devel-linux-x86_64-fedora-gcc 0.4-0 72.44 OK
r-devel-osx-x86_64-clang 0.4-0 91.58 OK
r-devel-windows-ix86+x86_64 0.4-0 17.00 102.00 119.00 OK
r-patched-linux-x86_64 0.4-0 6.32 37.43 43.75 OK
r-patched-solaris-sparc 0.4-0 439.20 OK
r-patched-solaris-x86 0.4-0 90.30 OK
r-release-linux-x86_64 0.4-0 6.35 36.91 43.26 OK
r-release-osx-x86_64-mavericks 0.4-0 ERROR
r-release-windows-ix86+x86_64 0.4-0 17.00 102.00 119.00 OK
r-oldrel-windows-ix86+x86_64 0.4-0 18.00 101.00 119.00 OK

Check Details

Version: 0.4-0
Check: package dependencies
Result: ERROR
    Packages required but not available: ‘pbdMPI’ ‘pbdBASE’
    
    See section ‘The DESCRIPTION file’ in the ‘Writing R Extensions’
    manual.
Flavor: r-release-osx-x86_64-mavericks