CRAN Package Check Results for Package pbdDMAT

Last updated on 2016-09-28 15:48:06.

Flavor Version Tinstall Tcheck Ttotal Status Flags
r-devel-linux-x86_64-debian-clang 0.4-0 6.76 41.04 47.80 ERROR
r-devel-linux-x86_64-debian-gcc 0.4-0 6.60 40.77 47.37 ERROR
r-devel-linux-x86_64-fedora-clang 0.4-0 78.16 ERROR
r-devel-linux-x86_64-fedora-gcc 0.4-0 73.91 ERROR
r-devel-macos-x86_64-clang 0.4-0 64.53 ERROR
r-devel-windows-ix86+x86_64 0.4-0 23.00 106.00 129.00 ERROR
r-patched-linux-x86_64 0.4-0 7.06 42.92 49.98 WARN
r-patched-solaris-sparc 0.4-0 436.40 WARN
r-patched-solaris-x86 0.4-0 86.00 WARN
r-release-linux-x86_64 0.4-0 6.81 41.15 47.96 OK
r-release-osx-x86_64-mavericks 0.4-0 ERROR
r-release-windows-ix86+x86_64 0.4-0 25.00 101.00 126.00 OK
r-oldrel-windows-ix86+x86_64 0.4-0 18.00 101.00 119.00 OK

Check Details

Version: 0.4-0
Check: compilation flags in Makevars
Result: WARN
    Non-portable flags in variable 'PKG_CFLAGS':
     -w
Flavors: r-devel-linux-x86_64-debian-clang, r-devel-linux-x86_64-debian-gcc, r-devel-linux-x86_64-fedora-clang, r-devel-linux-x86_64-fedora-gcc, r-devel-macos-x86_64-clang, r-devel-windows-ix86+x86_64, r-patched-linux-x86_64, r-patched-solaris-sparc, r-patched-solaris-x86

Version: 0.4-0
Check: files in ‘vignettes’
Result: WARN
    Files in the 'vignettes' directory newer than all files in 'inst/doc':
     ‘include/00-copyright.tex’, ‘include/preamble.tex’,
     ‘include/titlepage.tex’,
     ‘workingwith-include/00-acknowledgement.tex’,
     ‘workingwith-include/00-copyright.tex’,
     ‘workingwith-include/00-zzz-abstract.tex’,
     ‘workingwith-include/01-introduction.tex’,
     ‘workingwith-include/preamble.tex’
Flavors: r-devel-linux-x86_64-debian-clang, r-devel-linux-x86_64-debian-gcc, r-devel-linux-x86_64-fedora-clang, r-devel-linux-x86_64-fedora-gcc, r-devel-macos-x86_64-clang, r-devel-windows-ix86+x86_64

Version: 0.4-0
Check: tests
Result: ERROR
    Running the tests in ‘tests/valgrind.r’ failed.
    Last 13 lines of output:
     Using 1x1 for the default grid size
    
     >
     >
     > m <- 100
     > n <- 100
     > x <- ddmatrix("rnorm", m, n)
     > y <- ddmatrix("rnorm", m, 1)
     >
     > cov.x <- cov(x)
     > beta <- lm.fit(x, y)
     Error in base.rpdgemr2d(x = dx@Data, descx = descx, descy = descy) :
     object 'ret' not found
     Calls: lm.fit ... lm.fit -> .local -> dmat.redistribute -> base.rpdgemr2d
     Execution halted
Flavors: r-devel-linux-x86_64-debian-clang, r-devel-linux-x86_64-debian-gcc, r-devel-linux-x86_64-fedora-clang, r-devel-linux-x86_64-fedora-gcc, r-devel-macos-x86_64-clang

Version: 0.4-0
Check: running tests for arch ‘i386’
Result: ERROR
    Running the tests in 'tests/valgrind.r' failed.
    Last 13 lines of output:
     scale, summary, svd, sweep, t
    
     > init.grid()
     Using 1x1 for the default grid size
    
     >
     >
     > m <- 100
     > n <- 100
     > x <- ddmatrix("rnorm", m, n)
     > y <- ddmatrix("rnorm", m, 1)
     >
     > cov.x <- cov(x)
     At line 10 of file base/linalg/pcrossprod.f90
     Fortran runtime error: Actual string length is shorter than the declared one for dummy argument 'trans' (0/1)
Flavor: r-devel-windows-ix86+x86_64

Version: 0.4-0
Check: running tests for arch ‘x64’
Result: ERROR
    Running the tests in 'tests/valgrind.r' failed.
    Last 13 lines of output:
     scale, summary, svd, sweep, t
    
     > init.grid()
     Using 1x1 for the default grid size
    
     >
     >
     > m <- 100
     > n <- 100
     > x <- ddmatrix("rnorm", m, n)
     > y <- ddmatrix("rnorm", m, 1)
     >
     > cov.x <- cov(x)
     At line 1 of file dtzpad.f
     Fortran runtime error: Actual string length is shorter than the declared one for dummy argument 'uplo' (0/1)
Flavor: r-devel-windows-ix86+x86_64

Version: 0.4-0
Check: package dependencies
Result: ERROR
    Packages required but not available: ‘pbdMPI’ ‘pbdBASE’
    
    See section ‘The DESCRIPTION file’ in the ‘Writing R Extensions’
    manual.
Flavor: r-release-osx-x86_64-mavericks