CRAN Package Check Results for Package pbdDMAT

Last updated on 2016-07-26 13:49:06.

Flavor Version Tinstall Tcheck Ttotal Status Flags
r-devel-linux-x86_64-debian-clang 0.4-0 7.60 43.68 51.28 OK
r-devel-linux-x86_64-debian-gcc 0.4-0 7.54 43.83 51.36 OK
r-devel-linux-x86_64-fedora-clang 0.4-0 75.34 OK
r-devel-linux-x86_64-fedora-gcc 0.4-0 70.27 OK
r-devel-osx-x86_64-clang 0.4-0 64.49 OK
r-devel-windows-ix86+x86_64 0.4-0 19.00 83.00 102.00 OK
r-patched-linux-x86_64 0.4-0 7.83 44.52 52.35 OK
r-patched-solaris-sparc 0.4-0 439.20 OK
r-patched-solaris-x86 0.4-0 88.00 OK
r-release-linux-x86_64 0.4-0 7.49 42.71 50.20 OK
r-release-osx-x86_64-mavericks 0.4-0 ERROR
r-release-windows-ix86+x86_64 0.4-0 15.00 85.00 100.00 OK
r-oldrel-windows-ix86+x86_64 0.4-0 18.00 101.00 119.00 OK

Check Details

Version: 0.4-0
Check: package dependencies
Result: ERROR
    Packages required but not available: ‘pbdMPI’ ‘pbdBASE’
    
    See section ‘The DESCRIPTION file’ in the ‘Writing R Extensions’
    manual.
Flavor: r-release-osx-x86_64-mavericks