CRAN Package Check Results for Package pbdMPI

Last updated on 2016-08-27 12:47:38.

Flavor Version Tinstall Tcheck Ttotal Status Flags
r-devel-linux-x86_64-debian-clang 0.3-2 6.30 32.53 38.83 OK
r-devel-linux-x86_64-debian-gcc 0.3-2 7.51 42.59 50.10 OK
r-devel-linux-x86_64-fedora-clang 0.3-2 61.59 OK
r-devel-linux-x86_64-fedora-gcc 0.3-2 58.56 OK
r-devel-osx-x86_64-clang 0.3-2 51.41 OK
r-devel-windows-ix86+x86_64 0.3-2 81.00 82.00 163.00 OK
r-patched-linux-x86_64 0.3-2 5.24 32.19 37.43 OK
r-patched-solaris-sparc 0.3-2 350.30 OK
r-patched-solaris-x86 0.3-2 70.80 OK
r-release-linux-x86_64 0.3-2 5.45 31.40 36.84 OK
r-release-osx-x86_64-mavericks 0.3-2 ERROR
r-release-windows-ix86+x86_64 0.3-2 34.00 65.00 99.00 OK
r-oldrel-windows-ix86+x86_64 0.3-2 6.00 3.00 9.00 ERROR

Check Details

Version: 0.3-2
Check: package dependencies
Result: NOTE
    Package which this enhances but not available for checking: ‘pbdPROF’
Flavor: r-release-osx-x86_64-mavericks

Version: 0.3-2
Check: whether package can be installed
Result: ERROR
    Installation failed.
Flavors: r-release-osx-x86_64-mavericks, r-oldrel-windows-ix86+x86_64