CRAN Package Check Results for Package pbdMPI

Last updated on 2016-05-27 15:46:51.

Flavor Version Tinstall Tcheck Ttotal Status Flags
r-devel-linux-x86_64-debian-gcc 0.3-1 5.79 30.57 36.35 OK
r-devel-linux-x86_64-fedora-clang 0.3-1 58.81 OK
r-devel-linux-x86_64-fedora-gcc 0.3-1 55.41 OK
r-devel-osx-x86_64-clang 0.3-1 51.44 OK --install=fake
r-devel-windows-ix86+x86_64 0.3-1 5.00 4.00 9.00 ERROR
r-patched-linux-x86_64 0.3-1 5.48 33.12 38.59 OK
r-patched-solaris-sparc 0.3-1 348.40 OK
r-patched-solaris-x86 0.3-1 73.70 OK
r-release-linux-x86_64 0.3-1 5.20 30.60 35.80 OK
r-release-osx-x86_64-mavericks 0.3-1 ERROR
r-release-windows-ix86+x86_64 0.3-1 5.00 4.00 9.00 ERROR
r-oldrel-windows-ix86+x86_64 0.3-1 74.00 67.00 141.00 OK

Check Details

Version: 0.3-1
Check: whether package can be installed
Result: ERROR
    Installation failed.
Flavors: r-devel-windows-ix86+x86_64, r-release-windows-ix86+x86_64

Version: 0.3-1
Check: package dependencies
Result: NOTE
    Package which this enhances but not available for checking: ‘pbdPROF’
Flavor: r-release-osx-x86_64-mavericks

Version: 0.3-1
Check: whether package can be installed
Result: ERROR
    Installation failed.
    See ‘/Builds/CRAN-QA-Simon/packages/mavericks-x86_64/results/3.3/pbdMPI.Rcheck/00install.out’ for details.
    * DONE
    Status: 1 ERROR, 1 NOTE
Flavor: r-release-osx-x86_64-mavericks