CRAN Package Check Results for Package pbdMPI

Last updated on 2017-02-27 23:03:45.

Flavor Version Tinstall Tcheck Ttotal Status Flags
r-devel-linux-x86_64-debian-clang 0.3-3 7.28 36.87 44.15 NOTE
r-devel-linux-x86_64-debian-gcc 0.3-3 7.92 36.81 44.73 NOTE
r-devel-linux-x86_64-fedora-clang 0.3-3 65.86 NOTE --no-stop-on-test-error
r-devel-linux-x86_64-fedora-gcc 0.3-3 62.54 NOTE --no-stop-on-test-error
r-devel-macos-x86_64-clang 0.3-3 54.64 NOTE --no-stop-on-test-error
r-devel-windows-ix86+x86_64 0.3-3 64.00 146.00 210.00 OK
r-patched-linux-x86_64 0.3-3 14.72 36.51 51.24 OK
r-patched-solaris-sparc 0.3-3 355.30 OK
r-patched-solaris-x86 0.3-3 68.30 OK
r-release-linux-x86_64 0.3-3 6.72 37.59 44.31 OK
r-release-osx-x86_64-mavericks 0.3-3 ERROR
r-release-windows-ix86+x86_64 0.3-3 43.00 63.00 106.00 OK
r-oldrel-windows-ix86+x86_64 0.3-2 6.00 1.00 7.00 ERROR

Check Details

Version: 0.3-3
Check: compiled code
Result: NOTE
    File ‘pbdMPI/libs/pbdMPI.so’:
     Found no call to: ‘R_useDynamicSymbols’
    
    It is good practice to register native routines and to disable symbol
    search.
    
    See ‘Writing portable packages’ in the ‘Writing R Extensions’ manual.
Flavors: r-devel-linux-x86_64-debian-clang, r-devel-linux-x86_64-debian-gcc

Version: 0.3-3
Flags: --no-stop-on-test-error
Check: compiled code
Result: NOTE
    File ‘pbdMPI/libs/pbdMPI.so’:
     Found no call to: ‘R_useDynamicSymbols’
    
    It is good practice to register native routines and to disable symbol
    search.
    
    See ‘Writing portable packages’ in the ‘Writing R Extensions’ manual.
Flavors: r-devel-linux-x86_64-fedora-clang, r-devel-linux-x86_64-fedora-gcc, r-devel-macos-x86_64-clang

Version: 0.3-3
Check: package dependencies
Result: NOTE
    Package which this enhances but not available for checking: ‘pbdPROF’
Flavor: r-release-osx-x86_64-mavericks

Version: 0.3-3
Check: whether package can be installed
Result: ERROR
    Installation failed.
Flavor: r-release-osx-x86_64-mavericks

Version: 0.3-2
Check: whether package can be installed
Result: ERROR
    Installation failed.
Flavor: r-oldrel-windows-ix86+x86_64