CRAN Package Check Results for Package pbdMPI

Last updated on 2014-07-24 22:48:41.

Flavor Version Tinstall Tcheck Ttotal Status Flags
r-devel-linux-x86_64-debian-clang 0.2-4 4.52 30.61 35.13 OK
r-devel-linux-x86_64-debian-gcc 0.2-4 4.80 30.03 34.83 OK
r-devel-linux-x86_64-fedora-clang 0.2-4 66.46 OK
r-devel-linux-x86_64-fedora-gcc 0.2-4 63.77 OK
r-devel-osx-x86_64-clang 0.2-4 45.81 OK --install=fake
r-devel-windows-ix86+x86_64 0.2-4 51.00 47.00 98.00 OK
r-patched-linux-x86_64 0.2-4 4.81 32.51 37.32 OK
r-patched-solaris-sparc 0.2-4 323.50 OK
r-patched-solaris-x86 0.2-4 84.00 OK
r-release-linux-ix86 0.2-4 6.63 38.14 44.77 OK
r-release-linux-x86_64 0.2-4 4.72 31.62 36.35 OK
r-release-osx-x86_64-mavericks 0.2-4 ERROR
r-release-osx-x86_64-snowleopard 0.2-4 WARN
r-release-windows-ix86+x86_64 0.2-4 77.00 52.00 129.00 OK
r-oldrel-windows-ix86+x86_64 0.2-4 39.00 55.00 94.00 OK

Memtest notes: valgrind

Check Details

Version: 0.2-4
Check: package dependencies
Result: NOTE
    Package which this enhances but not available for checking: ‘pbdPROF’
Flavor: r-release-osx-x86_64-mavericks

Version: 0.2-4
Check: whether package can be installed
Result: ERROR
    Installation failed.
    See ‘/Builds/CRAN-QA-Simon/packages/mavericks-x86_64/results/3.1/pbdMPI.Rcheck/00install.out’ for details.
Flavor: r-release-osx-x86_64-mavericks

Version: 0.2-4
Check: dependencies in R code
Result: NOTE
    [hagal.research.att.com:28086] mca: base: component_find: unable to open mpool sm: file not found (ignored)
    [hagal.research.att.com:28086] mca: base: component_find: unable to open btl sm: file not found (ignored)
    [hagal.research.att.com:28086] mca: base: component_find: unable to open coll sm: file not found (ignored)
    [hagal.research.att.com:28086] mca: base: component_find: unable to open osc pt2pt: file not found (ignored)
    See the information on DESCRIPTION files in the chapter ‘Creating R
    packages’ of the ‘Writing R Extensions’ manual.
Flavor: r-release-osx-x86_64-snowleopard

Version: 0.2-4
Check: S3 generic/method consistency
Result: WARNING
    [hagal.research.att.com:28089] mca: base: component_find: unable to open mpool sm: file not found (ignored)
    [hagal.research.att.com:28089] mca: base: component_find: unable to open btl sm: file not found (ignored)
    [hagal.research.att.com:28089] mca: base: component_find: unable to open coll sm: file not found (ignored)
    [hagal.research.att.com:28089] mca: base: component_find: unable to open osc pt2pt: file not found (ignored)
    See section ‘Generic functions and methods’ of the ‘Writing R
    Extensions’ manual.
Flavor: r-release-osx-x86_64-snowleopard

Version: 0.2-4
Check: replacement functions
Result: WARNING
    [hagal.research.att.com:28092] mca: base: component_find: unable to open mpool sm: file not found (ignored)
    [hagal.research.att.com:28092] mca: base: component_find: unable to open btl sm: file not found (ignored)
    [hagal.research.att.com:28092] mca: base: component_find: unable to open coll sm: file not found (ignored)
    [hagal.research.att.com:28092] mca: base: component_find: unable to open osc pt2pt: file not found (ignored)
    The argument of a replacement function which corresponds to the right
    hand side must be named ‘value’.
Flavor: r-release-osx-x86_64-snowleopard

Version: 0.2-4
Check: foreign function calls
Result: NOTE
    [hagal.research.att.com:28095] mca: base: component_find: unable to open mpool sm: file not found (ignored)
    [hagal.research.att.com:28095] mca: base: component_find: unable to open btl sm: file not found (ignored)
    [hagal.research.att.com:28095] mca: base: component_find: unable to open coll sm: file not found (ignored)
    [hagal.research.att.com:28095] mca: base: component_find: unable to open osc pt2pt: file not found (ignored)
    See the chapter ‘System and foreign language interfaces’ of the
    ‘Writing R Extensions’ manual.
Flavor: r-release-osx-x86_64-snowleopard

Version: 0.2-4
Check: R code for possible problems
Result: NOTE
    [hagal.research.att.com:28110] mca: base: component_find: unable to open mpool sm: file not found (ignored)
    [hagal.research.att.com:28110] mca: base: component_find: unable to open btl sm: file not found (ignored)
    [hagal.research.att.com:28110] mca: base: component_find: unable to open coll sm: file not found (ignored)
    [hagal.research.att.com:28110] mca: base: component_find: unable to open osc pt2pt: file not found (ignored)
Flavor: r-release-osx-x86_64-snowleopard

Version: 0.2-4
Check: for missing documentation entries
Result: WARNING
    [hagal.research.att.com:28125] mca: base: component_find: unable to open mpool sm: file not found (ignored)
    [hagal.research.att.com:28125] mca: base: component_find: unable to open btl sm: file not found (ignored)
    [hagal.research.att.com:28125] mca: base: component_find: unable to open coll sm: file not found (ignored)
    [hagal.research.att.com:28125] mca: base: component_find: unable to open osc pt2pt: file not found (ignored)
    All user-level objects in a package should have documentation entries.
    See the chapter ‘Writing R documentation files’ in the ‘Writing R
    Extensions’ manual.
Flavor: r-release-osx-x86_64-snowleopard

Version: 0.2-4
Check: for code/documentation mismatches
Result: WARNING
    [hagal.research.att.com:28128] mca: base: component_find: unable to open mpool sm: file not found (ignored)
    [hagal.research.att.com:28128] mca: base: component_find: unable to open btl sm: file not found (ignored)
    [hagal.research.att.com:28128] mca: base: component_find: unable to open coll sm: file not found (ignored)
    [hagal.research.att.com:28128] mca: base: component_find: unable to open osc pt2pt: file not found (ignored)
    [hagal.research.att.com:28131] mca: base: component_find: unable to open mpool sm: file not found (ignored)
    [hagal.research.att.com:28131] mca: base: component_find: unable to open btl sm: file not found (ignored)
    [hagal.research.att.com:28131] mca: base: component_find: unable to open coll sm: file not found (ignored)
    [hagal.research.att.com:28131] mca: base: component_find: unable to open osc pt2pt: file not found (ignored)
    [hagal.research.att.com:28134] mca: base: component_find: unable to open mpool sm: file not found (ignored)
    [hagal.research.att.com:28134] mca: base: component_find: unable to open btl sm: file not found (ignored)
    [hagal.research.att.com:28134] mca: base: component_find: unable to open coll sm: file not found (ignored)
    [hagal.research.att.com:28134] mca: base: component_find: unable to open osc pt2pt: file not found (ignored)
Flavor: r-release-osx-x86_64-snowleopard

Version: 0.2-4
Check: Rd \usage sections
Result: NOTE
    [hagal.research.att.com:28140] mca: base: component_find: unable to open mpool sm: file not found (ignored)
    [hagal.research.att.com:28140] mca: base: component_find: unable to open btl sm: file not found (ignored)
    [hagal.research.att.com:28140] mca: base: component_find: unable to open coll sm: file not found (ignored)
    [hagal.research.att.com:28140] mca: base: component_find: unable to open osc pt2pt: file not found (ignored)
    The \usage entries for S3 methods should use the \method markup and not
    their full name.
    See the chapter ‘Writing R documentation files’ in the ‘Writing R
    Extensions’ manual.
Flavor: r-release-osx-x86_64-snowleopard