CRAN Package Check Results for Package pbdMPI

Last updated on 2014-09-17 14:47:13.

Flavor Version Tinstall Tcheck Ttotal Status Flags
r-devel-linux-x86_64-debian-clang 0.2-4 4.66 30.84 35.50 NOTE
r-devel-linux-x86_64-debian-gcc 0.2-4 4.64 31.00 35.64 NOTE
r-devel-linux-x86_64-fedora-clang 0.2-4 63.68 NOTE
r-devel-linux-x86_64-fedora-gcc 0.2-4 62.44 NOTE
r-devel-osx-x86_64-clang 0.2-4 44.64 NOTE --install=fake
r-devel-windows-ix86+x86_64 0.2-4 52.00 50.00 102.00 NOTE
r-patched-linux-x86_64 0.2-4 4.71 29.58 34.29 OK
r-patched-solaris-sparc 0.2-4 349.00 OK
r-patched-solaris-x86 0.2-4 78.80 OK
r-release-linux-ix86 0.2-4 6.75 38.40 45.14 OK
r-release-linux-x86_64 0.2-4 4.86 31.64 36.50 OK
r-release-osx-x86_64-mavericks 0.2-4 ERROR
r-release-osx-x86_64-snowleopard 0.2-4 WARN
r-release-windows-ix86+x86_64 0.2-4 77.00 52.00 129.00 OK
r-oldrel-windows-ix86+x86_64 0.2-4 39.00 55.00 94.00 OK

Memtest notes: valgrind

Check Details

Version: 0.2-4
Check: R code for possible problems
Result: NOTE
    allgather: no visible binding for global variable ‘.SPMD.CT’
    allreduce: no visible binding for global variable ‘.SPMD.CT’
    barrier: no visible binding for global variable ‘.SPMD.CT’
    bcast: no visible binding for global variable ‘.SPMD.CT’
    comm.Rprof: no visible binding for global variable ‘.SPMD.CT’
    comm.abort: no visible binding for global variable ‘.SPMD.CT’
    comm.accept: no visible binding for global variable ‘.SPMD.CT’
    comm.all: no visible binding for global variable ‘.SPMD.CT’
    comm.allcommon: no visible binding for global variable ‘.SPMD.CT’
    comm.allcommon.integer: no visible binding for global variable
     ‘.SPMD.CT’
    comm.allpairs: no visible binding for global variable ‘.SPMD.CT’
    comm.any: no visible binding for global variable ‘.SPMD.CT’
    comm.as.gbd: no visible binding for global variable ‘.SPMD.IO’
    comm.as.gbd: no visible binding for global variable ‘.SPMD.CT’
    comm.balance.info: no visible binding for global variable ‘.SPMD.IO’
    comm.balance.info: no visible binding for global variable ‘.SPMD.CT’
    comm.c2f: no visible binding for global variable ‘.SPMD.CT’
    comm.cat: no visible binding for global variable ‘.SPMD.CT’
    comm.connect: no visible binding for global variable ‘.SPMD.CT’
    comm.disconnect: no visible binding for global variable ‘.SPMD.CT’
    comm.dist: no visible binding for global variable ‘.SPMD.CT’
    comm.dist.common: no visible binding for global variable ‘.SPMD.CT’
    comm.dist.gbd: no visible binding for global variable ‘.SPMD.CT’
    comm.end.seed: no visible binding for global variable ‘.SPMD.CT’
    comm.free: no visible binding for global variable ‘.SPMD.CT’
    comm.is.null: no visible binding for global variable ‘.SPMD.CT’
    comm.length: no visible binding for global variable ‘.SPMD.CT’
    comm.load.balance: no visible binding for global variable ‘.SPMD.IO’
    comm.load.balance: no visible binding for global variable ‘.SPMD.CT’
    comm.max: no visible binding for global variable ‘.SPMD.CT’
    comm.mean: no visible binding for global variable ‘.SPMD.CT’
    comm.min: no visible binding for global variable ‘.SPMD.CT’
    comm.pairwise: no visible binding for global variable ‘.SPMD.CT’
    comm.pairwise.common: no visible binding for global variable ‘.SPMD.CT’
    comm.pairwise.gbd: no visible binding for global variable ‘.SPMD.CT’
    comm.print: no visible binding for global variable ‘.SPMD.CT’
    comm.range: no visible binding for global variable ‘.SPMD.CT’
    comm.rank: no visible binding for global variable ‘.SPMD.CT’
    comm.read.csv: no visible binding for global variable ‘.SPMD.IO’
    comm.read.csv: no visible binding for global variable ‘.SPMD.CT’
    comm.read.csv2: no visible binding for global variable ‘.SPMD.IO’
    comm.read.csv2: no visible binding for global variable ‘.SPMD.CT’
    comm.read.table: no visible binding for global variable ‘.SPMD.IO’
    comm.read.table: no visible binding for global variable ‘.SPMD.CT’
    comm.reset.seed: no visible binding for global variable ‘.SPMD.CT’
    comm.sd: no visible binding for global variable ‘.SPMD.CT’
    comm.seed.state: no visible binding for global variable ‘.SPMD.CT’
    comm.set.seed: no visible binding for global variable ‘.SPMD.CT’
    comm.size: no visible binding for global variable ‘.SPMD.CT’
    comm.sort: no visible binding for global variable ‘.SPMD.CT’
    comm.sort.default: no visible binding for global variable ‘.SPMD.CT’
    comm.sort.double: no visible binding for global variable ‘.SPMD.CT’
    comm.sort.integer: no visible binding for global variable ‘.SPMD.CT’
    comm.split: no visible binding for global variable ‘.SPMD.CT’
    comm.stop: no visible binding for global variable ‘.SPMD.CT’
    comm.sum: no visible binding for global variable ‘.SPMD.CT’
    comm.timer: no visible binding for global variable ‘.SPMD.CT’
    comm.unload.balance: no visible binding for global variable ‘.SPMD.CT’
    comm.var: no visible binding for global variable ‘.SPMD.CT’
    comm.warning: no visible binding for global variable ‘.SPMD.CT’
    comm.warnings: no visible binding for global variable ‘.SPMD.CT’
    comm.which: no visible binding for global variable ‘.SPMD.CT’
    comm.which.max: no visible binding for global variable ‘.SPMD.CT’
    comm.which.min: no visible binding for global variable ‘.SPMD.CT’
    comm.write: no visible binding for global variable ‘.SPMD.CT’
    comm.write.csv: no visible binding for global variable ‘.SPMD.CT’
    comm.write.csv2: no visible binding for global variable ‘.SPMD.CT’
    comm.write.table: no visible binding for global variable ‘.SPMD.CT’
    divide.job: no visible binding for global variable ‘.SPMD.CT’
    divide.job.all: no visible binding for global variable ‘.SPMD.CT’
    finalize: no visible binding for global variable ‘.SPMD.CT’
    gather: no visible binding for global variable ‘.SPMD.CT’
    get.count: no visible binding for global variable ‘.SPMD.CT’
    get.jid: no visible binding for global variable ‘.SPMD.CT’
    get.sourcetag: no visible binding for global variable ‘.SPMD.CT’
    info.c2f: no visible binding for global variable ‘.SPMD.CT’
    info.create: no visible binding for global variable ‘.SPMD.CT’
    info.free: no visible binding for global variable ‘.SPMD.CT’
    info.set: no visible binding for global variable ‘.SPMD.CT’
    intercomm.create: no visible binding for global variable ‘.SPMD.CT’
    intercomm.merge: no visible binding for global variable ‘.SPMD.CT’
    iprobe: no visible binding for global variable ‘.SPMD.CT’
    irecv: no visible binding for global variable ‘.SPMD.CT’
    isend: no visible binding for global variable ‘.SPMD.CT’
    pbdApply: no visible binding for global variable ‘.SPMD.CT’
    pbdApply.RC: no visible binding for global variable ‘.SPMD.CT’
    pbdApply.general: no visible binding for global variable ‘.SPMD.CT’
    pbdLapply: no visible binding for global variable ‘.SPMD.CT’
    pbdSapply: no visible binding for global variable ‘.SPMD.CT’
    port.open: no visible binding for global variable ‘.SPMD.CT’
    probe: no visible binding for global variable ‘.SPMD.CT’
    read.table.common: no visible binding for global variable ‘.SPMD.CT’
    read.table.common: no visible binding for global variable ‘.SPMD.IO’
    read.table.gbd: no visible binding for global variable ‘.SPMD.IO’
    read.table.gbd: no visible binding for global variable ‘.SPMD.CT’
    recv: no visible binding for global variable ‘.SPMD.CT’
    reduce: no visible binding for global variable ‘.SPMD.CT’
    scatter: no visible binding for global variable ‘.SPMD.CT’
    send: no visible binding for global variable ‘.SPMD.CT’
    sendrecv: no visible binding for global variable ‘.SPMD.CT’
    sendrecv.replace: no visible binding for global variable ‘.SPMD.CT’
    serv.lookup: no visible binding for global variable ‘.SPMD.CT’
    serv.publish: no visible binding for global variable ‘.SPMD.CT’
    serv.unpublish: no visible binding for global variable ‘.SPMD.CT’
    spmd.allcheck.type: no visible binding for global variable ‘.SPMD.CT’
    spmd.allgather.array: no visible binding for global variable ‘.SPMD.CT’
    spmd.allgather.default: no visible binding for global variable
     ‘.SPMD.CT’
    spmd.allgather.double: no visible binding for global variable
     ‘.SPMD.CT’
    spmd.allgather.integer: no visible binding for global variable
     ‘.SPMD.CT’
    spmd.allgather.object: no visible binding for global variable
     ‘.SPMD.CT’
    spmd.allgather.raw: no visible binding for global variable ‘.SPMD.CT’
    spmd.allgatherv.default: no visible binding for global variable
     ‘.SPMD.CT’
    spmd.allgatherv.double: no visible binding for global variable
     ‘.SPMD.CT’
    spmd.allgatherv.integer: no visible binding for global variable
     ‘.SPMD.CT’
    spmd.allgatherv.raw: no visible binding for global variable ‘.SPMD.CT’
    spmd.allreduce.array: no visible binding for global variable ‘.SPMD.CT’
    spmd.allreduce.default: no visible binding for global variable
     ‘.SPMD.CT’
    spmd.allreduce.default: no visible binding for global variable
     ‘.SPMD.OP’
    spmd.allreduce.double: no visible binding for global variable
     ‘.SPMD.CT’
    spmd.allreduce.double: no visible binding for global variable
     ‘.SPMD.OP’
    spmd.allreduce.integer: no visible binding for global variable
     ‘.SPMD.CT’
    spmd.allreduce.integer: no visible binding for global variable
     ‘.SPMD.OP’
    spmd.allreduce.object: no visible binding for global variable
     ‘.SPMD.CT’
    spmd.allreduce.object: no visible binding for global variable
     ‘.SPMD.OP’
    spmd.barrier: no visible binding for global variable ‘.SPMD.CT’
    spmd.bcast.array: no visible binding for global variable ‘.SPMD.CT’
    spmd.bcast.default: no visible binding for global variable ‘.SPMD.CT’
    spmd.bcast.double: no visible binding for global variable ‘.SPMD.CT’
    spmd.bcast.integer: no visible binding for global variable ‘.SPMD.CT’
    spmd.bcast.object: no visible binding for global variable ‘.SPMD.CT’
    spmd.bcast.raw: no visible binding for global variable ‘.SPMD.CT’
    spmd.comm.abort: no visible binding for global variable ‘.SPMD.CT’
    spmd.comm.accept: no visible binding for global variable ‘.SPMD.CT’
    spmd.comm.c2f: no visible binding for global variable ‘.SPMD.CT’
    spmd.comm.cat: no visible binding for global variable ‘.SPMD.CT’
    spmd.comm.connect: no visible binding for global variable ‘.SPMD.CT’
    spmd.comm.disconnect: no visible binding for global variable ‘.SPMD.CT’
    spmd.comm.free: no visible binding for global variable ‘.SPMD.CT’
    spmd.comm.get.parent: no visible binding for global variable ‘.SPMD.CT’
    spmd.comm.is.null: no visible binding for global variable ‘.SPMD.CT’
    spmd.comm.print: no visible binding for global variable ‘.SPMD.CT’
    spmd.comm.rank: no visible binding for global variable ‘.SPMD.CT’
    spmd.comm.set.errhandler: no visible binding for global variable
     ‘.SPMD.CT’
    spmd.comm.size: no visible binding for global variable ‘.SPMD.CT’
    spmd.comm.spawn: no visible binding for global variable ‘.SPMD.CT’
    spmd.comm.split: no visible binding for global variable ‘.SPMD.CT’
    spmd.finalize: no visible binding for global variable ‘.SPMD.CT’
    spmd.gather.array: no visible binding for global variable ‘.SPMD.CT’
    spmd.gather.default: no visible binding for global variable ‘.SPMD.CT’
    spmd.gather.double: no visible binding for global variable ‘.SPMD.CT’
    spmd.gather.integer: no visible binding for global variable ‘.SPMD.CT’
    spmd.gather.object: no visible binding for global variable ‘.SPMD.CT’
    spmd.gather.raw: no visible binding for global variable ‘.SPMD.CT’
    spmd.gatherv.default: no visible binding for global variable ‘.SPMD.CT’
    spmd.gatherv.double: no visible binding for global variable ‘.SPMD.CT’
    spmd.gatherv.integer: no visible binding for global variable ‘.SPMD.CT’
    spmd.gatherv.raw: no visible binding for global variable ‘.SPMD.CT’
    spmd.get.count: no visible binding for global variable ‘.SPMD.CT’
    spmd.get.sourcetag: no visible binding for global variable ‘.SPMD.CT’
    spmd.hostinfo: no visible binding for global variable ‘.SPMD.CT’
    spmd.info.c2f: no visible binding for global variable ‘.SPMD.CT’
    spmd.info.create: no visible binding for global variable ‘.SPMD.CT’
    spmd.info.free: no visible binding for global variable ‘.SPMD.CT’
    spmd.info.set: no visible binding for global variable ‘.SPMD.CT’
    spmd.intercomm.create: no visible binding for global variable
     ‘.SPMD.CT’
    spmd.intercomm.merge: no visible binding for global variable ‘.SPMD.CT’
    spmd.iprobe: no visible binding for global variable ‘.SPMD.CT’
    spmd.irecv.default: no visible binding for global variable ‘.SPMD.CT’
    spmd.irecv.double: no visible binding for global variable ‘.SPMD.CT’
    spmd.irecv.integer: no visible binding for global variable ‘.SPMD.CT’
    spmd.irecv.raw: no visible binding for global variable ‘.SPMD.CT’
    spmd.isend.default: no visible binding for global variable ‘.SPMD.CT’
    spmd.isend.double: no visible binding for global variable ‘.SPMD.CT’
    spmd.isend.integer: no visible binding for global variable ‘.SPMD.CT’
    spmd.isend.raw: no visible binding for global variable ‘.SPMD.CT’
    spmd.port.open: no visible binding for global variable ‘.SPMD.CT’
    spmd.probe: no visible binding for global variable ‘.SPMD.CT’
    spmd.recv.default: no visible binding for global variable ‘.SPMD.CT’
    spmd.recv.double: no visible binding for global variable ‘.SPMD.CT’
    spmd.recv.integer: no visible binding for global variable ‘.SPMD.CT’
    spmd.recv.raw: no visible binding for global variable ‘.SPMD.CT’
    spmd.reduce.array: no visible binding for global variable ‘.SPMD.CT’
    spmd.reduce.default: no visible binding for global variable ‘.SPMD.CT’
    spmd.reduce.default: no visible binding for global variable ‘.SPMD.OP’
    spmd.reduce.double: no visible binding for global variable ‘.SPMD.CT’
    spmd.reduce.double: no visible binding for global variable ‘.SPMD.OP’
    spmd.reduce.integer: no visible binding for global variable ‘.SPMD.CT’
    spmd.reduce.integer: no visible binding for global variable ‘.SPMD.OP’
    spmd.reduce.object: no visible binding for global variable ‘.SPMD.CT’
    spmd.scatter.array: no visible binding for global variable ‘.SPMD.CT’
    spmd.scatter.default: no visible binding for global variable ‘.SPMD.CT’
    spmd.scatter.double: no visible binding for global variable ‘.SPMD.CT’
    spmd.scatter.integer: no visible binding for global variable ‘.SPMD.CT’
    spmd.scatter.object: no visible binding for global variable ‘.SPMD.CT’
    spmd.scatter.raw: no visible binding for global variable ‘.SPMD.CT’
    spmd.scatterv.default: no visible binding for global variable
     ‘.SPMD.CT’
    spmd.scatterv.double: no visible binding for global variable ‘.SPMD.CT’
    spmd.scatterv.integer: no visible binding for global variable
     ‘.SPMD.CT’
    spmd.scatterv.raw: no visible binding for global variable ‘.SPMD.CT’
    spmd.send.default: no visible binding for global variable ‘.SPMD.CT’
    spmd.send.double: no visible binding for global variable ‘.SPMD.CT’
    spmd.send.integer: no visible binding for global variable ‘.SPMD.CT’
    spmd.send.raw: no visible binding for global variable ‘.SPMD.CT’
    spmd.sendrecv.default: no visible binding for global variable
     ‘.SPMD.CT’
    spmd.sendrecv.double: no visible binding for global variable ‘.SPMD.CT’
    spmd.sendrecv.integer: no visible binding for global variable
     ‘.SPMD.CT’
    spmd.sendrecv.raw: no visible binding for global variable ‘.SPMD.CT’
    spmd.sendrecv.replace.default: no visible binding for global variable
     ‘.SPMD.CT’
    spmd.sendrecv.replace.double: no visible binding for global variable
     ‘.SPMD.CT’
    spmd.sendrecv.replace.integer: no visible binding for global variable
     ‘.SPMD.CT’
    spmd.sendrecv.replace.raw: no visible binding for global variable
     ‘.SPMD.CT’
    spmd.serv.lookup: no visible binding for global variable ‘.SPMD.CT’
    spmd.serv.publish: no visible binding for global variable ‘.SPMD.CT’
    spmd.serv.unpublish: no visible binding for global variable ‘.SPMD.CT’
    spmd.wait: no visible binding for global variable ‘.SPMD.CT’
    spmd.waitany: no visible binding for global variable ‘.SPMD.CT’
    task.pull: no visible binding for global variable ‘.SPMD.CT’
    task.pull: no visible binding for global variable ‘.SPMD.TP’
    task.pull.master: no visible binding for global variable ‘.SPMD.CT’
    task.pull.workers: no visible binding for global variable ‘.SPMD.CT’
    task.pull.workers: no visible binding for global variable ‘.SPMD.TP’
    wait: no visible binding for global variable ‘.SPMD.CT’
    waitany: no visible binding for global variable ‘.SPMD.CT’
    allgather,ANY-ANY-integer: no visible binding for global variable
     ‘.SPMD.CT’
    allgather,ANY-missing-integer: no visible binding for global variable
     ‘.SPMD.CT’
    allgather,ANY-missing-missing: no visible binding for global variable
     ‘.SPMD.CT’
    allgather,integer-integer-integer: no visible binding for global
     variable ‘.SPMD.CT’
    allgather,integer-integer-missing: no visible binding for global
     variable ‘.SPMD.CT’
    allgather,numeric-numeric-integer: no visible binding for global
     variable ‘.SPMD.CT’
    allgather,numeric-numeric-missing: no visible binding for global
     variable ‘.SPMD.CT’
    allgather,raw-raw-integer: no visible binding for global variable
     ‘.SPMD.CT’
    allgather,raw-raw-missing: no visible binding for global variable
     ‘.SPMD.CT’
    allreduce,ANY-missing: no visible binding for global variable
     ‘.SPMD.CT’
    allreduce,ANY-missing: no visible binding for global variable
     ‘.SPMD.OP’
    allreduce,integer-integer: no visible binding for global variable
     ‘.SPMD.CT’
    allreduce,integer-integer: no visible binding for global variable
     ‘.SPMD.OP’
    allreduce,numeric-numeric: no visible binding for global variable
     ‘.SPMD.CT’
    allreduce,numeric-numeric: no visible binding for global variable
     ‘.SPMD.OP’
    bcast,ANY: no visible binding for global variable ‘.SPMD.CT’
    bcast,integer: no visible binding for global variable ‘.SPMD.CT’
    bcast,numeric: no visible binding for global variable ‘.SPMD.CT’
    bcast,raw: no visible binding for global variable ‘.SPMD.CT’
    gather,ANY-ANY-integer: no visible binding for global variable
     ‘.SPMD.CT’
    gather,ANY-missing-integer: no visible binding for global variable
     ‘.SPMD.CT’
    gather,ANY-missing-missing: no visible binding for global variable
     ‘.SPMD.CT’
    gather,integer-integer-integer: no visible binding for global variable
     ‘.SPMD.CT’
    gather,integer-integer-missing: no visible binding for global variable
     ‘.SPMD.CT’
    gather,numeric-numeric-integer: no visible binding for global variable
     ‘.SPMD.CT’
    gather,numeric-numeric-missing: no visible binding for global variable
     ‘.SPMD.CT’
    gather,raw-raw-integer: no visible binding for global variable
     ‘.SPMD.CT’
    gather,raw-raw-missing: no visible binding for global variable
     ‘.SPMD.CT’
    irecv,ANY: no visible binding for global variable ‘.SPMD.CT’
    irecv,integer: no visible binding for global variable ‘.SPMD.CT’
    irecv,numeric: no visible binding for global variable ‘.SPMD.CT’
    irecv,raw: no visible binding for global variable ‘.SPMD.CT’
    isend,ANY: no visible binding for global variable ‘.SPMD.CT’
    isend,integer: no visible binding for global variable ‘.SPMD.CT’
    isend,numeric: no visible binding for global variable ‘.SPMD.CT’
    isend,raw: no visible binding for global variable ‘.SPMD.CT’
    recv,ANY: no visible binding for global variable ‘.SPMD.CT’
    recv,integer: no visible binding for global variable ‘.SPMD.CT’
    recv,numeric: no visible binding for global variable ‘.SPMD.CT’
    recv,raw: no visible binding for global variable ‘.SPMD.CT’
    reduce,ANY-missing: no visible binding for global variable ‘.SPMD.CT’
    reduce,ANY-missing: no visible binding for global variable ‘.SPMD.OP’
    reduce,integer-integer: no visible binding for global variable
     ‘.SPMD.CT’
    reduce,integer-integer: no visible binding for global variable
     ‘.SPMD.OP’
    reduce,numeric-numeric: no visible binding for global variable
     ‘.SPMD.CT’
    reduce,numeric-numeric: no visible binding for global variable
     ‘.SPMD.OP’
    scatter,ANY-ANY-integer: no visible binding for global variable
     ‘.SPMD.CT’
    scatter,ANY-missing-integer: no visible binding for global variable
     ‘.SPMD.CT’
    scatter,ANY-missing-missing: no visible binding for global variable
     ‘.SPMD.CT’
    scatter,integer-integer-integer: no visible binding for global variable
     ‘.SPMD.CT’
    scatter,integer-integer-missing: no visible binding for global variable
     ‘.SPMD.CT’
    scatter,numeric-numeric-integer: no visible binding for global variable
     ‘.SPMD.CT’
    scatter,numeric-numeric-missing: no visible binding for global variable
     ‘.SPMD.CT’
    scatter,raw-raw-integer: no visible binding for global variable
     ‘.SPMD.CT’
    scatter,raw-raw-missing: no visible binding for global variable
     ‘.SPMD.CT’
    send,ANY: no visible binding for global variable ‘.SPMD.CT’
    send,integer: no visible binding for global variable ‘.SPMD.CT’
    send,numeric: no visible binding for global variable ‘.SPMD.CT’
    send,raw: no visible binding for global variable ‘.SPMD.CT’
    sendrecv.replace,ANY: no visible binding for global variable ‘.SPMD.CT’
    sendrecv.replace,integer: no visible binding for global variable
     ‘.SPMD.CT’
    sendrecv.replace,numeric: no visible binding for global variable
     ‘.SPMD.CT’
    sendrecv.replace,raw: no visible binding for global variable ‘.SPMD.CT’
    sendrecv,ANY-ANY: no visible binding for global variable ‘.SPMD.CT’
    sendrecv,integer-integer: no visible binding for global variable
     ‘.SPMD.CT’
    sendrecv,numeric-numeric: no visible binding for global variable
     ‘.SPMD.CT’
    sendrecv,raw-raw: no visible binding for global variable ‘.SPMD.CT’
Flavors: r-devel-linux-x86_64-debian-clang, r-devel-linux-x86_64-debian-gcc, r-devel-linux-x86_64-fedora-clang, r-devel-linux-x86_64-fedora-gcc, r-devel-windows-ix86+x86_64

Version: 0.2-4
Flags: --install=fake
Check: R code for possible problems
Result: NOTE
    allgather: no visible binding for global variable ‘.SPMD.CT’
    allreduce: no visible binding for global variable ‘.SPMD.CT’
    barrier: no visible binding for global variable ‘.SPMD.CT’
    bcast: no visible binding for global variable ‘.SPMD.CT’
    comm.Rprof: no visible binding for global variable ‘.SPMD.CT’
    comm.abort: no visible binding for global variable ‘.SPMD.CT’
    comm.accept: no visible binding for global variable ‘.SPMD.CT’
    comm.all: no visible binding for global variable ‘.SPMD.CT’
    comm.allcommon: no visible binding for global variable ‘.SPMD.CT’
    comm.allcommon.integer: no visible binding for global variable
     ‘.SPMD.CT’
    comm.allpairs: no visible binding for global variable ‘.SPMD.CT’
    comm.any: no visible binding for global variable ‘.SPMD.CT’
    comm.as.gbd: no visible binding for global variable ‘.SPMD.IO’
    comm.as.gbd: no visible binding for global variable ‘.SPMD.CT’
    comm.balance.info: no visible binding for global variable ‘.SPMD.IO’
    comm.balance.info: no visible binding for global variable ‘.SPMD.CT’
    comm.c2f: no visible binding for global variable ‘.SPMD.CT’
    comm.cat: no visible binding for global variable ‘.SPMD.CT’
    comm.connect: no visible binding for global variable ‘.SPMD.CT’
    comm.disconnect: no visible binding for global variable ‘.SPMD.CT’
    comm.dist: no visible binding for global variable ‘.SPMD.CT’
    comm.dist.common: no visible binding for global variable ‘.SPMD.CT’
    comm.dist.gbd: no visible binding for global variable ‘.SPMD.CT’
    comm.end.seed: no visible binding for global variable ‘.SPMD.CT’
    comm.free: no visible binding for global variable ‘.SPMD.CT’
    comm.is.null: no visible binding for global variable ‘.SPMD.CT’
    comm.length: no visible binding for global variable ‘.SPMD.CT’
    comm.load.balance: no visible binding for global variable ‘.SPMD.IO’
    comm.load.balance: no visible binding for global variable ‘.SPMD.CT’
    comm.max: no visible binding for global variable ‘.SPMD.CT’
    comm.mean: no visible binding for global variable ‘.SPMD.CT’
    comm.min: no visible binding for global variable ‘.SPMD.CT’
    comm.pairwise: no visible binding for global variable ‘.SPMD.CT’
    comm.pairwise.common: no visible binding for global variable ‘.SPMD.CT’
    comm.pairwise.gbd: no visible binding for global variable ‘.SPMD.CT’
    comm.print: no visible binding for global variable ‘.SPMD.CT’
    comm.range: no visible binding for global variable ‘.SPMD.CT’
    comm.rank: no visible binding for global variable ‘.SPMD.CT’
    comm.read.csv: no visible binding for global variable ‘.SPMD.IO’
    comm.read.csv: no visible binding for global variable ‘.SPMD.CT’
    comm.read.csv2: no visible binding for global variable ‘.SPMD.IO’
    comm.read.csv2: no visible binding for global variable ‘.SPMD.CT’
    comm.read.table: no visible binding for global variable ‘.SPMD.IO’
    comm.read.table: no visible binding for global variable ‘.SPMD.CT’
    comm.reset.seed: no visible binding for global variable ‘.SPMD.CT’
    comm.sd: no visible binding for global variable ‘.SPMD.CT’
    comm.seed.state: no visible binding for global variable ‘.SPMD.CT’
    comm.set.seed: no visible binding for global variable ‘.SPMD.CT’
    comm.size: no visible binding for global variable ‘.SPMD.CT’
    comm.sort: no visible binding for global variable ‘.SPMD.CT’
    comm.sort.default: no visible binding for global variable ‘.SPMD.CT’
    comm.sort.double: no visible binding for global variable ‘.SPMD.CT’
    comm.sort.integer: no visible binding for global variable ‘.SPMD.CT’
    comm.split: no visible binding for global variable ‘.SPMD.CT’
    comm.stop: no visible binding for global variable ‘.SPMD.CT’
    comm.sum: no visible binding for global variable ‘.SPMD.CT’
    comm.timer: no visible binding for global variable ‘.SPMD.CT’
    comm.unload.balance: no visible binding for global variable ‘.SPMD.CT’
    comm.var: no visible binding for global variable ‘.SPMD.CT’
    comm.warning: no visible binding for global variable ‘.SPMD.CT’
    comm.warnings: no visible binding for global variable ‘.SPMD.CT’
    comm.which: no visible binding for global variable ‘.SPMD.CT’
    comm.which.max: no visible binding for global variable ‘.SPMD.CT’
    comm.which.min: no visible binding for global variable ‘.SPMD.CT’
    comm.write: no visible binding for global variable ‘.SPMD.CT’
    comm.write.csv: no visible binding for global variable ‘.SPMD.CT’
    comm.write.csv2: no visible binding for global variable ‘.SPMD.CT’
    comm.write.table: no visible binding for global variable ‘.SPMD.CT’
    divide.job: no visible binding for global variable ‘.SPMD.CT’
    divide.job.all: no visible binding for global variable ‘.SPMD.CT’
    finalize: no visible binding for global variable ‘.SPMD.CT’
    gather: no visible binding for global variable ‘.SPMD.CT’
    get.count: no visible binding for global variable ‘.SPMD.CT’
    get.jid: no visible binding for global variable ‘.SPMD.CT’
    get.sourcetag: no visible binding for global variable ‘.SPMD.CT’
    info.c2f: no visible binding for global variable ‘.SPMD.CT’
    info.create: no visible binding for global variable ‘.SPMD.CT’
    info.free: no visible binding for global variable ‘.SPMD.CT’
    info.set: no visible binding for global variable ‘.SPMD.CT’
    intercomm.create: no visible binding for global variable ‘.SPMD.CT’
    intercomm.merge: no visible binding for global variable ‘.SPMD.CT’
    iprobe: no visible binding for global variable ‘.SPMD.CT’
    irecv: no visible binding for global variable ‘.SPMD.CT’
    isend: no visible binding for global variable ‘.SPMD.CT’
    pbdApply: no visible binding for global variable ‘.SPMD.CT’
    pbdApply.RC: no visible binding for global variable ‘.SPMD.CT’
    pbdApply.general: no visible binding for global variable ‘.SPMD.CT’
    pbdLapply: no visible binding for global variable ‘.SPMD.CT’
    pbdSapply: no visible binding for global variable ‘.SPMD.CT’
    port.open: no visible binding for global variable ‘.SPMD.CT’
    probe: no visible binding for global variable ‘.SPMD.CT’
    read.table.common: no visible binding for global variable ‘.SPMD.CT’
    read.table.common: no visible binding for global variable ‘.SPMD.IO’
    read.table.gbd: no visible binding for global variable ‘.SPMD.IO’
    read.table.gbd: no visible binding for global variable ‘.SPMD.CT’
    recv: no visible binding for global variable ‘.SPMD.CT’
    reduce: no visible binding for global variable ‘.SPMD.CT’
    scatter: no visible binding for global variable ‘.SPMD.CT’
    send: no visible binding for global variable ‘.SPMD.CT’
    sendrecv: no visible binding for global variable ‘.SPMD.CT’
    sendrecv.replace: no visible binding for global variable ‘.SPMD.CT’
    serv.lookup: no visible binding for global variable ‘.SPMD.CT’
    serv.publish: no visible binding for global variable ‘.SPMD.CT’
    serv.unpublish: no visible binding for global variable ‘.SPMD.CT’
    spmd.allcheck.type: no visible binding for global variable ‘.SPMD.CT’
    spmd.allgather.array: no visible binding for global variable ‘.SPMD.CT’
    spmd.allgather.default: no visible binding for global variable
     ‘.SPMD.CT’
    spmd.allgather.double: no visible binding for global variable
     ‘.SPMD.CT’
    spmd.allgather.integer: no visible binding for global variable
     ‘.SPMD.CT’
    spmd.allgather.object: no visible binding for global variable
     ‘.SPMD.CT’
    spmd.allgather.raw: no visible binding for global variable ‘.SPMD.CT’
    spmd.allgatherv.default: no visible binding for global variable
     ‘.SPMD.CT’
    spmd.allgatherv.double: no visible binding for global variable
     ‘.SPMD.CT’
    spmd.allgatherv.integer: no visible binding for global variable
     ‘.SPMD.CT’
    spmd.allgatherv.raw: no visible binding for global variable ‘.SPMD.CT’
    spmd.allreduce.array: no visible binding for global variable ‘.SPMD.CT’
    spmd.allreduce.default: no visible binding for global variable
     ‘.SPMD.CT’
    spmd.allreduce.default: no visible binding for global variable
     ‘.SPMD.OP’
    spmd.allreduce.double: no visible binding for global variable
     ‘.SPMD.CT’
    spmd.allreduce.double: no visible binding for global variable
     ‘.SPMD.OP’
    spmd.allreduce.integer: no visible binding for global variable
     ‘.SPMD.CT’
    spmd.allreduce.integer: no visible binding for global variable
     ‘.SPMD.OP’
    spmd.allreduce.object: no visible binding for global variable
     ‘.SPMD.CT’
    spmd.allreduce.object: no visible binding for global variable
     ‘.SPMD.OP’
    spmd.barrier: no visible binding for global variable ‘.SPMD.CT’
    spmd.bcast.array: no visible binding for global variable ‘.SPMD.CT’
    spmd.bcast.default: no visible binding for global variable ‘.SPMD.CT’
    spmd.bcast.double: no visible binding for global variable ‘.SPMD.CT’
    spmd.bcast.integer: no visible binding for global variable ‘.SPMD.CT’
    spmd.bcast.object: no visible binding for global variable ‘.SPMD.CT’
    spmd.bcast.raw: no visible binding for global variable ‘.SPMD.CT’
    spmd.comm.abort: no visible binding for global variable ‘.SPMD.CT’
    spmd.comm.accept: no visible binding for global variable ‘.SPMD.CT’
    spmd.comm.c2f: no visible binding for global variable ‘.SPMD.CT’
    spmd.comm.cat: no visible binding for global variable ‘.SPMD.CT’
    spmd.comm.connect: no visible binding for global variable ‘.SPMD.CT’
    spmd.comm.disconnect: no visible binding for global variable ‘.SPMD.CT’
    spmd.comm.free: no visible binding for global variable ‘.SPMD.CT’
    spmd.comm.get.parent: no visible binding for global variable ‘.SPMD.CT’
    spmd.comm.is.null: no visible binding for global variable ‘.SPMD.CT’
    spmd.comm.print: no visible binding for global variable ‘.SPMD.CT’
    spmd.comm.rank: no visible binding for global variable ‘.SPMD.CT’
    spmd.comm.set.errhandler: no visible binding for global variable
     ‘.SPMD.CT’
    spmd.comm.size: no visible binding for global variable ‘.SPMD.CT’
    spmd.comm.spawn: no visible binding for global variable ‘.SPMD.CT’
    spmd.comm.split: no visible binding for global variable ‘.SPMD.CT’
    spmd.finalize: no visible binding for global variable ‘.SPMD.CT’
    spmd.gather.array: no visible binding for global variable ‘.SPMD.CT’
    spmd.gather.default: no visible binding for global variable ‘.SPMD.CT’
    spmd.gather.double: no visible binding for global variable ‘.SPMD.CT’
    spmd.gather.integer: no visible binding for global variable ‘.SPMD.CT’
    spmd.gather.object: no visible binding for global variable ‘.SPMD.CT’
    spmd.gather.raw: no visible binding for global variable ‘.SPMD.CT’
    spmd.gatherv.default: no visible binding for global variable ‘.SPMD.CT’
    spmd.gatherv.double: no visible binding for global variable ‘.SPMD.CT’
    spmd.gatherv.integer: no visible binding for global variable ‘.SPMD.CT’
    spmd.gatherv.raw: no visible binding for global variable ‘.SPMD.CT’
    spmd.get.count: no visible binding for global variable ‘.SPMD.CT’
    spmd.get.sourcetag: no visible binding for global variable ‘.SPMD.CT’
    spmd.hostinfo: no visible binding for global variable ‘.SPMD.CT’
    spmd.info.c2f: no visible binding for global variable ‘.SPMD.CT’
    spmd.info.create: no visible binding for global variable ‘.SPMD.CT’
    spmd.info.free: no visible binding for global variable ‘.SPMD.CT’
    spmd.info.set: no visible binding for global variable ‘.SPMD.CT’
    spmd.intercomm.create: no visible binding for global variable
     ‘.SPMD.CT’
    spmd.intercomm.merge: no visible binding for global variable ‘.SPMD.CT’
    spmd.iprobe: no visible binding for global variable ‘.SPMD.CT’
    spmd.irecv.default: no visible binding for global variable ‘.SPMD.CT’
    spmd.irecv.double: no visible binding for global variable ‘.SPMD.CT’
    spmd.irecv.integer: no visible binding for global variable ‘.SPMD.CT’
    spmd.irecv.raw: no visible binding for global variable ‘.SPMD.CT’
    spmd.isend.default: no visible binding for global variable ‘.SPMD.CT’
    spmd.isend.double: no visible binding for global variable ‘.SPMD.CT’
    spmd.isend.integer: no visible binding for global variable ‘.SPMD.CT’
    spmd.isend.raw: no visible binding for global variable ‘.SPMD.CT’
    spmd.port.open: no visible binding for global variable ‘.SPMD.CT’
    spmd.probe: no visible binding for global variable ‘.SPMD.CT’
    spmd.recv.default: no visible binding for global variable ‘.SPMD.CT’
    spmd.recv.double: no visible binding for global variable ‘.SPMD.CT’
    spmd.recv.integer: no visible binding for global variable ‘.SPMD.CT’
    spmd.recv.raw: no visible binding for global variable ‘.SPMD.CT’
    spmd.reduce.array: no visible binding for global variable ‘.SPMD.CT’
    spmd.reduce.default: no visible binding for global variable ‘.SPMD.CT’
    spmd.reduce.default: no visible binding for global variable ‘.SPMD.OP’
    spmd.reduce.double: no visible binding for global variable ‘.SPMD.CT’
    spmd.reduce.double: no visible binding for global variable ‘.SPMD.OP’
    spmd.reduce.integer: no visible binding for global variable ‘.SPMD.CT’
    spmd.reduce.integer: no visible binding for global variable ‘.SPMD.OP’
    spmd.reduce.object: no visible binding for global variable ‘.SPMD.CT’
    spmd.scatter.array: no visible binding for global variable ‘.SPMD.CT’
    spmd.scatter.default: no visible binding for global variable ‘.SPMD.CT’
    spmd.scatter.double: no visible binding for global variable ‘.SPMD.CT’
    spmd.scatter.integer: no visible binding for global variable ‘.SPMD.CT’
    spmd.scatter.object: no visible binding for global variable ‘.SPMD.CT’
    spmd.scatter.raw: no visible binding for global variable ‘.SPMD.CT’
    spmd.scatterv.default: no visible binding for global variable
     ‘.SPMD.CT’
    spmd.scatterv.double: no visible binding for global variable ‘.SPMD.CT’
    spmd.scatterv.integer: no visible binding for global variable
     ‘.SPMD.CT’
    spmd.scatterv.raw: no visible binding for global variable ‘.SPMD.CT’
    spmd.send.default: no visible binding for global variable ‘.SPMD.CT’
    spmd.send.double: no visible binding for global variable ‘.SPMD.CT’
    spmd.send.integer: no visible binding for global variable ‘.SPMD.CT’
    spmd.send.raw: no visible binding for global variable ‘.SPMD.CT’
    spmd.sendrecv.default: no visible binding for global variable
     ‘.SPMD.CT’
    spmd.sendrecv.double: no visible binding for global variable ‘.SPMD.CT’
    spmd.sendrecv.integer: no visible binding for global variable
     ‘.SPMD.CT’
    spmd.sendrecv.raw: no visible binding for global variable ‘.SPMD.CT’
    spmd.sendrecv.replace.default: no visible binding for global variable
     ‘.SPMD.CT’
    spmd.sendrecv.replace.double: no visible binding for global variable
     ‘.SPMD.CT’
    spmd.sendrecv.replace.integer: no visible binding for global variable
     ‘.SPMD.CT’
    spmd.sendrecv.replace.raw: no visible binding for global variable
     ‘.SPMD.CT’
    spmd.serv.lookup: no visible binding for global variable ‘.SPMD.CT’
    spmd.serv.publish: no visible binding for global variable ‘.SPMD.CT’
    spmd.serv.unpublish: no visible binding for global variable ‘.SPMD.CT’
    spmd.wait: no visible binding for global variable ‘.SPMD.CT’
    spmd.waitany: no visible binding for global variable ‘.SPMD.CT’
    task.pull: no visible binding for global variable ‘.SPMD.CT’
    task.pull: no visible binding for global variable ‘.SPMD.TP’
    task.pull.master: no visible binding for global variable ‘.SPMD.CT’
    task.pull.workers: no visible binding for global variable ‘.SPMD.CT’
    task.pull.workers: no visible binding for global variable ‘.SPMD.TP’
    wait: no visible binding for global variable ‘.SPMD.CT’
    waitany: no visible binding for global variable ‘.SPMD.CT’
    allgather,ANY-ANY-integer: no visible binding for global variable
     ‘.SPMD.CT’
    allgather,ANY-missing-integer: no visible binding for global variable
     ‘.SPMD.CT’
    allgather,ANY-missing-missing: no visible binding for global variable
     ‘.SPMD.CT’
    allgather,integer-integer-integer: no visible binding for global
     variable ‘.SPMD.CT’
    allgather,integer-integer-missing: no visible binding for global
     variable ‘.SPMD.CT’
    allgather,numeric-numeric-integer: no visible binding for global
     variable ‘.SPMD.CT’
    allgather,numeric-numeric-missing: no visible binding for global
     variable ‘.SPMD.CT’
    allgather,raw-raw-integer: no visible binding for global variable
     ‘.SPMD.CT’
    allgather,raw-raw-missing: no visible binding for global variable
     ‘.SPMD.CT’
    allreduce,ANY-missing: no visible binding for global variable
     ‘.SPMD.CT’
    allreduce,ANY-missing: no visible binding for global variable
     ‘.SPMD.OP’
    allreduce,integer-integer: no visible binding for global variable
     ‘.SPMD.CT’
    allreduce,integer-integer: no visible binding for global variable
     ‘.SPMD.OP’
    allreduce,numeric-numeric: no visible binding for global variable
     ‘.SPMD.CT’
    allreduce,numeric-numeric: no visible binding for global variable
     ‘.SPMD.OP’
    bcast,ANY: no visible binding for global variable ‘.SPMD.CT’
    bcast,integer: no visible binding for global variable ‘.SPMD.CT’
    bcast,numeric: no visible binding for global variable ‘.SPMD.CT’
    bcast,raw: no visible binding for global variable ‘.SPMD.CT’
    gather,ANY-ANY-integer: no visible binding for global variable
     ‘.SPMD.CT’
    gather,ANY-missing-integer: no visible binding for global variable
     ‘.SPMD.CT’
    gather,ANY-missing-missing: no visible binding for global variable
     ‘.SPMD.CT’
    gather,integer-integer-integer: no visible binding for global variable
     ‘.SPMD.CT’
    gather,integer-integer-missing: no visible binding for global variable
     ‘.SPMD.CT’
    gather,numeric-numeric-integer: no visible binding for global variable
     ‘.SPMD.CT’
    gather,numeric-numeric-missing: no visible binding for global variable
     ‘.SPMD.CT’
    gather,raw-raw-integer: no visible binding for global variable
     ‘.SPMD.CT’
    gather,raw-raw-missing: no visible binding for global variable
     ‘.SPMD.CT’
    irecv,ANY: no visible binding for global variable ‘.SPMD.CT’
    irecv,integer: no visible binding for global variable ‘.SPMD.CT’
    irecv,numeric: no visible binding for global variable ‘.SPMD.CT’
    irecv,raw: no visible binding for global variable ‘.SPMD.CT’
    isend,ANY: no visible binding for global variable ‘.SPMD.CT’
    isend,integer: no visible binding for global variable ‘.SPMD.CT’
    isend,numeric: no visible binding for global variable ‘.SPMD.CT’
    isend,raw: no visible binding for global variable ‘.SPMD.CT’
    recv,ANY: no visible binding for global variable ‘.SPMD.CT’
    recv,integer: no visible binding for global variable ‘.SPMD.CT’
    recv,numeric: no visible binding for global variable ‘.SPMD.CT’
    recv,raw: no visible binding for global variable ‘.SPMD.CT’
    reduce,ANY-missing: no visible binding for global variable ‘.SPMD.CT’
    reduce,ANY-missing: no visible binding for global variable ‘.SPMD.OP’
    reduce,integer-integer: no visible binding for global variable
     ‘.SPMD.CT’
    reduce,integer-integer: no visible binding for global variable
     ‘.SPMD.OP’
    reduce,numeric-numeric: no visible binding for global variable
     ‘.SPMD.CT’
    reduce,numeric-numeric: no visible binding for global variable
     ‘.SPMD.OP’
    scatter,ANY-ANY-integer: no visible binding for global variable
     ‘.SPMD.CT’
    scatter,ANY-missing-integer: no visible binding for global variable
     ‘.SPMD.CT’
    scatter,ANY-missing-missing: no visible binding for global variable
     ‘.SPMD.CT’
    scatter,integer-integer-integer: no visible binding for global variable
     ‘.SPMD.CT’
    scatter,integer-integer-missing: no visible binding for global variable
     ‘.SPMD.CT’
    scatter,numeric-numeric-integer: no visible binding for global variable
     ‘.SPMD.CT’
    scatter,numeric-numeric-missing: no visible binding for global variable
     ‘.SPMD.CT’
    scatter,raw-raw-integer: no visible binding for global variable
     ‘.SPMD.CT’
    scatter,raw-raw-missing: no visible binding for global variable
     ‘.SPMD.CT’
    send,ANY: no visible binding for global variable ‘.SPMD.CT’
    send,integer: no visible binding for global variable ‘.SPMD.CT’
    send,numeric: no visible binding for global variable ‘.SPMD.CT’
    send,raw: no visible binding for global variable ‘.SPMD.CT’
    sendrecv.replace,ANY: no visible binding for global variable ‘.SPMD.CT’
    sendrecv.replace,integer: no visible binding for global variable
     ‘.SPMD.CT’
    sendrecv.replace,numeric: no visible binding for global variable
     ‘.SPMD.CT’
    sendrecv.replace,raw: no visible binding for global variable ‘.SPMD.CT’
    sendrecv,ANY-ANY: no visible binding for global variable ‘.SPMD.CT’
    sendrecv,integer-integer: no visible binding for global variable
     ‘.SPMD.CT’
    sendrecv,numeric-numeric: no visible binding for global variable
     ‘.SPMD.CT’
    sendrecv,raw-raw: no visible binding for global variable ‘.SPMD.CT’
Flavor: r-devel-osx-x86_64-clang

Version: 0.2-4
Check: package dependencies
Result: NOTE
    Package which this enhances but not available for checking: ‘pbdPROF’
Flavor: r-release-osx-x86_64-mavericks

Version: 0.2-4
Check: whether package can be installed
Result: ERROR
    Installation failed.
Flavor: r-release-osx-x86_64-mavericks

Version: 0.2-4
Check: dependencies in R code
Result: NOTE
    [hagal.research.att.com:28086] mca: base: component_find: unable to open mpool sm: file not found (ignored)
    [hagal.research.att.com:28086] mca: base: component_find: unable to open btl sm: file not found (ignored)
    [hagal.research.att.com:28086] mca: base: component_find: unable to open coll sm: file not found (ignored)
    [hagal.research.att.com:28086] mca: base: component_find: unable to open osc pt2pt: file not found (ignored)
    See the information on DESCRIPTION files in the chapter ‘Creating R
    packages’ of the ‘Writing R Extensions’ manual.
Flavor: r-release-osx-x86_64-snowleopard

Version: 0.2-4
Check: S3 generic/method consistency
Result: WARN
    [hagal.research.att.com:28089] mca: base: component_find: unable to open mpool sm: file not found (ignored)
    [hagal.research.att.com:28089] mca: base: component_find: unable to open btl sm: file not found (ignored)
    [hagal.research.att.com:28089] mca: base: component_find: unable to open coll sm: file not found (ignored)
    [hagal.research.att.com:28089] mca: base: component_find: unable to open osc pt2pt: file not found (ignored)
    See section ‘Generic functions and methods’ of the ‘Writing R
    Extensions’ manual.
Flavor: r-release-osx-x86_64-snowleopard

Version: 0.2-4
Check: replacement functions
Result: WARN
    [hagal.research.att.com:28092] mca: base: component_find: unable to open mpool sm: file not found (ignored)
    [hagal.research.att.com:28092] mca: base: component_find: unable to open btl sm: file not found (ignored)
    [hagal.research.att.com:28092] mca: base: component_find: unable to open coll sm: file not found (ignored)
    [hagal.research.att.com:28092] mca: base: component_find: unable to open osc pt2pt: file not found (ignored)
    The argument of a replacement function which corresponds to the right
    hand side must be named ‘value’.
Flavor: r-release-osx-x86_64-snowleopard

Version: 0.2-4
Check: foreign function calls
Result: NOTE
    [hagal.research.att.com:28095] mca: base: component_find: unable to open mpool sm: file not found (ignored)
    [hagal.research.att.com:28095] mca: base: component_find: unable to open btl sm: file not found (ignored)
    [hagal.research.att.com:28095] mca: base: component_find: unable to open coll sm: file not found (ignored)
    [hagal.research.att.com:28095] mca: base: component_find: unable to open osc pt2pt: file not found (ignored)
    See the chapter ‘System and foreign language interfaces’ of the
    ‘Writing R Extensions’ manual.
Flavor: r-release-osx-x86_64-snowleopard

Version: 0.2-4
Check: R code for possible problems
Result: NOTE
    [hagal.research.att.com:28110] mca: base: component_find: unable to open mpool sm: file not found (ignored)
    [hagal.research.att.com:28110] mca: base: component_find: unable to open btl sm: file not found (ignored)
    [hagal.research.att.com:28110] mca: base: component_find: unable to open coll sm: file not found (ignored)
    [hagal.research.att.com:28110] mca: base: component_find: unable to open osc pt2pt: file not found (ignored)
Flavor: r-release-osx-x86_64-snowleopard

Version: 0.2-4
Check: for missing documentation entries
Result: WARN
    [hagal.research.att.com:28125] mca: base: component_find: unable to open mpool sm: file not found (ignored)
    [hagal.research.att.com:28125] mca: base: component_find: unable to open btl sm: file not found (ignored)
    [hagal.research.att.com:28125] mca: base: component_find: unable to open coll sm: file not found (ignored)
    [hagal.research.att.com:28125] mca: base: component_find: unable to open osc pt2pt: file not found (ignored)
    All user-level objects in a package should have documentation entries.
    See the chapter ‘Writing R documentation files’ in the ‘Writing R
    Extensions’ manual.
Flavor: r-release-osx-x86_64-snowleopard

Version: 0.2-4
Check: for code/documentation mismatches
Result: WARN
    [hagal.research.att.com:28128] mca: base: component_find: unable to open mpool sm: file not found (ignored)
    [hagal.research.att.com:28128] mca: base: component_find: unable to open btl sm: file not found (ignored)
    [hagal.research.att.com:28128] mca: base: component_find: unable to open coll sm: file not found (ignored)
    [hagal.research.att.com:28128] mca: base: component_find: unable to open osc pt2pt: file not found (ignored)
    [hagal.research.att.com:28131] mca: base: component_find: unable to open mpool sm: file not found (ignored)
    [hagal.research.att.com:28131] mca: base: component_find: unable to open btl sm: file not found (ignored)
    [hagal.research.att.com:28131] mca: base: component_find: unable to open coll sm: file not found (ignored)
    [hagal.research.att.com:28131] mca: base: component_find: unable to open osc pt2pt: file not found (ignored)
    [hagal.research.att.com:28134] mca: base: component_find: unable to open mpool sm: file not found (ignored)
    [hagal.research.att.com:28134] mca: base: component_find: unable to open btl sm: file not found (ignored)
    [hagal.research.att.com:28134] mca: base: component_find: unable to open coll sm: file not found (ignored)
    [hagal.research.att.com:28134] mca: base: component_find: unable to open osc pt2pt: file not found (ignored)
Flavor: r-release-osx-x86_64-snowleopard

Version: 0.2-4
Check: Rd \usage sections
Result: NOTE
    [hagal.research.att.com:28140] mca: base: component_find: unable to open mpool sm: file not found (ignored)
    [hagal.research.att.com:28140] mca: base: component_find: unable to open btl sm: file not found (ignored)
    [hagal.research.att.com:28140] mca: base: component_find: unable to open coll sm: file not found (ignored)
    [hagal.research.att.com:28140] mca: base: component_find: unable to open osc pt2pt: file not found (ignored)
    The \usage entries for S3 methods should use the \method markup and not
    their full name.
    See the chapter ‘Writing R documentation files’ in the ‘Writing R
    Extensions’ manual.
Flavor: r-release-osx-x86_64-snowleopard