CRAN Package Check Results for Package pbdMPI

Last updated on 2014-10-22 10:47:25.

Flavor Version Tinstall Tcheck Ttotal Status Flags
r-devel-linux-x86_64-debian-clang 0.2-5 4.66 32.11 36.77 OK
r-devel-linux-x86_64-debian-gcc 0.2-5 4.59 32.66 37.25 OK
r-devel-linux-x86_64-fedora-clang 0.2-5 65.25 OK
r-devel-linux-x86_64-fedora-gcc 0.2-5 61.50 OK
r-devel-osx-x86_64-clang 0.2-5 46.77 OK --install=fake
r-devel-windows-ix86+x86_64 0.2-5 53.00 49.00 102.00 OK
r-patched-linux-x86_64 0.2-5 4.70 32.84 37.54 OK
r-patched-solaris-sparc 0.2-5 331.90 OK
r-patched-solaris-x86 0.2-5 80.50 OK
r-release-linux-ix86 0.2-5 6.68 38.53 45.20 OK
r-release-linux-x86_64 0.2-5 4.86 32.28 37.14 OK
r-release-osx-x86_64-mavericks 0.2-5 ERROR
r-release-osx-x86_64-snowleopard 0.2-5 WARN
r-release-windows-ix86+x86_64 0.2-5 43.00 47.00 90.00 OK
r-oldrel-windows-ix86+x86_64 0.2-5 39.00 52.00 91.00 OK

Memtest notes: valgrind

Check Details

Version: 0.2-5
Check: package dependencies
Result: NOTE
    Package which this enhances but not available for checking: ‘pbdPROF’
Flavor: r-release-osx-x86_64-mavericks

Version: 0.2-5
Check: whether package can be installed
Result: ERROR
    Installation failed.
Flavor: r-release-osx-x86_64-mavericks

Version: 0.2-5
Check: dependencies in R code
Result: NOTE
    [hagal.research.att.com:59081] mca: base: component_find: unable to open mpool sm: file not found (ignored)
    [hagal.research.att.com:59081] mca: base: component_find: unable to open btl sm: file not found (ignored)
    [hagal.research.att.com:59081] mca: base: component_find: unable to open coll sm: file not found (ignored)
    [hagal.research.att.com:59081] mca: base: component_find: unable to open osc pt2pt: file not found (ignored)
    See the information on DESCRIPTION files in the chapter ‘Creating R
    packages’ of the ‘Writing R Extensions’ manual.
Flavor: r-release-osx-x86_64-snowleopard

Version: 0.2-5
Check: S3 generic/method consistency
Result: WARN
    [hagal.research.att.com:59084] mca: base: component_find: unable to open mpool sm: file not found (ignored)
    [hagal.research.att.com:59084] mca: base: component_find: unable to open btl sm: file not found (ignored)
    [hagal.research.att.com:59084] mca: base: component_find: unable to open coll sm: file not found (ignored)
    [hagal.research.att.com:59084] mca: base: component_find: unable to open osc pt2pt: file not found (ignored)
    See section ‘Generic functions and methods’ of the ‘Writing R
    Extensions’ manual.
Flavor: r-release-osx-x86_64-snowleopard

Version: 0.2-5
Check: replacement functions
Result: WARN
    [hagal.research.att.com:59087] mca: base: component_find: unable to open mpool sm: file not found (ignored)
    [hagal.research.att.com:59087] mca: base: component_find: unable to open btl sm: file not found (ignored)
    [hagal.research.att.com:59087] mca: base: component_find: unable to open coll sm: file not found (ignored)
    [hagal.research.att.com:59087] mca: base: component_find: unable to open osc pt2pt: file not found (ignored)
    The argument of a replacement function which corresponds to the right
    hand side must be named ‘value’.
Flavor: r-release-osx-x86_64-snowleopard

Version: 0.2-5
Check: foreign function calls
Result: NOTE
    [hagal.research.att.com:59090] mca: base: component_find: unable to open mpool sm: file not found (ignored)
    [hagal.research.att.com:59090] mca: base: component_find: unable to open btl sm: file not found (ignored)
    [hagal.research.att.com:59090] mca: base: component_find: unable to open coll sm: file not found (ignored)
    [hagal.research.att.com:59090] mca: base: component_find: unable to open osc pt2pt: file not found (ignored)
    See the chapter ‘System and foreign language interfaces’ of the
    ‘Writing R Extensions’ manual.
Flavor: r-release-osx-x86_64-snowleopard

Version: 0.2-5
Check: R code for possible problems
Result: NOTE
    [hagal.research.att.com:59105] mca: base: component_find: unable to open mpool sm: file not found (ignored)
    [hagal.research.att.com:59105] mca: base: component_find: unable to open btl sm: file not found (ignored)
    [hagal.research.att.com:59105] mca: base: component_find: unable to open coll sm: file not found (ignored)
    [hagal.research.att.com:59105] mca: base: component_find: unable to open osc pt2pt: file not found (ignored)
Flavor: r-release-osx-x86_64-snowleopard

Version: 0.2-5
Check: for missing documentation entries
Result: WARN
    [hagal.research.att.com:59120] mca: base: component_find: unable to open mpool sm: file not found (ignored)
    [hagal.research.att.com:59120] mca: base: component_find: unable to open btl sm: file not found (ignored)
    [hagal.research.att.com:59120] mca: base: component_find: unable to open coll sm: file not found (ignored)
    [hagal.research.att.com:59120] mca: base: component_find: unable to open osc pt2pt: file not found (ignored)
    All user-level objects in a package should have documentation entries.
    See the chapter ‘Writing R documentation files’ in the ‘Writing R
    Extensions’ manual.
Flavor: r-release-osx-x86_64-snowleopard

Version: 0.2-5
Check: for code/documentation mismatches
Result: WARN
    [hagal.research.att.com:59123] mca: base: component_find: unable to open mpool sm: file not found (ignored)
    [hagal.research.att.com:59123] mca: base: component_find: unable to open btl sm: file not found (ignored)
    [hagal.research.att.com:59123] mca: base: component_find: unable to open coll sm: file not found (ignored)
    [hagal.research.att.com:59123] mca: base: component_find: unable to open osc pt2pt: file not found (ignored)
    [hagal.research.att.com:59126] mca: base: component_find: unable to open mpool sm: file not found (ignored)
    [hagal.research.att.com:59126] mca: base: component_find: unable to open btl sm: file not found (ignored)
    [hagal.research.att.com:59126] mca: base: component_find: unable to open coll sm: file not found (ignored)
    [hagal.research.att.com:59126] mca: base: component_find: unable to open osc pt2pt: file not found (ignored)
    [hagal.research.att.com:59129] mca: base: component_find: unable to open mpool sm: file not found (ignored)
    [hagal.research.att.com:59129] mca: base: component_find: unable to open btl sm: file not found (ignored)
    [hagal.research.att.com:59129] mca: base: component_find: unable to open coll sm: file not found (ignored)
    [hagal.research.att.com:59129] mca: base: component_find: unable to open osc pt2pt: file not found (ignored)
Flavor: r-release-osx-x86_64-snowleopard

Version: 0.2-5
Check: Rd \usage sections
Result: NOTE
    [hagal.research.att.com:59135] mca: base: component_find: unable to open mpool sm: file not found (ignored)
    [hagal.research.att.com:59135] mca: base: component_find: unable to open btl sm: file not found (ignored)
    [hagal.research.att.com:59135] mca: base: component_find: unable to open coll sm: file not found (ignored)
    [hagal.research.att.com:59135] mca: base: component_find: unable to open osc pt2pt: file not found (ignored)
    The \usage entries for S3 methods should use the \method markup and not
    their full name.
    See the chapter ‘Writing R documentation files’ in the ‘Writing R
    Extensions’ manual.
Flavor: r-release-osx-x86_64-snowleopard