CRAN Package Check Results for Package pbdMPI

Last updated on 2016-09-28 08:57:49.

Flavor Version Tinstall Tcheck Ttotal Status Flags
r-devel-linux-x86_64-debian-clang 0.3-2 6.52 34.06 40.59 OK
r-devel-linux-x86_64-debian-gcc 0.3-2 6.06 34.95 41.00 OK
r-devel-linux-x86_64-fedora-clang 0.3-2 61.51 OK
r-devel-linux-x86_64-fedora-gcc 0.3-2 57.46 OK
r-devel-macos-x86_64-clang 0.3-2 51.41 OK
r-devel-windows-ix86+x86_64 0.3-2 87.00 84.00 171.00 OK
r-patched-linux-x86_64 0.3-2 5.30 36.09 41.38 OK
r-patched-solaris-sparc 0.3-2 350.30 OK
r-patched-solaris-x86 0.3-2 69.20 OK
r-release-linux-x86_64 0.3-2 5.26 34.58 39.84 OK
r-release-osx-x86_64-mavericks 0.3-2 ERROR
r-release-windows-ix86+x86_64 0.3-2 48.00 66.00 114.00 OK
r-oldrel-windows-ix86+x86_64 0.3-2 6.00 3.00 9.00 ERROR

Check Details

Version: 0.3-2
Check: package dependencies
Result: NOTE
    Package which this enhances but not available for checking: ‘pbdPROF’
Flavor: r-release-osx-x86_64-mavericks

Version: 0.3-2
Check: whether package can be installed
Result: ERROR
    Installation failed.
Flavors: r-release-osx-x86_64-mavericks, r-oldrel-windows-ix86+x86_64