CRAN Package Check Results for Package pbdMPI

Last updated on 2016-06-25 19:48:30.

Flavor Version Tinstall Tcheck Ttotal Status Flags
r-devel-linux-x86_64-debian-gcc 0.3-1 5.93 34.13 40.06 OK
r-devel-linux-x86_64-fedora-clang 0.3-1 59.45 OK
r-devel-linux-x86_64-fedora-gcc 0.3-1 55.21 OK
r-devel-osx-x86_64-clang 0.3-1 36.40 OK --install=fake
r-devel-windows-ix86+x86_64 0.3-1 4.00 4.00 8.00 ERROR
r-patched-linux-x86_64 0.3-1 5.44 34.82 40.27 OK
r-patched-solaris-sparc 0.3-1 353.20 OK
r-patched-solaris-x86 0.3-1 73.90 OK
r-release-linux-x86_64 0.3-1 5.37 34.28 39.65 OK
r-release-osx-x86_64-mavericks 0.3-1 ERROR
r-release-windows-ix86+x86_64 0.3-1 5.00 4.00 9.00 ERROR
r-oldrel-windows-ix86+x86_64 0.3-1 74.00 67.00 141.00 OK

Check Details

Version: 0.3-1
Check: whether package can be installed
Result: ERROR
    Installation failed.
Flavors: r-devel-windows-ix86+x86_64, r-release-osx-x86_64-mavericks, r-release-windows-ix86+x86_64

Version: 0.3-1
Check: package dependencies
Result: NOTE
    Package which this enhances but not available for checking: ‘pbdPROF’
Flavor: r-release-osx-x86_64-mavericks