CRAN Package Check Results for Package pbdMPI

Last updated on 2014-04-24 15:50:43.

Flavor Version Tinstall Tcheck Ttotal Status Flags
r-devel-linux-x86_64-debian-clang 0.2-2 4.87 31.59 36.46 OK
r-devel-linux-x86_64-debian-gcc 0.2-2 5.06 31.05 36.10 OK
r-devel-linux-x86_64-fedora-clang 0.2-2 64.61 OK
r-devel-linux-x86_64-fedora-gcc 0.2-2 64.36 OK
r-devel-osx-x86_64-gcc 0.2-2 NOTE
r-patched-linux-x86_64 0.2-2 4.81 30.72 35.52 OK
r-patched-solaris-sparc 0.2-2 336.70 OK
r-patched-solaris-x86 0.2-2 77.90 OK
r-release-linux-ix86 0.2-2 10.00 51.00 61.00 OK
r-release-linux-x86_64 0.2-2 4.97 31.29 36.26 OK
r-release-osx-x86_64-mavericks 0.2-2 ERROR
r-release-osx-x86_64-snowleopard 0.2-2 OK

Check Details

Version: 0.2-2
Check: package dependencies
Result: NOTE
    Package which this enhances but not available for checking: ‘pbdPROF’
Flavors: r-devel-osx-x86_64-gcc, r-release-osx-x86_64-mavericks

Version: 0.2-2
Check: whether package can be installed
Result: ERROR
    Installation failed.
    See ‘/Builds/CRAN-QA-Simon/packages/mavericks-x86_64/results/3.1/pbdMPI.Rcheck/00install.out’ for details.
Flavor: r-release-osx-x86_64-mavericks