CRAN Package Check Results for Package pbdMPI

Last updated on 2015-05-27 17:47:21.

Flavor Version Tinstall Tcheck Ttotal Status Flags
r-devel-linux-x86_64-debian-clang 0.2-5 4.52 30.63 35.15 NOTE
r-devel-linux-x86_64-debian-gcc 0.2-5 4.54 31.99 36.53 NOTE
r-devel-linux-x86_64-fedora-clang 0.2-5 60.57 NOTE
r-devel-linux-x86_64-fedora-gcc 0.2-5 57.15 NOTE
r-devel-osx-x86_64-clang 0.2-5 44.19 NOTE --install=fake
r-devel-windows-ix86+x86_64 0.2-5 63.00 48.00 111.00 OK
r-patched-linux-x86_64 0.2-5 4.44 29.92 34.36 NOTE
r-patched-solaris-sparc 0.2-5 374.40 NOTE
r-patched-solaris-x86 0.2-5 76.40 NOTE
r-release-linux-x86_64 0.2-5 4.44 30.18 34.62 NOTE
r-release-osx-x86_64-mavericks 0.2-5 ERROR
r-release-osx-x86_64-snowleopard 0.2-5 WARN
r-release-windows-ix86+x86_64 0.2-5 33.00 57.00 90.00 OK
r-oldrel-windows-ix86+x86_64 0.2-5 86.00 53.00 139.00 OK

Check Details

Version: 0.2-5
Check: S3 generic/method consistency
Result: NOTE
    Found the following apparent S3 methods exported but not registered:
     comm.sort.default comm.sort.double comm.sort.integer
    See section ‘Registering S3 methods’ in the ‘Writing R Extensions’
    manual.
Flavors: r-devel-linux-x86_64-debian-clang, r-devel-linux-x86_64-debian-gcc, r-devel-linux-x86_64-fedora-clang, r-devel-linux-x86_64-fedora-gcc, r-patched-linux-x86_64, r-patched-solaris-sparc, r-patched-solaris-x86, r-release-linux-x86_64

Version: 0.2-5
Flags: --install=fake
Check: S3 generic/method consistency
Result: NOTE
    Found the following apparent S3 methods exported but not registered:
     comm.sort.default comm.sort.double comm.sort.integer
    See section ‘Registering S3 methods’ in the ‘Writing R Extensions’
    manual.
Flavor: r-devel-osx-x86_64-clang

Version: 0.2-5
Check: package dependencies
Result: NOTE
    Package which this enhances but not available for checking: ‘pbdPROF’
Flavors: r-release-osx-x86_64-mavericks, r-release-osx-x86_64-snowleopard

Version: 0.2-5
Check: whether package can be installed
Result: ERROR
    Installation failed.
Flavor: r-release-osx-x86_64-mavericks

Version: 0.2-5
Check: dependencies in R code
Result: NOTE
    [hagal.research.att.com:17673] mca: base: component_find: unable to open mpool sm: file not found (ignored)
    [hagal.research.att.com:17673] mca: base: component_find: unable to open btl sm: file not found (ignored)
    [hagal.research.att.com:17673] mca: base: component_find: unable to open coll sm: file not found (ignored)
    [hagal.research.att.com:17673] mca: base: component_find: unable to open osc pt2pt: file not found (ignored)
Flavor: r-release-osx-x86_64-snowleopard

Version: 0.2-5
Check: S3 generic/method consistency
Result: WARN
    [hagal.research.att.com:18107] mca: base: component_find: unable to open mpool sm: file not found (ignored)
    [hagal.research.att.com:18107] mca: base: component_find: unable to open btl sm: file not found (ignored)
    [hagal.research.att.com:18107] mca: base: component_find: unable to open coll sm: file not found (ignored)
    [hagal.research.att.com:18107] mca: base: component_find: unable to open osc pt2pt: file not found (ignored)
    See section ‘Generic functions and methods’ in the ‘Writing R
    Extensions’ manual.
Flavor: r-release-osx-x86_64-snowleopard

Version: 0.2-5
Check: replacement functions
Result: WARN
    [hagal.research.att.com:18583] mca: base: component_find: unable to open mpool sm: file not found (ignored)
    [hagal.research.att.com:18583] mca: base: component_find: unable to open btl sm: file not found (ignored)
    [hagal.research.att.com:18583] mca: base: component_find: unable to open coll sm: file not found (ignored)
    [hagal.research.att.com:18583] mca: base: component_find: unable to open osc pt2pt: file not found (ignored)
    The argument of a replacement function which corresponds to the right
    hand side must be named ‘value’.
Flavor: r-release-osx-x86_64-snowleopard

Version: 0.2-5
Check: foreign function calls
Result: NOTE
    [hagal.research.att.com:18630] mca: base: component_find: unable to open mpool sm: file not found (ignored)
    [hagal.research.att.com:18630] mca: base: component_find: unable to open btl sm: file not found (ignored)
    [hagal.research.att.com:18630] mca: base: component_find: unable to open coll sm: file not found (ignored)
    [hagal.research.att.com:18630] mca: base: component_find: unable to open osc pt2pt: file not found (ignored)
    See chapter ‘System and foreign language interfaces’ in the ‘Writing R
    Extensions’ manual.
Flavor: r-release-osx-x86_64-snowleopard

Version: 0.2-5
Check: R code for possible problems
Result: NOTE
    [hagal.research.att.com:19747] mca: base: component_find: unable to open mpool sm: file not found (ignored)
    [hagal.research.att.com:19747] mca: base: component_find: unable to open btl sm: file not found (ignored)
    [hagal.research.att.com:19747] mca: base: component_find: unable to open coll sm: file not found (ignored)
    [hagal.research.att.com:19747] mca: base: component_find: unable to open osc pt2pt: file not found (ignored)
Flavor: r-release-osx-x86_64-snowleopard

Version: 0.2-5
Check: for missing documentation entries
Result: WARN
    [hagal.research.att.com:25664] mca: base: component_find: unable to open mpool sm: file not found (ignored)
    [hagal.research.att.com:25664] mca: base: component_find: unable to open btl sm: file not found (ignored)
    [hagal.research.att.com:25664] mca: base: component_find: unable to open coll sm: file not found (ignored)
    [hagal.research.att.com:25664] mca: base: component_find: unable to open osc pt2pt: file not found (ignored)
    All user-level objects in a package should have documentation entries.
    See chapter ‘Writing R documentation files’ in the ‘Writing R
    Extensions’ manual.
Flavor: r-release-osx-x86_64-snowleopard

Version: 0.2-5
Check: for code/documentation mismatches
Result: WARN
    [hagal.research.att.com:25830] mca: base: component_find: unable to open mpool sm: file not found (ignored)
    [hagal.research.att.com:25830] mca: base: component_find: unable to open btl sm: file not found (ignored)
    [hagal.research.att.com:25830] mca: base: component_find: unable to open coll sm: file not found (ignored)
    [hagal.research.att.com:25830] mca: base: component_find: unable to open osc pt2pt: file not found (ignored)
    [hagal.research.att.com:26128] mca: base: component_find: unable to open mpool sm: file not found (ignored)
    [hagal.research.att.com:26128] mca: base: component_find: unable to open btl sm: file not found (ignored)
    [hagal.research.att.com:26128] mca: base: component_find: unable to open coll sm: file not found (ignored)
    [hagal.research.att.com:26128] mca: base: component_find: unable to open osc pt2pt: file not found (ignored)
    [hagal.research.att.com:26302] mca: base: component_find: unable to open mpool sm: file not found (ignored)
    [hagal.research.att.com:26302] mca: base: component_find: unable to open btl sm: file not found (ignored)
    [hagal.research.att.com:26302] mca: base: component_find: unable to open coll sm: file not found (ignored)
    [hagal.research.att.com:26302] mca: base: component_find: unable to open osc pt2pt: file not found (ignored)
Flavor: r-release-osx-x86_64-snowleopard

Version: 0.2-5
Check: Rd \usage sections
Result: NOTE
    [hagal.research.att.com:26730] mca: base: component_find: unable to open mpool sm: file not found (ignored)
    [hagal.research.att.com:26730] mca: base: component_find: unable to open btl sm: file not found (ignored)
    [hagal.research.att.com:26730] mca: base: component_find: unable to open coll sm: file not found (ignored)
    [hagal.research.att.com:26730] mca: base: component_find: unable to open osc pt2pt: file not found (ignored)
    The \usage entries for S3 methods should use the \method markup and not
    their full name.
    See chapter ‘Writing R documentation files’ in the ‘Writing R
    Extensions’ manual.
Flavor: r-release-osx-x86_64-snowleopard