CRAN Package Check Results for Package pbdMPI

Last updated on 2016-04-30 11:49:10.

Flavor Version Tinstall Tcheck Ttotal Status Flags
r-devel-linux-x86_64-debian-gcc 0.3-1 5.21 32.17 37.37 OK
r-devel-linux-x86_64-fedora-clang 0.3-1 59.42 OK
r-devel-linux-x86_64-fedora-gcc 0.3-1 55.44 OK
r-devel-osx-x86_64-clang 0.3-1 53.10 OK --install=fake
r-devel-windows-ix86+x86_64 0.3-1 5.00 3.00 8.00 ERROR
r-patched-linux-x86_64 0.3-1 5.31 30.57 35.88 OK
r-patched-solaris-sparc 0.3-1 349.00 OK
r-patched-solaris-x86 0.3-1 73.90 OK
r-release-linux-x86_64 0.3-1 5.16 32.79 37.95 OK
r-release-osx-x86_64-mavericks 0.3-1 ERROR
r-release-windows-ix86+x86_64 0.3-1 74.00 67.00 141.00 OK
r-oldrel-windows-ix86+x86_64 0.3-1 62.00 76.00 138.00 OK

Check Details

Version: 0.3-1
Check: whether package can be installed
Result: ERROR
    Installation failed.
Flavors: r-devel-windows-ix86+x86_64, r-release-osx-x86_64-mavericks

Version: 0.3-1
Check: package dependencies
Result: NOTE
    Package which this enhances but not available for checking: ‘pbdPROF’
Flavor: r-release-osx-x86_64-mavericks