CRAN Package Check Results for Package pbdMPI

Last updated on 2017-06-27 16:46:58.

Flavor Version Tinstall Tcheck Ttotal Status Flags
r-devel-linux-x86_64-debian-clang 0.3-3 7.17 37.53 44.70 NOTE
r-devel-linux-x86_64-debian-gcc 0.3-3 7.32 36.11 43.43 NOTE
r-devel-linux-x86_64-fedora-clang 0.3-3 66.16 NOTE
r-devel-linux-x86_64-fedora-gcc 0.3-3 63.32 NOTE
r-devel-windows-ix86+x86_64 0.3-3 101.00 66.00 167.00 OK
r-patched-linux-x86_64 0.3-3 7.01 35.58 42.59 NOTE
r-patched-solaris-sparc 0.3-3 374.60 OK
r-patched-solaris-x86 0.3-3 75.20 OK
r-release-linux-x86_64 0.3-3 8.38 36.37 44.75 NOTE
r-release-windows-ix86+x86_64 0.3-3 65.00 69.00 134.00 OK
r-release-osx-x86_64 0.3-3 ERROR
r-oldrel-windows-ix86+x86_64 0.3-3 43.00 63.00 106.00 OK
r-oldrel-osx-x86_64 0.3-3 ERROR

Check Details

Version: 0.3-3
Check: compiled code
Result: NOTE
    File ‘pbdMPI/libs/pbdMPI.so’:
     Found no call to: ‘R_useDynamicSymbols’
    
    It is good practice to register native routines and to disable symbol
    search.
    
    See ‘Writing portable packages’ in the ‘Writing R Extensions’ manual.
Flavors: r-devel-linux-x86_64-debian-clang, r-devel-linux-x86_64-debian-gcc, r-devel-linux-x86_64-fedora-clang, r-devel-linux-x86_64-fedora-gcc, r-patched-linux-x86_64, r-release-linux-x86_64

Version: 0.3-3
Check: package dependencies
Result: NOTE
    Package which this enhances but not available for checking: ‘pbdPROF’
Flavors: r-release-osx-x86_64, r-oldrel-osx-x86_64

Version: 0.3-3
Check: whether package can be installed
Result: ERROR
    Installation failed.
Flavors: r-release-osx-x86_64, r-oldrel-osx-x86_64