CRAN Package Check Results for Package pbdMPI

Last updated on 2015-09-03 03:48:35.

Flavor Version Tinstall Tcheck Ttotal Status Flags
r-devel-linux-x86_64-debian-clang 0.2-5 4.33 31.17 35.50 NOTE
r-devel-linux-x86_64-debian-gcc 0.2-5 4.43 30.27 34.70 NOTE
r-devel-linux-x86_64-fedora-clang 0.2-5 58.83 NOTE
r-devel-linux-x86_64-fedora-gcc 0.2-5 55.64 NOTE
r-devel-osx-x86_64-clang 0.2-5 41.09 NOTE --install=fake
r-devel-windows-ix86+x86_64 0.2-5 58.00 57.00 115.00 NOTE
r-patched-linux-x86_64 0.2-5 4.68 30.46 35.13 NOTE
r-patched-solaris-sparc 0.2-5 363.20 NOTE
r-patched-solaris-x86 0.2-5 76.50 NOTE
r-release-linux-x86_64 0.2-5 4.73 30.20 34.92 NOTE
r-release-osx-x86_64-mavericks 0.2-5 ERROR
r-release-windows-ix86+x86_64 0.2-5 83.00 53.00 136.00 OK
r-oldrel-windows-ix86+x86_64 0.2-5 86.00 53.00 139.00 OK

Memtest notes: valgrind

Check Details

Version: 0.2-5
Check: S3 generic/method consistency
Result: NOTE
    Found the following apparent S3 methods exported but not registered:
     comm.sort.default comm.sort.double comm.sort.integer
    See section ‘Registering S3 methods’ in the ‘Writing R Extensions’
    manual.
Flavors: r-devel-linux-x86_64-debian-clang, r-devel-linux-x86_64-debian-gcc, r-devel-linux-x86_64-fedora-clang, r-devel-linux-x86_64-fedora-gcc, r-patched-linux-x86_64, r-patched-solaris-sparc, r-patched-solaris-x86, r-release-linux-x86_64

Version: 0.2-5
Check: R code for possible problems
Result: NOTE
    .onLoad: no visible global function definition for ‘runif’
    comm.Rprof: no visible global function definition for ‘Rprof’
    comm.dist.common: no visible global function definition for ‘dist’
    comm.dist.common: no visible global function definition for ‘as.dist’
    comm.dist.gbd: no visible global function definition for ‘dist’
    comm.pairwise : <anonymous>: no visible global function definition for
     ‘dist’
    comm.pairwise.common : <anonymous>: no visible global function
     definition for ‘dist’
    comm.pairwise.gbd : <anonymous>: no visible global function definition
     for ‘dist’
    comm.write.table: no visible global function definition for
     ‘write.table’
    init: no visible global function definition for ‘runif’
    read.table.common: no visible global function definition for
     ‘read.table’
    read.table.gbd: no visible global function definition for ‘read.table’
    spmd.init: no visible global function definition for ‘runif’
    Undefined global functions or variables:
     Rprof as.dist dist read.table runif write.table
    Consider adding
     importFrom("stats", "as.dist", "dist", "runif")
     importFrom("utils", "Rprof", "read.table", "write.table")
    to your NAMESPACE.
Flavors: r-devel-linux-x86_64-debian-clang, r-devel-linux-x86_64-debian-gcc, r-devel-linux-x86_64-fedora-clang, r-devel-linux-x86_64-fedora-gcc, r-devel-windows-ix86+x86_64

Version: 0.2-5
Flags: --install=fake
Check: S3 generic/method consistency
Result: NOTE
    Found the following apparent S3 methods exported but not registered:
     comm.sort.default comm.sort.double comm.sort.integer
    See section ‘Registering S3 methods’ in the ‘Writing R Extensions’
    manual.
Flavor: r-devel-osx-x86_64-clang

Version: 0.2-5
Check: package dependencies
Result: NOTE
    Package which this enhances but not available for checking: ‘pbdPROF’
Flavor: r-release-osx-x86_64-mavericks

Version: 0.2-5
Check: whether package can be installed
Result: ERROR
    Installation failed.
Flavor: r-release-osx-x86_64-mavericks