CRAN Package Check Results for Package pbdMPI

Last updated on 2020-05-25 10:49:04 CEST.

Flavor Version Tinstall Tcheck Ttotal Status Flags
r-devel-linux-x86_64-debian-clang 0.4-3 18.24 71.55 89.79 OK
r-devel-linux-x86_64-debian-gcc 0.4-3 12.96 56.54 69.50 OK
r-devel-linux-x86_64-fedora-clang 0.4-3 111.14 OK
r-devel-linux-x86_64-fedora-gcc 0.4-3 107.01 OK
r-devel-windows-ix86+x86_64 0.4-3 90.00 104.00 194.00 OK
r-patched-linux-x86_64 0.4-3 14.22 71.99 86.21 OK
r-patched-solaris-x86 0.4-3 190.60 OK
r-release-linux-x86_64 0.4-3 14.32 72.87 87.19 OK
r-release-osx-x86_64 0.4-3 ERROR
r-release-windows-ix86+x86_64 0.4-3 65.00 120.00 185.00 OK
r-oldrel-osx-x86_64 0.4-3 ERROR
r-oldrel-windows-ix86+x86_64 0.4-3 67.00 93.00 160.00 OK

Check Details

Version: 0.4-3
Check: package dependencies
Result: NOTE
    Packages which this enhances but not available for checking:
     'pbdPROF', 'pbdZMQ'
Flavor: r-release-osx-x86_64

Version: 0.4-3
Check: whether package can be installed
Result: ERROR
    Installation failed.
Flavors: r-release-osx-x86_64, r-oldrel-osx-x86_64

Version: 0.4-3
Check: package dependencies
Result: NOTE
    Package which this enhances but not available for checking: ‘pbdPROF’
Flavor: r-oldrel-osx-x86_64