CRAN Package Check Results for Package pbdMPI

Last updated on 2017-01-20 19:47:13.

Flavor Version Tinstall Tcheck Ttotal Status Flags
r-devel-linux-x86_64-debian-clang 0.3-3 6.90 36.91 43.81 OK
r-devel-linux-x86_64-debian-gcc 0.3-3 6.68 37.84 44.52 OK
r-devel-linux-x86_64-fedora-clang 0.3-3 65.58 OK --no-stop-on-test-error
r-devel-linux-x86_64-fedora-gcc 0.3-3 63.49 OK --no-stop-on-test-error
r-devel-macos-x86_64-clang 0.3-3 55.52 OK --no-stop-on-test-error
r-devel-windows-ix86+x86_64 0.3-3 90.00 86.00 176.00 OK
r-patched-linux-x86_64 0.3-3 10.73 35.21 45.95 OK
r-patched-solaris-sparc 0.3-3 355.30 OK
r-patched-solaris-x86 0.3-3 68.40 OK
r-release-linux-x86_64 0.3-3 5.96 35.05 41.01 OK
r-release-osx-x86_64-mavericks 0.3-3 ERROR
r-release-windows-ix86+x86_64 0.3-3 43.00 63.00 106.00 OK
r-oldrel-windows-ix86+x86_64 0.3-2 6.00 1.00 7.00 ERROR

Check Details

Version: 0.3-3
Check: package dependencies
Result: NOTE
    Package which this enhances but not available for checking: ‘pbdPROF’
Flavor: r-release-osx-x86_64-mavericks

Version: 0.3-3
Check: whether package can be installed
Result: ERROR
    Installation failed.
Flavor: r-release-osx-x86_64-mavericks

Version: 0.3-2
Check: whether package can be installed
Result: ERROR
    Installation failed.
Flavor: r-oldrel-windows-ix86+x86_64