CRAN Package Check Results for Package pbdMPI

Last updated on 2016-02-10 18:49:29.

Flavor Version Tinstall Tcheck Ttotal Status Flags
r-devel-linux-x86_64-debian-gcc 0.3-1 5.02 30.02 35.04 OK
r-devel-linux-x86_64-fedora-clang 0.3-1 58.34 OK
r-devel-linux-x86_64-fedora-gcc 0.3-1 54.07 OK
r-devel-osx-x86_64-clang 0.3-1 54.31 OK --install=fake
r-devel-windows-ix86+x86_64 0.3-1 100.00 57.00 157.00 OK
r-patched-linux-x86_64 0.3-1 5.48 31.76 37.24 OK
r-patched-solaris-sparc 0.3-1 321.40 OK
r-patched-solaris-x86 0.3-1 73.70 OK
r-release-linux-x86_64 0.3-1 5.19 30.10 35.28 OK
r-release-osx-x86_64-mavericks 0.3-1 ERROR
r-release-windows-ix86+x86_64 0.3-1 74.00 67.00 141.00 OK
r-oldrel-windows-ix86+x86_64 0.3-1 62.00 76.00 138.00 OK

Check Details

Version: 0.3-1
Check: package dependencies
Result: NOTE
    Package which this enhances but not available for checking: ‘pbdPROF’
Flavor: r-release-osx-x86_64-mavericks

Version: 0.3-1
Check: whether package can be installed
Result: ERROR
    Installation failed.
Flavor: r-release-osx-x86_64-mavericks