CRAN Package Check Results for Package pbdMPI

Last updated on 2017-10-17 03:48:55.

Flavor Version Tinstall Tcheck Ttotal Status Flags
r-devel-linux-x86_64-debian-clang 0.3-3 7.72 38.80 46.51 NOTE
r-devel-linux-x86_64-debian-gcc 0.3-3 6.91 42.22 49.12 NOTE
r-devel-linux-x86_64-fedora-clang 0.3-3 67.79 NOTE
r-devel-linux-x86_64-fedora-gcc 0.3-3 65.63 NOTE
r-devel-windows-ix86+x86_64 0.3-3 111.00 110.00 221.00 OK
r-patched-linux-x86_64 0.3-3 7.14 36.51 43.65 NOTE
r-patched-solaris-x86 0.3-3 77.70 OK
r-release-linux-x86_64 0.3-3 6.95 35.59 42.54 NOTE
r-release-windows-ix86+x86_64 0.3-3 65.00 70.00 135.00 OK
r-release-osx-x86_64 0.3-3 ERROR
r-oldrel-windows-ix86+x86_64 0.3-3 43.00 63.00 106.00 OK
r-oldrel-osx-x86_64 0.3-3 ERROR

Check Details

Version: 0.3-3
Check: compiled code
Result: NOTE
    File ‘pbdMPI/libs/pbdMPI.so’:
     Found no call to: ‘R_useDynamicSymbols’
    
    It is good practice to register native routines and to disable symbol
    search.
    
    See ‘Writing portable packages’ in the ‘Writing R Extensions’ manual.
Flavors: r-devel-linux-x86_64-debian-clang, r-devel-linux-x86_64-debian-gcc, r-devel-linux-x86_64-fedora-clang, r-devel-linux-x86_64-fedora-gcc, r-patched-linux-x86_64, r-release-linux-x86_64

Version: 0.3-3
Check: package dependencies
Result: NOTE
    Package which this enhances but not available for checking: ‘pbdPROF’
Flavors: r-release-osx-x86_64, r-oldrel-osx-x86_64

Version: 0.3-3
Check: whether package can be installed
Result: ERROR
    Installation failed.
Flavors: r-release-osx-x86_64, r-oldrel-osx-x86_64