CRAN Package Check Results for Package pbdMPI

Last updated on 2017-04-27 23:50:06.

Flavor Version Tinstall Tcheck Ttotal Status Flags
r-devel-linux-x86_64-debian-clang 0.3-3 7.96 36.79 44.75 NOTE
r-devel-linux-x86_64-debian-gcc 0.3-3 7.79 36.91 44.70 NOTE
r-devel-linux-x86_64-fedora-clang 0.3-3 71.85 NOTE --no-stop-on-test-error
r-devel-linux-x86_64-fedora-gcc 0.3-3 63.17 NOTE --no-stop-on-test-error
r-devel-windows-ix86+x86_64 0.3-3 96.00 72.00 168.00 OK
r-patched-linux-x86_64 0.3-3 6.24 36.79 43.02 NOTE
r-patched-solaris-sparc 0.3-3 374.60 OK
r-patched-solaris-x86 0.3-3 75.10 OK
r-release-linux-x86_64 0.3-3 5.96 36.60 42.56 NOTE
r-release-windows-ix86+x86_64 0.3-3 65.00 69.00 134.00 OK
r-release-osx-x86_64 0.3-3 ERROR
r-oldrel-windows-ix86+x86_64 0.3-3 43.00 63.00 106.00 OK
r-oldrel-osx-x86_64 0.3-3 ERROR

Check Details

Version: 0.3-3
Check: compiled code
Result: NOTE
    File ‘pbdMPI/libs/pbdMPI.so’:
     Found no call to: ‘R_useDynamicSymbols’
    
    It is good practice to register native routines and to disable symbol
    search.
    
    See ‘Writing portable packages’ in the ‘Writing R Extensions’ manual.
Flavors: r-devel-linux-x86_64-debian-clang, r-devel-linux-x86_64-debian-gcc, r-patched-linux-x86_64, r-release-linux-x86_64

Version: 0.3-3
Flags: --no-stop-on-test-error
Check: compiled code
Result: NOTE
    File ‘pbdMPI/libs/pbdMPI.so’:
     Found no call to: ‘R_useDynamicSymbols’
    
    It is good practice to register native routines and to disable symbol
    search.
    
    See ‘Writing portable packages’ in the ‘Writing R Extensions’ manual.
Flavors: r-devel-linux-x86_64-fedora-clang, r-devel-linux-x86_64-fedora-gcc

Version: 0.3-3
Check: package dependencies
Result: NOTE
    Package which this enhances but not available for checking: ‘pbdPROF’
Flavors: r-release-osx-x86_64, r-oldrel-osx-x86_64

Version: 0.3-3
Check: whether package can be installed
Result: ERROR
    Installation failed.
Flavors: r-release-osx-x86_64, r-oldrel-osx-x86_64