CRAN Package Check Results for Package pbdMPI

Last updated on 2015-04-18 03:50:22.

Flavor Version Tinstall Tcheck Ttotal Status Flags
r-devel-linux-x86_64-debian-clang 0.2-5 4.40 31.44 35.84 NOTE
r-devel-linux-x86_64-debian-gcc 0.2-5 4.81 30.33 35.14 NOTE
r-devel-linux-x86_64-fedora-clang 0.2-5 60.87 NOTE
r-devel-linux-x86_64-fedora-gcc 0.2-5 56.85 NOTE
r-devel-osx-x86_64-clang 0.2-5 43.70 NOTE --install=fake
r-prerel-windows-ix86+x86_64 0.2-5 78.00 48.00 126.00 OK
r-prerel-linux-x86_64 0.2-5 5.24 31.69 36.93 NOTE
r-prerel-solaris-sparc 0.2-5 368.00 OK
r-prerel-solaris-x86 0.2-5 73.50 OK
r-release-linux-x86_64 0.2-5 4.72 32.86 37.57 OK
r-release-osx-x86_64-mavericks 0.2-5 ERROR
r-release-osx-x86_64-snowleopard 0.2-5 WARN
r-release-windows-ix86+x86_64 0.2-5 86.00 53.00 139.00 OK
r-oldrel-windows-ix86+x86_64 0.2-5 39.00 52.00 91.00 OK

Check Details

Version: 0.2-5
Check: S3 generic/method consistency
Result: NOTE
    Found the following apparent S3 methods exported but not registered:
     comm.sort.default comm.sort.double comm.sort.integer
    See section ‘Registering S3 methods’ in the ‘Writing R Extensions’
    manual.
Flavors: r-devel-linux-x86_64-debian-clang, r-devel-linux-x86_64-debian-gcc, r-devel-linux-x86_64-fedora-clang, r-devel-linux-x86_64-fedora-gcc, r-prerel-linux-x86_64

Version: 0.2-5
Flags: --install=fake
Check: S3 generic/method consistency
Result: NOTE
    Found the following apparent S3 methods exported but not registered:
     comm.sort.default comm.sort.double comm.sort.integer
    See section ‘Registering S3 methods’ in the ‘Writing R Extensions’
    manual.
Flavor: r-devel-osx-x86_64-clang

Version: 0.2-5
Check: package dependencies
Result: NOTE
    Package which this enhances but not available for checking: ‘pbdPROF’
Flavor: r-release-osx-x86_64-mavericks

Version: 0.2-5
Check: whether package can be installed
Result: ERROR
    Installation failed.
Flavor: r-release-osx-x86_64-mavericks

Version: 0.2-5
Check: dependencies in R code
Result: NOTE
    [hagal.research.att.com:59081] mca: base: component_find: unable to open mpool sm: file not found (ignored)
    [hagal.research.att.com:59081] mca: base: component_find: unable to open btl sm: file not found (ignored)
    [hagal.research.att.com:59081] mca: base: component_find: unable to open coll sm: file not found (ignored)
    [hagal.research.att.com:59081] mca: base: component_find: unable to open osc pt2pt: file not found (ignored)
    See the information on DESCRIPTION files in the chapter ‘Creating R
    packages’ of the ‘Writing R Extensions’ manual.
Flavor: r-release-osx-x86_64-snowleopard

Version: 0.2-5
Check: S3 generic/method consistency
Result: WARN
    [hagal.research.att.com:59084] mca: base: component_find: unable to open mpool sm: file not found (ignored)
    [hagal.research.att.com:59084] mca: base: component_find: unable to open btl sm: file not found (ignored)
    [hagal.research.att.com:59084] mca: base: component_find: unable to open coll sm: file not found (ignored)
    [hagal.research.att.com:59084] mca: base: component_find: unable to open osc pt2pt: file not found (ignored)
    See section ‘Generic functions and methods’ of the ‘Writing R
    Extensions’ manual.
Flavor: r-release-osx-x86_64-snowleopard

Version: 0.2-5
Check: replacement functions
Result: WARN
    [hagal.research.att.com:59087] mca: base: component_find: unable to open mpool sm: file not found (ignored)
    [hagal.research.att.com:59087] mca: base: component_find: unable to open btl sm: file not found (ignored)
    [hagal.research.att.com:59087] mca: base: component_find: unable to open coll sm: file not found (ignored)
    [hagal.research.att.com:59087] mca: base: component_find: unable to open osc pt2pt: file not found (ignored)
    The argument of a replacement function which corresponds to the right
    hand side must be named ‘value’.
Flavor: r-release-osx-x86_64-snowleopard

Version: 0.2-5
Check: foreign function calls
Result: NOTE
    [hagal.research.att.com:59090] mca: base: component_find: unable to open mpool sm: file not found (ignored)
    [hagal.research.att.com:59090] mca: base: component_find: unable to open btl sm: file not found (ignored)
    [hagal.research.att.com:59090] mca: base: component_find: unable to open coll sm: file not found (ignored)
    [hagal.research.att.com:59090] mca: base: component_find: unable to open osc pt2pt: file not found (ignored)
    See the chapter ‘System and foreign language interfaces’ of the
    ‘Writing R Extensions’ manual.
Flavor: r-release-osx-x86_64-snowleopard

Version: 0.2-5
Check: R code for possible problems
Result: NOTE
    [hagal.research.att.com:59105] mca: base: component_find: unable to open mpool sm: file not found (ignored)
    [hagal.research.att.com:59105] mca: base: component_find: unable to open btl sm: file not found (ignored)
    [hagal.research.att.com:59105] mca: base: component_find: unable to open coll sm: file not found (ignored)
    [hagal.research.att.com:59105] mca: base: component_find: unable to open osc pt2pt: file not found (ignored)
Flavor: r-release-osx-x86_64-snowleopard

Version: 0.2-5
Check: for missing documentation entries
Result: WARN
    [hagal.research.att.com:59120] mca: base: component_find: unable to open mpool sm: file not found (ignored)
    [hagal.research.att.com:59120] mca: base: component_find: unable to open btl sm: file not found (ignored)
    [hagal.research.att.com:59120] mca: base: component_find: unable to open coll sm: file not found (ignored)
    [hagal.research.att.com:59120] mca: base: component_find: unable to open osc pt2pt: file not found (ignored)
    All user-level objects in a package should have documentation entries.
    See the chapter ‘Writing R documentation files’ in the ‘Writing R
    Extensions’ manual.
Flavor: r-release-osx-x86_64-snowleopard

Version: 0.2-5
Check: for code/documentation mismatches
Result: WARN
    [hagal.research.att.com:59123] mca: base: component_find: unable to open mpool sm: file not found (ignored)
    [hagal.research.att.com:59123] mca: base: component_find: unable to open btl sm: file not found (ignored)
    [hagal.research.att.com:59123] mca: base: component_find: unable to open coll sm: file not found (ignored)
    [hagal.research.att.com:59123] mca: base: component_find: unable to open osc pt2pt: file not found (ignored)
    [hagal.research.att.com:59126] mca: base: component_find: unable to open mpool sm: file not found (ignored)
    [hagal.research.att.com:59126] mca: base: component_find: unable to open btl sm: file not found (ignored)
    [hagal.research.att.com:59126] mca: base: component_find: unable to open coll sm: file not found (ignored)
    [hagal.research.att.com:59126] mca: base: component_find: unable to open osc pt2pt: file not found (ignored)
    [hagal.research.att.com:59129] mca: base: component_find: unable to open mpool sm: file not found (ignored)
    [hagal.research.att.com:59129] mca: base: component_find: unable to open btl sm: file not found (ignored)
    [hagal.research.att.com:59129] mca: base: component_find: unable to open coll sm: file not found (ignored)
    [hagal.research.att.com:59129] mca: base: component_find: unable to open osc pt2pt: file not found (ignored)
Flavor: r-release-osx-x86_64-snowleopard

Version: 0.2-5
Check: Rd \usage sections
Result: NOTE
    [hagal.research.att.com:59135] mca: base: component_find: unable to open mpool sm: file not found (ignored)
    [hagal.research.att.com:59135] mca: base: component_find: unable to open btl sm: file not found (ignored)
    [hagal.research.att.com:59135] mca: base: component_find: unable to open coll sm: file not found (ignored)
    [hagal.research.att.com:59135] mca: base: component_find: unable to open osc pt2pt: file not found (ignored)
    The \usage entries for S3 methods should use the \method markup and not
    their full name.
    See the chapter ‘Writing R documentation files’ in the ‘Writing R
    Extensions’ manual.
Flavor: r-release-osx-x86_64-snowleopard