CRAN Package Check Results for Package pbdSLAP

Last updated on 2018-04-21 16:46:59 CEST.

Flavor Version Tinstall Tcheck Ttotal Status Flags
r-devel-linux-x86_64-debian-clang 0.2-4 128.46 30.12 158.58 OK
r-devel-linux-x86_64-debian-gcc 0.2-4 105.86 25.71 131.57 OK
r-devel-linux-x86_64-fedora-clang 0.2-4 210.71 NOTE
r-devel-linux-x86_64-fedora-gcc 0.2-4 208.16 NOTE
r-devel-windows-ix86+x86_64 0.2-4 453.00 94.00 547.00 NOTE
r-devel-osx-x86_64 0.2-4 ERROR
r-patched-linux-x86_64 0.2-4 127.11 31.33 158.44 OK
r-patched-solaris-x86 0.2-4 258.10 OK
r-release-linux-x86_64 0.2-4 129.81 30.55 160.36 OK
r-release-windows-ix86+x86_64 0.2-4 444.00 75.00 519.00 NOTE
r-release-osx-x86_64 0.2-4 ERROR
r-oldrel-windows-ix86+x86_64 0.2-4 321.00 54.00 375.00 NOTE

Check Details

Version: 0.2-4
Check: installed package size
Result: NOTE
     installed size is 10.0Mb
     sub-directories of 1Mb or more:
     lib 9.5Mb
Flavors: r-devel-linux-x86_64-fedora-clang, r-devel-linux-x86_64-fedora-gcc, r-devel-windows-ix86+x86_64, r-release-windows-ix86+x86_64, r-oldrel-windows-ix86+x86_64

Version: 0.2-4
Check: package dependencies
Result: ERROR
    Package required but not available: ‘pbdMPI’
    
    See section ‘The DESCRIPTION file’ in the ‘Writing R Extensions’
    manual.
Flavors: r-devel-osx-x86_64, r-release-osx-x86_64