CRAN Package Check Results for Package pbdSLAP

Last updated on 2014-04-23 20:47:17.

Flavor Version Tinstall Tcheck Ttotal Status Flags
r-devel-linux-x86_64-debian-clang 0.1-8 69.54 32.47 102.02 NOTE
r-devel-linux-x86_64-debian-gcc 0.1-8 74.87 32.30 107.16 NOTE
r-devel-linux-x86_64-fedora-clang 0.1-8 178.91 NOTE
r-devel-linux-x86_64-fedora-gcc 0.1-8 196.19 NOTE
r-devel-osx-x86_64-clang 0.1-8 171.62 NOTE
r-devel-osx-x86_64-gcc 0.1-8 NOTE
r-patched-linux-x86_64 0.1-8 75.42 31.42 106.85 NOTE
r-patched-solaris-sparc 0.1-8 846.70 OK
r-patched-solaris-x86 0.1-8 254.90 OK
r-release-linux-ix86 0.1-8 127.00 52.00 179.00 NOTE
r-release-linux-x86_64 0.1-8 75.28 32.44 107.72 NOTE
r-release-osx-x86_64-mavericks 0.1-8 ERROR
r-release-osx-x86_64-snowleopard 0.1-8 NOTE

Check Details

Version: 0.1-8
Check: installed package size
Result: NOTE
     installed size is 12.7Mb
     sub-directories of 1Mb or more:
     lib 12.3Mb
Flavors: r-devel-linux-x86_64-debian-clang, r-devel-linux-x86_64-debian-gcc, r-devel-linux-x86_64-fedora-clang, r-devel-linux-x86_64-fedora-gcc, r-devel-osx-x86_64-clang, r-devel-osx-x86_64-gcc, r-patched-linux-x86_64, r-release-linux-ix86, r-release-linux-x86_64, r-release-osx-x86_64-snowleopard

Version: 0.1-8
Check: package dependencies
Result: ERROR
    Package required but not available: ‘pbdMPI’
    
    See the information on DESCRIPTION files in the chapter ‘Creating R
    packages’ of the ‘Writing R Extensions’ manual.
Flavor: r-release-osx-x86_64-mavericks