CRAN Package Check Results for Package pbdSLAP

Last updated on 2016-04-29 19:49:55.

Flavor Version Tinstall Tcheck Ttotal Status Flags
r-devel-linux-x86_64-debian-gcc 0.2-1 80.30 21.51 101.81 NOTE
r-devel-linux-x86_64-fedora-clang 0.2-1 187.24 NOTE
r-devel-linux-x86_64-fedora-gcc 0.2-1 189.10 NOTE
r-devel-osx-x86_64-clang 0.2-1 223.48 NOTE
r-devel-windows-ix86+x86_64 0.2-1 8.00 3.00 11.00 ERROR
r-patched-linux-x86_64 0.2-1 79.98 21.45 101.43 NOTE
r-patched-solaris-sparc 0.2-1 917.80 OK
r-patched-solaris-x86 0.2-1 221.60 OK
r-release-linux-x86_64 0.2-1 79.94 22.68 102.63 NOTE
r-release-osx-x86_64-mavericks 0.2-1 ERROR
r-release-windows-ix86+x86_64 0.2-1 351.00 53.00 404.00 NOTE
r-oldrel-windows-ix86+x86_64 0.2-1 359.00 69.00 428.00 NOTE

Check Details

Version: 0.2-1
Check: installed package size
Result: NOTE
     installed size is 11.3Mb
     sub-directories of 1Mb or more:
     lib 10.8Mb
Flavors: r-devel-linux-x86_64-debian-gcc, r-devel-linux-x86_64-fedora-clang, r-devel-linux-x86_64-fedora-gcc, r-devel-osx-x86_64-clang, r-patched-linux-x86_64, r-release-linux-x86_64, r-release-windows-ix86+x86_64, r-oldrel-windows-ix86+x86_64

Version: 0.2-1
Check: whether package can be installed
Result: ERROR
    Installation failed.
Flavor: r-devel-windows-ix86+x86_64

Version: 0.2-1
Check: package dependencies
Result: ERROR
    Package required but not available: ‘pbdMPI’
    
    See section ‘The DESCRIPTION file’ in the ‘Writing R Extensions’
    manual.
Flavor: r-release-osx-x86_64-mavericks