CRAN Package Check Results for Package pbdSLAP

Last updated on 2016-05-24 21:49:35.

Flavor Version Tinstall Tcheck Ttotal Status Flags
r-devel-linux-x86_64-debian-gcc 0.2-1 91.54 21.63 113.17 NOTE
r-devel-linux-x86_64-fedora-clang 0.2-1 185.34 NOTE
r-devel-linux-x86_64-fedora-gcc 0.2-1 187.85 NOTE
r-devel-osx-x86_64-clang 0.2-1 212.02 NOTE
r-devel-windows-ix86+x86_64 0.2-1 9.00 5.00 14.00 ERROR
r-patched-linux-x86_64 0.2-1 82.42 20.75 103.17 NOTE
r-patched-solaris-sparc 0.2-1 916.40 OK
r-patched-solaris-x86 0.2-1 224.30 OK
r-release-linux-x86_64 0.2-1 82.22 21.44 103.66 NOTE
r-release-osx-x86_64-mavericks 0.2-1 ERROR
r-release-windows-ix86+x86_64 0.2-1 9.00 5.00 14.00 ERROR
r-oldrel-windows-ix86+x86_64 0.2-1 351.00 53.00 404.00 NOTE

Check Details

Version: 0.2-1
Check: installed package size
Result: NOTE
     installed size is 12.7Mb
     sub-directories of 1Mb or more:
     lib 12.2Mb
Flavors: r-devel-linux-x86_64-debian-gcc, r-devel-linux-x86_64-fedora-clang, r-devel-linux-x86_64-fedora-gcc, r-devel-osx-x86_64-clang, r-patched-linux-x86_64, r-release-linux-x86_64, r-oldrel-windows-ix86+x86_64

Version: 0.2-1
Check: compiled code
Result: NOTE
    Note: information on .o files is not available
Flavor: r-devel-osx-x86_64-clang

Version: 0.2-1
Check: whether package can be installed
Result: ERROR
    Installation failed.
Flavors: r-devel-windows-ix86+x86_64, r-release-windows-ix86+x86_64

Version: 0.2-1
Check: package dependencies
Result: ERROR
    Package required but not available: ‘pbdMPI’
    
    See section ‘The DESCRIPTION file’ in the ‘Writing R Extensions’
    manual.
Flavor: r-release-osx-x86_64-mavericks