CRAN Package Check Results for Package pbdSLAP

Last updated on 2016-08-31 17:47:50.

Flavor Version Tinstall Tcheck Ttotal Status Flags
r-devel-linux-x86_64-debian-clang 0.2-1 90.61 21.36 111.97 WARN
r-devel-linux-x86_64-debian-gcc 0.2-1 88.89 21.47 110.36 WARN
r-devel-linux-x86_64-fedora-clang 0.2-1 194.40 WARN
r-devel-linux-x86_64-fedora-gcc 0.2-1 199.09 WARN
r-devel-osx-x86_64-clang 0.2-1 167.31 WARN
r-devel-windows-ix86+x86_64 0.2-1 584.00 61.00 645.00 WARN
r-patched-linux-x86_64 0.2-1 78.27 20.28 98.55 WARN
r-patched-solaris-sparc 0.2-1 924.20 WARN
r-patched-solaris-x86 0.2-1 218.20 WARN
r-release-linux-x86_64 0.2-1 79.54 21.06 100.60 NOTE
r-release-osx-x86_64-mavericks 0.2-1 ERROR
r-release-windows-ix86+x86_64 0.2-1 437.00 53.00 490.00 NOTE
r-oldrel-windows-ix86+x86_64 0.2-1 351.00 53.00 404.00 NOTE

Check Details

Version: 0.2-1
Check: installed package size
Result: NOTE
     installed size is 9.8Mb
     sub-directories of 1Mb or more:
     lib 9.4Mb
Flavors: r-devel-linux-x86_64-debian-clang, r-devel-linux-x86_64-debian-gcc, r-devel-linux-x86_64-fedora-clang, r-devel-linux-x86_64-fedora-gcc, r-devel-osx-x86_64-clang, r-devel-windows-ix86+x86_64, r-patched-linux-x86_64, r-release-linux-x86_64, r-release-windows-ix86+x86_64, r-oldrel-windows-ix86+x86_64

Version: 0.2-1
Check: compilation flags in Makevars
Result: WARN
    Non-portable flags in variable 'PKG_CFLAGS':
     -w
    Non-portable flags in variable 'PKG_FFLAGS':
     -w
Flavors: r-devel-linux-x86_64-debian-clang, r-devel-linux-x86_64-debian-gcc, r-devel-linux-x86_64-fedora-clang, r-devel-linux-x86_64-fedora-gcc, r-devel-osx-x86_64-clang, r-devel-windows-ix86+x86_64, r-patched-linux-x86_64, r-patched-solaris-sparc, r-patched-solaris-x86

Version: 0.2-1
Check: package dependencies
Result: ERROR
    Package required but not available: ‘pbdMPI’
    
    See section ‘The DESCRIPTION file’ in the ‘Writing R Extensions’
    manual.
Flavor: r-release-osx-x86_64-mavericks