CRAN Package Check Results for Package pbdSLAP

Last updated on 2016-07-28 00:48:04.

Flavor Version Tinstall Tcheck Ttotal Status Flags
r-devel-linux-x86_64-debian-clang 0.2-1 107.13 24.98 132.11 NOTE
r-devel-linux-x86_64-debian-gcc 0.2-1 116.57 25.00 141.57 NOTE
r-devel-linux-x86_64-fedora-clang 0.2-1 186.59 NOTE
r-devel-linux-x86_64-fedora-gcc 0.2-1 186.61 NOTE
r-devel-osx-x86_64-clang 0.2-1 166.76 NOTE
r-devel-windows-ix86+x86_64 0.2-1 389.00 46.00 435.00 NOTE
r-patched-linux-x86_64 0.2-1 97.54 25.38 122.93 NOTE
r-patched-solaris-sparc 0.2-1 922.40 OK
r-patched-solaris-x86 0.2-1 219.70 OK
r-release-linux-x86_64 0.2-1 98.80 25.41 124.21 NOTE
r-release-osx-x86_64-mavericks 0.2-1 ERROR
r-release-windows-ix86+x86_64 0.2-1 437.00 53.00 490.00 NOTE
r-oldrel-windows-ix86+x86_64 0.2-1 351.00 53.00 404.00 NOTE

Check Details

Version: 0.2-1
Check: installed package size
Result: NOTE
     installed size is 9.8Mb
     sub-directories of 1Mb or more:
     lib 9.4Mb
Flavors: r-devel-linux-x86_64-debian-clang, r-devel-linux-x86_64-debian-gcc, r-devel-linux-x86_64-fedora-clang, r-devel-linux-x86_64-fedora-gcc, r-devel-osx-x86_64-clang, r-devel-windows-ix86+x86_64, r-patched-linux-x86_64, r-release-linux-x86_64, r-release-windows-ix86+x86_64, r-oldrel-windows-ix86+x86_64

Version: 0.2-1
Check: package dependencies
Result: ERROR
    Package required but not available: ‘pbdMPI’
    
    See section ‘The DESCRIPTION file’ in the ‘Writing R Extensions’
    manual.
Flavor: r-release-osx-x86_64-mavericks