CRAN Package Check Results for Package pbdSLAP

Last updated on 2015-01-27 05:47:40.

Flavor Version Tinstall Tcheck Ttotal Status Flags
r-devel-linux-x86_64-debian-clang 0.2-0 68.06 23.33 91.39 NOTE
r-devel-linux-x86_64-debian-gcc 0.2-0 71.92 21.48 93.40 NOTE
r-devel-linux-x86_64-fedora-clang 0.2-0 185.50 NOTE
r-devel-linux-x86_64-fedora-gcc 0.2-0 183.20 NOTE
r-devel-osx-x86_64-clang 0.2-0 178.52 NOTE
r-devel-windows-ix86+x86_64 0.2-0 325.00 47.00 372.00 NOTE
r-patched-linux-x86_64 0.2-0 71.76 23.73 95.49 NOTE
r-patched-solaris-sparc 0.2-0 963.40 OK
r-patched-solaris-x86 0.2-0 264.20 OK
r-release-linux-ix86 0.2-0 89.20 29.22 118.42 NOTE
r-release-linux-x86_64 0.2-0 72.39 23.73 96.12 NOTE
r-release-osx-x86_64-mavericks 0.2-0 ERROR
r-release-osx-x86_64-snowleopard 0.2-0 ERROR
r-release-windows-ix86+x86_64 0.2-0 332.00 45.00 377.00 NOTE
r-oldrel-windows-ix86+x86_64 0.2-0 290.00 47.00 337.00 NOTE

Check Details

Version: 0.2-0
Check: installed package size
Result: NOTE
     installed size is 9.2Mb
     sub-directories of 1Mb or more:
     lib 8.8Mb
Flavors: r-devel-linux-x86_64-debian-clang, r-devel-linux-x86_64-debian-gcc, r-devel-linux-x86_64-fedora-clang, r-devel-linux-x86_64-fedora-gcc, r-devel-osx-x86_64-clang, r-devel-windows-ix86+x86_64, r-patched-linux-x86_64, r-release-linux-ix86, r-release-linux-x86_64, r-release-windows-ix86+x86_64, r-oldrel-windows-ix86+x86_64

Version: 0.2-0
Check: package dependencies
Result: ERROR
    Package required but not available: ‘pbdMPI’
    
    See the information on DESCRIPTION files in the chapter ‘Creating R
    packages’ of the ‘Writing R Extensions’ manual.
Flavor: r-release-osx-x86_64-mavericks

Version: 0.2-0
Check: whether package can be installed
Result: ERROR
    Installation failed.
Flavor: r-release-osx-x86_64-snowleopard