CRAN Package Check Results for Package pbdSLAP

Last updated on 2016-09-25 17:47:58.

Flavor Version Tinstall Tcheck Ttotal Status Flags
r-devel-linux-x86_64-debian-clang 0.2-1 90.71 22.30 113.02 WARN
r-devel-linux-x86_64-debian-gcc 0.2-1 90.13 21.59 111.72 WARN
r-devel-linux-x86_64-fedora-clang 0.2-2 160.14 WARN
r-devel-linux-x86_64-fedora-gcc 0.2-2 165.79 WARN
r-devel-macos-x86_64-clang 0.2-2 150.61 WARN
r-devel-windows-ix86+x86_64 0.2-1 560.00 91.00 651.00 WARN
r-patched-linux-x86_64 0.2-1 79.92 21.64 101.57 WARN
r-patched-solaris-sparc 0.2-2 808.60 OK
r-patched-solaris-x86 0.2-2 197.00 OK
r-release-linux-x86_64 0.2-1 79.64 20.75 100.39 NOTE
r-release-osx-x86_64-mavericks 0.2-1 ERROR
r-release-windows-ix86+x86_64 0.2-1 395.00 46.00 441.00 NOTE
r-oldrel-windows-ix86+x86_64 0.2-1 351.00 53.00 404.00 NOTE

Check Details

Version: 0.2-1
Check: installed package size
Result: NOTE
     installed size is 9.8Mb
     sub-directories of 1Mb or more:
     lib 9.4Mb
Flavors: r-devel-linux-x86_64-debian-clang, r-devel-linux-x86_64-debian-gcc, r-devel-windows-ix86+x86_64, r-patched-linux-x86_64, r-release-linux-x86_64, r-release-windows-ix86+x86_64, r-oldrel-windows-ix86+x86_64

Version: 0.2-1
Check: compilation flags in Makevars
Result: WARN
    Non-portable flags in variable 'PKG_CFLAGS':
     -w
    Non-portable flags in variable 'PKG_FFLAGS':
     -w
Flavors: r-devel-linux-x86_64-debian-clang, r-devel-linux-x86_64-debian-gcc, r-devel-windows-ix86+x86_64, r-patched-linux-x86_64

Version: 0.2-2
Check: whether package can be installed
Result: WARN
    Found the following significant warnings:
     Warning: CHARACTER expression at (1) is being truncated (6/1) [-Wcharacter-truncation]
     Warning: CHARACTER expression will be truncated in assignment (1/9) at (1) [-Wcharacter-truncation]
     Warning: CHARACTER expression will be truncated in assignment (1/19) at (1) [-Wcharacter-truncation]
     Warning: CHARACTER expression will be truncated in assignment (1/16) at (1) [-Wcharacter-truncation]
     Warning: CHARACTER expression will be truncated in assignment (1/12) at (1) [-Wcharacter-truncation]
Flavors: r-devel-linux-x86_64-fedora-clang, r-devel-linux-x86_64-fedora-gcc, r-devel-macos-x86_64-clang

Version: 0.2-2
Check: installed package size
Result: NOTE
     installed size is 9.8Mb
     sub-directories of 1Mb or more:
     lib 9.4Mb
Flavors: r-devel-linux-x86_64-fedora-clang, r-devel-linux-x86_64-fedora-gcc, r-devel-macos-x86_64-clang

Version: 0.2-1
Check: package dependencies
Result: ERROR
    Package required but not available: ‘pbdMPI’
    
    See section ‘The DESCRIPTION file’ in the ‘Writing R Extensions’
    manual.
Flavor: r-release-osx-x86_64-mavericks