CRAN Package Check Results for Package pbdSLAP

Last updated on 2015-07-05 15:46:39.

Flavor Version Tinstall Tcheck Ttotal Status Flags
r-devel-linux-x86_64-debian-clang 0.2-0 73.01 21.21 94.22 NOTE
r-devel-linux-x86_64-debian-gcc 0.2-0 77.52 20.77 98.29 NOTE
r-devel-linux-x86_64-fedora-clang 0.2-0 179.98 NOTE
r-devel-linux-x86_64-fedora-gcc 0.2-0 185.25 NOTE
r-devel-osx-x86_64-clang 0.2-0 172.13 NOTE
r-devel-windows-ix86+x86_64 0.2-0 347.00 59.00 406.00 NOTE
r-patched-linux-x86_64 0.2-0 76.74 21.21 97.95 NOTE
r-patched-solaris-sparc 0.2-0 962.90 OK
r-patched-solaris-x86 0.2-0 258.50 OK
r-release-linux-x86_64 0.2-0 77.96 21.11 99.07 NOTE
r-release-osx-x86_64-mavericks 0.2-0 ERROR
r-release-windows-ix86+x86_64 0.2-0 324.00 48.00 372.00 NOTE
r-oldrel-windows-ix86+x86_64 0.2-0 459.00 44.00 503.00 NOTE

Check Details

Version: 0.2-0
Check: installed package size
Result: NOTE
     installed size is 10.4Mb
     sub-directories of 1Mb or more:
     lib 9.9Mb
Flavors: r-devel-linux-x86_64-debian-clang, r-devel-linux-x86_64-debian-gcc, r-devel-linux-x86_64-fedora-clang, r-devel-linux-x86_64-fedora-gcc, r-devel-osx-x86_64-clang, r-devel-windows-ix86+x86_64, r-patched-linux-x86_64, r-release-linux-x86_64, r-release-windows-ix86+x86_64, r-oldrel-windows-ix86+x86_64

Version: 0.2-0
Check: package dependencies
Result: ERROR
    Package required but not available: ‘pbdMPI’
    
    See section ‘The DESCRIPTION file’ in the ‘Writing R Extensions’
    manual.
Flavor: r-release-osx-x86_64-mavericks