CRAN Package Check Results for Package pbdSLAP

Last updated on 2018-06-22 03:49:37 CEST.

Flavor Version Tinstall Tcheck Ttotal Status Flags
r-devel-linux-x86_64-debian-clang 0.2-4 132.34 29.74 162.08 OK
r-devel-linux-x86_64-debian-gcc 0.2-4 107.39 27.40 134.79 OK
r-devel-linux-x86_64-fedora-clang 0.2-4 205.91 NOTE
r-devel-linux-x86_64-fedora-gcc 0.2-4 209.26 OK
r-devel-windows-ix86+x86_64 0.2-4 612.00 74.00 686.00 NOTE
r-patched-linux-x86_64 0.2-4 126.07 31.21 157.28 OK
r-patched-solaris-x86 0.2-4 264.50 OK
r-release-linux-x86_64 0.2-4 128.57 31.94 160.51 OK
r-release-windows-ix86+x86_64 0.2-4 414.00 59.00 473.00 NOTE
r-release-osx-x86_64 0.2-4 ERROR
r-oldrel-windows-ix86+x86_64 0.2-4 685.00 71.00 756.00 NOTE
r-oldrel-osx-x86_64 0.2-4 ERROR

Check Details

Version: 0.2-4
Check: installed package size
Result: NOTE
     installed size is 10.0Mb
     sub-directories of 1Mb or more:
     lib 9.5Mb
Flavors: r-devel-linux-x86_64-fedora-clang, r-devel-windows-ix86+x86_64, r-release-windows-ix86+x86_64, r-oldrel-windows-ix86+x86_64

Version: 0.2-4
Check: package dependencies
Result: ERROR
    Package required but not available: ‘pbdMPI’
    
    See section ‘The DESCRIPTION file’ in the ‘Writing R Extensions’
    manual.
Flavors: r-release-osx-x86_64, r-oldrel-osx-x86_64