CRAN Package Check Results for Package pbdSLAP

Last updated on 2014-08-21 05:46:59.

Flavor Version Tinstall Tcheck Ttotal Status Flags
r-devel-linux-x86_64-debian-clang 0.1-9 65.64 21.30 86.94 NOTE
r-devel-linux-x86_64-debian-gcc 0.1-9 71.20 20.52 91.72 NOTE
r-devel-linux-x86_64-fedora-clang 0.1-9 169.68 NOTE
r-devel-linux-x86_64-fedora-gcc 0.1-9 185.92 NOTE
r-devel-osx-x86_64-clang 0.1-9 171.76 NOTE
r-devel-windows-ix86+x86_64 0.1-9 308.00 41.00 349.00 NOTE
r-patched-linux-x86_64 0.1-9 71.21 21.84 93.04 NOTE
r-patched-solaris-sparc 0.1-9 950.40 OK
r-patched-solaris-x86 0.1-9 254.00 OK
r-release-linux-ix86 0.1-9 94.17 29.58 123.76 NOTE
r-release-linux-x86_64 0.1-9 72.31 22.21 94.52 NOTE
r-release-osx-x86_64-mavericks 0.1-9 ERROR
r-release-osx-x86_64-snowleopard 0.1-9 WARN
r-release-windows-ix86+x86_64 0.1-9 363.00 42.00 405.00 NOTE
r-oldrel-windows-ix86+x86_64 0.1-9 305.00 49.00 354.00 NOTE

Check Details

Version: 0.1-9
Check: installed package size
Result: NOTE
     installed size is 11.4Mb
     sub-directories of 1Mb or more:
     lib 11.0Mb
Flavors: r-devel-linux-x86_64-debian-clang, r-devel-linux-x86_64-debian-gcc, r-devel-linux-x86_64-fedora-clang, r-devel-linux-x86_64-fedora-gcc, r-devel-osx-x86_64-clang, r-devel-windows-ix86+x86_64, r-patched-linux-x86_64, r-release-linux-ix86, r-release-linux-x86_64, r-release-osx-x86_64-snowleopard, r-release-windows-ix86+x86_64, r-oldrel-windows-ix86+x86_64

Version: 0.1-9
Check: R code for possible problems
Result: NOTE
    blacs.grid.exit: no visible binding for global variable ‘.pbdSLAPEnv’
    blacs.grid.initialize: no visible binding for global variable
     ‘.pbdSLAPEnv’
    slap.exit.grid: no visible binding for global variable ‘.pbdSLAPEnv’
    slap.init.grid: no visible binding for global variable ‘.pbdSLAPEnv’
Flavors: r-devel-linux-x86_64-fedora-clang, r-devel-linux-x86_64-fedora-gcc, r-devel-osx-x86_64-clang

Version: 0.1-9
Check: package dependencies
Result: ERROR
    Package required but not available: ‘pbdMPI’
    
    See the information on DESCRIPTION files in the chapter ‘Creating R
    packages’ of the ‘Writing R Extensions’ manual.
Flavor: r-release-osx-x86_64-mavericks

Version: 0.1-9
Check: dependencies in R code
Result: NOTE
    [hagal.research.att.com:34243] mca: base: component_find: unable to open mpool sm: file not found (ignored)
    [hagal.research.att.com:34243] mca: base: component_find: unable to open btl sm: file not found (ignored)
    [hagal.research.att.com:34243] mca: base: component_find: unable to open coll sm: file not found (ignored)
    [hagal.research.att.com:34243] mca: base: component_find: unable to open osc pt2pt: file not found (ignored)
    See the information on DESCRIPTION files in the chapter ‘Creating R
    packages’ of the ‘Writing R Extensions’ manual.
Flavor: r-release-osx-x86_64-snowleopard

Version: 0.1-9
Check: S3 generic/method consistency
Result: WARNING
    [hagal.research.att.com:34246] mca: base: component_find: unable to open mpool sm: file not found (ignored)
    [hagal.research.att.com:34246] mca: base: component_find: unable to open btl sm: file not found (ignored)
    [hagal.research.att.com:34246] mca: base: component_find: unable to open coll sm: file not found (ignored)
    [hagal.research.att.com:34246] mca: base: component_find: unable to open osc pt2pt: file not found (ignored)
    See section ‘Generic functions and methods’ of the ‘Writing R
    Extensions’ manual.
Flavor: r-release-osx-x86_64-snowleopard

Version: 0.1-9
Check: replacement functions
Result: WARNING
    [hagal.research.att.com:34249] mca: base: component_find: unable to open mpool sm: file not found (ignored)
    [hagal.research.att.com:34249] mca: base: component_find: unable to open btl sm: file not found (ignored)
    [hagal.research.att.com:34249] mca: base: component_find: unable to open coll sm: file not found (ignored)
    [hagal.research.att.com:34249] mca: base: component_find: unable to open osc pt2pt: file not found (ignored)
    The argument of a replacement function which corresponds to the right
    hand side must be named ‘value’.
Flavor: r-release-osx-x86_64-snowleopard

Version: 0.1-9
Check: foreign function calls
Result: NOTE
    [hagal.research.att.com:34252] mca: base: component_find: unable to open mpool sm: file not found (ignored)
    [hagal.research.att.com:34252] mca: base: component_find: unable to open btl sm: file not found (ignored)
    [hagal.research.att.com:34252] mca: base: component_find: unable to open coll sm: file not found (ignored)
    [hagal.research.att.com:34252] mca: base: component_find: unable to open osc pt2pt: file not found (ignored)
    See the chapter ‘System and foreign language interfaces’ of the
    ‘Writing R Extensions’ manual.
Flavor: r-release-osx-x86_64-snowleopard

Version: 0.1-9
Check: R code for possible problems
Result: NOTE
    [hagal.research.att.com:34267] mca: base: component_find: unable to open mpool sm: file not found (ignored)
    [hagal.research.att.com:34267] mca: base: component_find: unable to open btl sm: file not found (ignored)
    [hagal.research.att.com:34267] mca: base: component_find: unable to open coll sm: file not found (ignored)
    [hagal.research.att.com:34267] mca: base: component_find: unable to open osc pt2pt: file not found (ignored)
Flavor: r-release-osx-x86_64-snowleopard

Version: 0.1-9
Check: for missing documentation entries
Result: WARNING
    [hagal.research.att.com:34282] mca: base: component_find: unable to open mpool sm: file not found (ignored)
    [hagal.research.att.com:34282] mca: base: component_find: unable to open btl sm: file not found (ignored)
    [hagal.research.att.com:34282] mca: base: component_find: unable to open coll sm: file not found (ignored)
    [hagal.research.att.com:34282] mca: base: component_find: unable to open osc pt2pt: file not found (ignored)
    All user-level objects in a package should have documentation entries.
    See the chapter ‘Writing R documentation files’ in the ‘Writing R
    Extensions’ manual.
Flavor: r-release-osx-x86_64-snowleopard

Version: 0.1-9
Check: for code/documentation mismatches
Result: WARNING
    [hagal.research.att.com:34285] mca: base: component_find: unable to open mpool sm: file not found (ignored)
    [hagal.research.att.com:34285] mca: base: component_find: unable to open btl sm: file not found (ignored)
    [hagal.research.att.com:34285] mca: base: component_find: unable to open coll sm: file not found (ignored)
    [hagal.research.att.com:34285] mca: base: component_find: unable to open osc pt2pt: file not found (ignored)
    [hagal.research.att.com:34288] mca: base: component_find: unable to open mpool sm: file not found (ignored)
    [hagal.research.att.com:34288] mca: base: component_find: unable to open btl sm: file not found (ignored)
    [hagal.research.att.com:34288] mca: base: component_find: unable to open coll sm: file not found (ignored)
    [hagal.research.att.com:34288] mca: base: component_find: unable to open osc pt2pt: file not found (ignored)
    [hagal.research.att.com:34291] mca: base: component_find: unable to open mpool sm: file not found (ignored)
    [hagal.research.att.com:34291] mca: base: component_find: unable to open btl sm: file not found (ignored)
    [hagal.research.att.com:34291] mca: base: component_find: unable to open coll sm: file not found (ignored)
    [hagal.research.att.com:34291] mca: base: component_find: unable to open osc pt2pt: file not found (ignored)
Flavor: r-release-osx-x86_64-snowleopard

Version: 0.1-9
Check: Rd \usage sections
Result: NOTE
    [hagal.research.att.com:34297] mca: base: component_find: unable to open mpool sm: file not found (ignored)
    [hagal.research.att.com:34297] mca: base: component_find: unable to open btl sm: file not found (ignored)
    [hagal.research.att.com:34297] mca: base: component_find: unable to open coll sm: file not found (ignored)
    [hagal.research.att.com:34297] mca: base: component_find: unable to open osc pt2pt: file not found (ignored)
    The \usage entries for S3 methods should use the \method markup and not
    their full name.
    See the chapter ‘Writing R documentation files’ in the ‘Writing R
    Extensions’ manual.
Flavor: r-release-osx-x86_64-snowleopard