CRAN Package Check Results for Package pbdSLAP

Last updated on 2016-12-03 23:47:50.

Flavor Version Tinstall Tcheck Ttotal Status Flags
r-devel-linux-x86_64-debian-clang 0.2-2 90.29 25.76 116.05 OK
r-devel-linux-x86_64-debian-gcc 0.2-2 90.38 26.00 116.38 OK
r-devel-linux-x86_64-fedora-clang 0.2-2 200.40 WARN
r-devel-linux-x86_64-fedora-gcc 0.2-2 208.84 WARN
r-devel-macos-x86_64-clang 0.2-2 181.18 WARN
r-devel-windows-ix86+x86_64 0.2-2 614.00 46.00 660.00 NOTE
r-patched-linux-x86_64 0.2-2 79.60 23.74 103.35 OK
r-patched-solaris-sparc 0.2-2 808.60 OK
r-patched-solaris-x86 0.2-2 216.70 OK
r-release-linux-x86_64 0.2-2 79.29 24.42 103.71 OK
r-release-osx-x86_64-mavericks 0.2-2 ERROR
r-release-windows-ix86+x86_64 0.2-2 402.00 46.00 448.00 NOTE
r-oldrel-windows-ix86+x86_64 0.2-2 10.00 2.00 12.00 ERROR

Check Details

Version: 0.2-2
Check: whether package can be installed
Result: WARN
    Found the following significant warnings:
     Warning: CHARACTER expression at (1) is being truncated (6/1) [-Wcharacter-truncation]
     Warning: CHARACTER expression will be truncated in assignment (1/9) at (1) [-Wcharacter-truncation]
     Warning: CHARACTER expression will be truncated in assignment (1/19) at (1) [-Wcharacter-truncation]
     Warning: CHARACTER expression will be truncated in assignment (1/16) at (1) [-Wcharacter-truncation]
     Warning: CHARACTER expression will be truncated in assignment (1/12) at (1) [-Wcharacter-truncation]
Flavors: r-devel-linux-x86_64-fedora-clang, r-devel-linux-x86_64-fedora-gcc, r-devel-macos-x86_64-clang

Version: 0.2-2
Check: installed package size
Result: NOTE
     installed size is 9.8Mb
     sub-directories of 1Mb or more:
     lib 9.4Mb
Flavors: r-devel-linux-x86_64-fedora-clang, r-devel-linux-x86_64-fedora-gcc, r-devel-macos-x86_64-clang, r-devel-windows-ix86+x86_64, r-release-windows-ix86+x86_64

Version: 0.2-2
Check: package dependencies
Result: ERROR
    Package required but not available: ‘pbdMPI’
    
    See section ‘The DESCRIPTION file’ in the ‘Writing R Extensions’
    manual.
Flavor: r-release-osx-x86_64-mavericks

Version: 0.2-2
Check: whether package can be installed
Result: ERROR
    Installation failed.
Flavor: r-oldrel-windows-ix86+x86_64