CRAN Package Check Results for Package pbdSLAP

Last updated on 2017-05-27 20:46:26.

Flavor Version Tinstall Tcheck Ttotal Status Flags
r-devel-linux-x86_64-debian-clang 0.2-2 102.17 25.74 127.90 NOTE
r-devel-linux-x86_64-debian-gcc 0.2-2 98.78 28.16 126.94 NOTE
r-devel-linux-x86_64-fedora-clang 0.2-2 197.70 WARN
r-devel-linux-x86_64-fedora-gcc 0.2-2 203.59 WARN
r-devel-windows-ix86+x86_64 0.2-2 540.00 58.00 598.00 NOTE
r-patched-linux-x86_64 0.2-2 90.54 26.11 116.65 NOTE
r-patched-solaris-sparc 0.2-2 1115.70 OK
r-patched-solaris-x86 0.2-2 252.40 NOTE
r-release-linux-x86_64 0.2-2 87.60 27.05 114.65 NOTE
r-release-windows-ix86+x86_64 0.2-2 397.00 60.00 457.00 NOTE
r-release-osx-x86_64 0.2-2 ERROR
r-oldrel-windows-ix86+x86_64 0.2-2 390.00 42.00 432.00 NOTE
r-oldrel-osx-x86_64 0.2-2 ERROR

Check Details

Version: 0.2-2
Check: R code for possible problems
Result: NOTE
    *** Error in `orted': double free or corruption (fasttop): 0x000055c35daaa8c0 ***
    ======= Backtrace: =========
    /lib/x86_64-linux-gnu/libc.so.6(+0x70bcb)[0x7f98ed8d6bcb]
    /lib/x86_64-linux-gnu/libc.so.6(+0x76f96)[0x7f98ed8dcf96]
    /lib/x86_64-linux-gnu/libc.so.6(+0x7778e)[0x7f98ed8dd78e]
    /lib/x86_64-linux-gnu/libc.so.6(+0x79ef8)[0x7f98ed8dfef8]
    /lib/x86_64-linux-gnu/libc.so.6(realloc+0x159)[0x7f98ed8e1539]
    /usr/lib/x86_64-linux-gnu/openmpi/lib/openmpi/mca_pmix_pmix112.so(+0xeea4)[0x7f98ddcb2ea4]
    /usr/lib/x86_64-linux-gnu/openmpi/lib/openmpi/mca_pmix_pmix112.so(+0x25b28)[0x7f98ddcc9b28]
    /usr/lib/x86_64-linux-gnu/openmpi/lib/openmpi/mca_pmix_pmix112.so(+0x394c4)[0x7f98ddcdd4c4]
    /usr/lib/x86_64-linux-gnu/libopen-pal.so.20(opal_libevent2022_event_base_loop+0xe68)[0x7f98ee7d3c78]
    /usr/lib/x86_64-linux-gnu/openmpi/lib/openmpi/mca_pmix_pmix112.so(+0x2a62d)[0x7f98ddcce62d]
    /lib/x86_64-linux-gnu/libpthread.so.0(+0x7494)[0x7f98edc0b494]
    /lib/x86_64-linux-gnu/libc.so.6(clone+0x3f)[0x7f98ed94e93f]
    ======= Memory map: ========
    55c35cb93000-55c35cb94000 r-xp 00000000 08:01 67113758 /usr/bin/orted
    55c35cd93000-55c35cd94000 r--p 00000000 08:01 67113758 /usr/bin/orted
    55c35cd94000-55c35cd95000 rw-p 00001000 08:01 67113758 /usr/bin/orted
    55c35d8ca000-55c35dace000 rw-p 00000000 00:00 0 [heap]
    7f98cc000000-7f98cc021000 rw-p 00000000 00:00 0
    7f98cc021000-7f98d0000000 ---p 00000000 00:00 0
    7f98d4000000-7f98d4021000 rw-p 00000000 00:00 0
    7f98d4021000-7f98d8000000 ---p 00000000 00:00 0
    7f98dbc80000-7f98dbc81000 ---p 00000000 00:00 0
    7f98dbc81000-7f98dc481000 rw-p 00000000 00:00 0 [stack:4686]
    7f98dc481000-7f98dc48c000 r-xp 00000000 08:01 67509593 /usr/lib/x86_64-linux-gnu/openmpi/lib/openmpi/mca_dfs_orted.so
    7f98dc48c000-7f98dc68b000 ---p 0000b000 08:01 67509593 /usr/lib/x86_64-linux-gnu/openmpi/lib/openmpi/mca_dfs_orted.so
    7f98dc68b000-7f98dc68c000 r--p 0000a000 08:01 67509593 /usr/lib/x86_64-linux-gnu/openmpi/lib/openmpi/mca_dfs_orted.so
    7f98dc68c000-7f98dc68d000 rw-p 0000b000 08:01 67509593 /usr/lib/x86_64-linux-gnu/openmpi/lib/openmpi/mca_dfs_orted.so
    7f98dc690000-7f98dc693000 r-xp 00000000 08:01 67509732 /usr/lib/x86_64-linux-gnu/openmpi/lib/openmpi/mca_schizo_ompi.so
    7f98dc693000-7f98dc893000 ---p 00003000 08:01 67509732 /usr/lib/x86_64-linux-gnu/openmpi/lib/openmpi/mca_schizo_ompi.so
    7f98dc893000-7f98dc894000 r--p 00003000 08:01 67509732 /usr/lib/x86_64-linux-gnu/openmpi/lib/openmpi/mca_schizo_ompi.so
    7f98dc894000-7f98dc895000 rw-p 00004000 08:01 67509732 /usr/lib/x86_64-linux-gnu/openmpi/lib/openmpi/mca_schizo_ompi.so
    7f98dc895000-7f98dc89b000 r-xp 00000000 08:01 67509651 /usr/lib/x86_64-linux-gnu/openmpi/lib/openmpi/mca_filem_raw.so
    7f98dc89b000-7f98dca9a000 ---p 00006000 08:01 67509651 /usr/lib/x86_64-linux-gnu/openmpi/lib/openmpi/mca_filem_raw.so
    7f98dca9a000-7f98dca9b000 r--p 00005000 08:01 67509651 /usr/lib/x86_64-linux-gnu/openmpi/lib/openmpi/mca_filem_raw.so
    7f98dca9b000-7f98dca9c000 rw-p 00006000 08:01 67509651 /usr/lib/x86_64-linux-gnu/openmpi/lib/openmpi/mca_filem_raw.so
    7f98dca9c000-7f98dcaa1000 r-xp 00000000 08:01 67509664 /usr/lib/x86_64-linux-gnu/openmpi/lib/openmpi/mca_iof_hnp.so
    7f98dcaa1000-7f98dcca0000 ---p 00005000 08:01 67509664 /usr/lib/x86_64-linux-gnu/openmpi/lib/openmpi/mca_iof_hnp.so
    7f98dcca0000-7f98dcca1000 r--p 00004000 08:01 67509664 /usr/lib/x86_64-linux-gnu/openmpi/lib/openmpi/mca_iof_hnp.so
    7f98dcca1000-7f98dcca2000 rw-p 00005000 08:01 67509664 /usr/lib/x86_64-linux-gnu/openmpi/lib/openmpi/mca_iof_hnp.so
    7f98dcca2000-7f98dcca3000 ---p 00000000 00:00 0
    7f98dcca3000-7f98dd4a3000 rw-p 00000000 00:00 0 [stack:4684]
    7f98dd4a3000-7f98dd4a4000 ---p 00000000 00:00 0
    7f98dd4a4000-7f98ddca4000 rw-p 00000000 00:00 0 [stack:4683]
    7f98ddca4000-7f98ddcfd000 r-xp 00000000 08:01 67509702 /usr/lib/x86_64-linux-gnu/openmpi/lib/openmpi/mca_pmix_pmix112.so
    7f98ddcfd000-7f98ddefc000 ---p 00059000 08:01 67509702 /usr/lib/x86_64-linux-gnu/openmpi/lib/openmpi/mca_pmix_pmix112.so
    7f98ddefc000-7f98ddefd000 r--p 00058000 08:01 67509702 /usr/lib/x86_64-linux-gnu/openmpi/lib/openmpi/mca_pmix_pmix112.so
    7f98ddefd000-7f98ddeff000 rw-p 00059000 08:01 67509702 /usr/lib/x86_64-linux-gnu/openmpi/lib/openmpi/mca_pmix_pmix112.so
    7f98ddeff000-7f98ddf01000 rw-p 00000000 00:00 0
    7f98ddf01000-7f98ddf04000 r-xp 00000000 08:01 67509731 /usr/lib/x86_64-linux-gnu/openmpi/lib/openmpi/mca_rtc_hwloc.so
    7f98ddf04000-7f98de103000 ---p 00003000 08:01 67509731 /usr/lib/x86_64-linux-gnu/openmpi/lib/openmpi/mca_rtc_hwloc.so
    7f98de103000-7f98de104000 r--p 00002000 08:01 67509731 /usr/lib/x86_64-linux-gnu/openmpi/lib/openmpi/mca_rtc_hwloc.so
    7f98de104000-7f98de105000 rw-p 00003000 08:01 67509731 /usr/lib/x86_64-linux-gnu/openmpi/lib/openmpi/mca_rtc_hwloc.so
    7f98de105000-7f98de10a000 r-xp 00000000 08:01 67509730 /usr/lib/x86_64-linux-gnu/openmpi/lib/openmpi/mca_rtc_freq.so
    7f98de10a000-7f98de309000 ---p 00005000 08:01 67509730 /usr/lib/x86_64-linux-gnu/openmpi/lib/openmpi/mca_rtc_freq.so
    7f98de309000-7f98de30a000 r--p 00004000 08:01 67509730 /usr/lib/x86_64-linux-gnu/openmpi/lib/openmpi/mca_rtc_freq.so
    7f98de30a000-7f98de30b000 rw-p 00005000 08:01 67509730 /usr/lib/x86_64-linux-gnu/openmpi/lib/openmpi/mca_rtc_freq.so
    7f98de30b000-7f98de30e000 r-xp 00000000 08:01 67509687 /usr/lib/x86_64-linux-gnu/openmpi/lib/openmpi/mca_odls_default.so
    7f98de30e000-7f98de50e000 ---p 00003000 08:01 67509687 /usr/lib/x86_64-linux-gnu/openmpi/lib/openmpi/mca_odls_default.so
    7f98de50e000-7f98de50f000 r--p 00003000 08:01 67509687 /usr/lib/x86_64-linux-gnu/openmpi/lib/openmpi/mca_odls_default.so
    7f98de50f000-7f98de510000 rw-p 00004000 08:01 67509687 /usr/lib/x86_64-linux-gnu/openmpi/lib/openmpi/mca_odls_default.so
    7f98de510000-7f98de518000 r-xp 00000000 08:01 67509716 /usr/lib/x86_64-linux-gnu/openmpi/lib/openmpi/mca_rmaps_rank_file.so
    7f98de518000-7f98de717000 ---p 00008000 08:01 67509716 /usr/lib/x86_64-linux-gnu/openmpi/lib/openmpi/mca_rmaps_rank_file.so
    7f98de717000-7f98de718000 r--p 00007000 08:01 67509716 /usr/lib/x86_64-linux-gnu/openmpi/lib/openmpi/mca_rmaps_rank_file.so
    7f98de718000-7f98de719000 rw-p 00008000 08:01 67509716 /usr/lib/x86_64-linux-gnu/openmpi/lib/openmpi/mca_rmaps_rank_file.so
    7f98de719000-7f98de71c000 r-xp 00000000 08:01 67509715 /usr/lib/x86_64-linux-gnu/openmpi/lib/openmpi/mca_rmaps_ppr.so
    7f98de71c000-7f98de91c000 ---p 00003000 08:01 67509715 /usr/lib/x86_64-linux-gnu/openmpi/lib/openmpi/mca_rmaps_ppr.so
    7f98de91c000-7f98de91d000 r--p 00003000 08:01 67509715 /usr/lib/x86_64-linux-gnu/openmpi/lib/openmpi/mca_rmaps_ppr.so
    7f98de91d000-7f98de91e000 rw-p 00004000 08:01 67509715 /usr/lib/x86_64-linux-gnu/openmpi/lib/openmpi/mca_rmaps_ppr.so
    7f98de91e000-7f98de921000 r-xp 00000000 08:01 67509722 /usr/lib/x86_64-linux-gnu/openmpi/lib/openmpi/mca_rmaps_staged.so
    7f98de921000-7f98deb20000 ---p 00003000 08:01 67509722 /usr/lib/x86_64-linux-gnu/openmpi/lib/openmpi/mca_rmaps_staged.so
    7f98deb20000-7f98deb21000 r--p 00002000 08:01 67509722 /usr/lib/x86_64-linux-gnu/openmpi/lib/openmpi/mca_rmaps_staged.so
    7f98deb21000-7f98deb22000 rw-p 00003000 08:01 67509722 /usr/lib/x86_64-linux-gnu/openmpi/lib/openmpi/mca_rmaps_staged.so
    7f98deb22000-7f98deb26000 r-xp 00000000 08:01 67509719 /usr/lib/x86_64-linux-gnu/openmpi/lib/openmpi/mca_rmaps_round_robin.so
    7f98deb26000-7f98ded25000 ---p 00004000 08:01 67509719 /usr/lib/x86_64-linux-gnu/openmpi/lib/openmpi/mca_rmaps_round_robin.so
    7f98ded25000-7f98ded26000 r--p 00003000 08:01 67509719 /usr/lib/x86_64-linux-gnu/openmpi/lib/openmpi/mca_rmaps_round_robin.so
    7f98ded26000-7f98ded27000 rw-p 00004000 08:01 67509719 /usr/lib/x86_64-linux-gnu/openmpi/lib/openmpi/mca_rmaps_round_robin.so
    7f98ded27000-7f98ded2b000 r-xp 00000000 08:01 67509718 /usr/lib/x86_64-linux-gnu/openmpi/lib/openmpi/mca_rmaps_resilient.so
    7f98ded2b000-7f98def2a000 ---p 00004000 08:01 67509718 /usr/lib/x86_64-linux-gnu/openmpi/lib/openmpi/mca_rmaps_resilient.so
    7f98def2a000-7f98def2b000 r--p 00003000 08:01 67509718 /usr/lib/x86_64-linux-gnu/openmpi/lib/openmpi/mca_rmaps_resilient.so
    7f98def2b000-7f98def2c000 rw-p 00004000 08:01 67509718 /usr/lib/x86_64-linux-gnu/openmpi/lib/openmpi/mca_rmaps_resilient.so
    7f98def2c000-7f98def30000 r-xp 00000000 08:01 67509720 /usr/lib/x86_64-linux-gnu/openmpi/lib/openmpi/mca_rmaps_seq.so
    7f98def30000-7f98df12f000 ---p 00004000 08:01 67509720 /usr/lib/x86_64-linux-gnu/openmpi/lib/openmpi/mca_rmaps_seq.so
    7f98df12f000-7f98df130000 r--p 00003000 08:01 67509720 /usr/lib/x86_64-linux-gnu/openmpi/lib/openmpi/mca_rmaps_seq.so
    7f98df130000-7f98df131000 rw-p 00004000 08:01 67509720 /usr/lib/x86_64-linux-gnu/openmpi/lib/openmpi/mca_rmaps_seq.so
    7f98df131000-7f98df134000 r-xp 00000000 08:01 67509723 /usr/lib/x86_64-linux-gnu/openmpi/lib/openmpi/mca_rml_oob.so
    7f98df134000-7f98df334000 ---p 00003000 08:01 67509723 /usr/lib/x86_64-linux-gnu/openmpi/lib/openmpi/mca_rml_oob.so
    7f98df334000-7f98df335000 r--p 00003000 08:01 67509723 /usr/lib/x86_64-linux-gnu/openmpi/lib/openmpi/mca_rml_oob.so
    7f98df335000-7f98df336000 rw-p 00004000 08:01 67509723 /usr/lib/x86_64-linux-gnu/openmpi/lib/openmpi/mca_rml_oob.so
    7f98df336000-7f98df337000 ---p 00000000 00:00 0
    7f98df337000-7f98dfb37000 rw-p 00000000 00:00 0 [stack:4680]
    7f98dfb37000-7f98dfb56000 r-xp 00000000 08:01 35129114 /lib/x86_64-linux-gnu/libnl-3.so.200.22.0
    7f98dfb56000-7f98dfd55000 ---p 0001f000 08:01 35129114 /lib/x86_64-linux-gnu/libnl-3.so.200.22.0
    7f98dfd55000-7f98dfd57000 r--p 0001e000 08:01 35129114 /lib/x86_64-linux-gnu/libnl-3.so.200.22.0
    7f98dfd57000-7f98dfd58000 rw-p 00020000 08:01 35129114 /lib/x86_64-linux-gnu/libnl-3.so.200.22.0
    7f98dfd58000-7f98dfdb6000 r-xp 00000000 08:01 67111126 /usr/lib/x86_64-linux-gnu/libnl-route-3.so.200.22.0
    7f98dfdb6000-7f98dffb5000 ---p 0005e000 08:01 67111126 /usr/lib/x86_64-linux-gnu/libnl-route-3.so.200.22.0
    7f98dffb5000-7f98dffb8000 r--p 0005d000 08:01 67111126 /usr/lib/x86_64-linux-gnu/libnl-route-3.so.200.22.0
    7f98dffb8000-7f98dffbd000 rw-p 00060000 08:01 67111126 /usr/lib/x86_64-linux-gnu/libnl-route-3.so.200.22.0
    7f98dffbd000-7f98dffbf000 rw-p 00000000 00:00 0
    7f98dffbf000-7f98dffc3000 r-xp 00000000 08:01 67502727 /usr/lib/x86_64-linux-gnu/openmpi/lib/libmca_common_verbs.so.20.0.0
    7f98dffc3000-7f98e01c2000 ---p 00004000 08:01 67502727 /usr/lib/x86_64-linux-gnu/openmpi/lib/libmca_common_verbs.so.20.0.0
    7f98e01c2000-7f98e01c3000 r--p 00003000 08:01 67502727 /usr/lib/x86_64-linux-gnu/openmpi/lib/libmca_common_verbs.so.20.0.0
    7f98e01c3000-7f98e01c4000 rw-p 00004000 08:01 67502727 /usr/lib/x86_64-linux-gnu/openmpi/lib/libmca_common_verbs.so.20.0.0
    7f98e01c4000-7f98e01d5000 r-xp 00000000 08:01 67108992 /usr/lib/x86_64-linux-gnu/libibverbs.so.1.0.0
    7f98e01d5000-7f98e03d5000 ---p 00011000 08:01 67108992 /usr/lib/x86_64-linux-gnu/libibverbs.so.1.0.0
    7f98e03d5000-7f98e03d6000 r--p 00011000 08:01 67108992 /usr/lib/x86_64-linux-gnu/libibverbs.so.1.0.0
    7f98e03d6000-7f98e03d7000 rw-p 00012000 08:01 67108992 /usr/lib/x86_64-linux-gnu/libibverbs.so.1.0.0
    7f98e03d7000-7f98e03e8000 r-xp 00000000 08:01 67509689 /usr/lib/x86_64-linux-gnu/openmpi/lib/openmpi/mca_oob_ud.so
    7f98e03e8000-7f98e05e7000 ---p 00011000 08:01 67509689 /usr/lib/x86_64-linux-gnu/openmpi/lib/openmpi/mca_oob_ud.so
    7f98e05e7000-7f98e05e8000 r--p 00010000 08:01 67509689 /usr/lib/x86_64-linux-gnu/openmpi/lib/openmpi/mca_oob_ud.so
    7f98e05e8000-7f98e05e9000 rw-p 00011000 08:01 67509689 /usr/lib/x86_64-linux-gnu/openmpi/lib/openmpi/mca_oob_ud.so
    7f98e05e9000-7f98e05fc000 r-xp 00000000 08:01 67509688 /usr/lib/x86_64-linux-gnu/openmpi/lib/openmpi/mca_oob_tcp.so
    7f98e05fc000-7f98e07fc000 ---p 00013000 08:01 67509688 /usr/lib/x86_64-linux-gnu/openmpi/lib/openmpi/mca_oob_tcp.so
    7f98e07fc000-7f98e07fd000 r--p 00013000 08:01 67509688 /usr/lib/x86_64-linux-gnu/openmpi/lib/openmpi/mca_oob_tcp.so
    7f98e07fd000-7f98e07fe000 rw-p 00014000 08:01 67509688 /usr/lib/x86_64-linux-gnu/openmpi/lib/openmpi/mca_oob_tcp.so
    7f98e07fe000-7f98e0807000 r-xp 00000000 08:01 67509699 /usr/lib/x86_64-linux-gnu/openmpi/lib/openmpi/mca_plm_rsh.so
    7f98e0807000-7f98e0a06000 ---p 00009000 08:01 67509699 /usr/lib/x86_64-linux-gnu/openmpi/lib/openmpi/mca_plm_rsh.so
    7f98e0a06000-7f98e0a07000 r--p 00008000 08:01 67509699 /usr/lib/x86_64-linux-gnu/openmpi/lib/openmpi/mca_plm_rsh.so
    7f98e0a07000-7f98e0a08000 rw-p 00009000 08:01 67509699 /usr/lib/x86_64-linux-gnu/openmpi/lib/openmpi/mca_plm_rsh.so
    7f98e0c02000-7f98e0c0e000 r-xp 00000000 08:01 67509691 /usr/lib/x86_64-linux-gnu/openmpi/lib/openmpi/mca_oob_usock.so
    7f98e0c0e000-7f98e0e0e000 ---p 0000c000 08:01 67509691 /usr/lib/x86_64-linux-gnu/openmpi/lib/openmpi/mca_oob_usock.so
    7f98e0e0e000-7f98e0e0f000 r--p 0000c000 08:01 67509691 /usr/lib/x86_64-linux-gnu/openmpi/lib/openmpi/mca_oob_usock.so
    7f98e0e0f000-7f98e0e10000 rw-p 0000d000 08:01 67509691 /usr/lib/x86_64-linux-gnu/openmpi/lib/openmpi/mca_oob_usock.so
    7f98e0e10000-7f98e0e13000 r-xp 00000000 08:01 67509656 /usr/lib/x86_64-linux-gnu/openmpi/lib/openmpi/mca_grpcomm_direct.so
    7f98e0e13000-7f98e1013000 ---p 00003000 08:01 67509656 /usr/lib/x86_64-linux-gnu/openmpi/lib/openmpi/mca_grpcomm_direct.so
    7f98e1013000-7f98e1014000 r--p 00003000 08:01 67509656 /usr/lib/x86_64-linux-gnu/openmpi/lib/openmpi/mca_grpcomm_direct.so
    7f98e1014000-7f98e1015000 rw-p 00004000 08:01 67509656 /usr/lib/x86_64-linux-gnu/openmpi/lib/openmpi/mca_grpcomm_direct.so
    7f98e1015000-7f98e1018000 r-xp 00000000 08:01 67509755 /usr/lib/x86_64-linux-gnu/openmpi/lib/openmpi/mca_state_novm.so
    7f98e1018000-7f98e1217000 ---p 00003000 08:01 67509755 /usr/lib/x86_64-linux-gnu/openmpi/lib/openmpi/mca_state_novm.so
    7f98e1217000-7f98e1218000 r--p 00002000 08:01 67509755 /usr/lib/x86_64-linux-gnu/openmpi/lib/openmpi/mca_state_novm.so
    7f98e1218000-7f98e1219000 rw-p 00003000 08:01 67509755 /usr/lib/x86_64-linux-gnu/openmpi/lib/openmpi/mca_state_novm.so
    7f98e1219000-7f98e121c000 r-xp 00000000 08:01 67509714 /usr/lib/x86_64-linux-gnu/openmpi/lib/openmpi/mca_rmaps_mindist.so
    7f98e121c000-7f98e141b000 ---p 00003000 08:01 67509714 /usr/lib/x86_64-linux-gnu/openmpi/lib/openmpi/mca_rmaps_mindist.so
    7f98e141b000-7f98e141c000 r--p 00002000 08:01 67509714 /usr/lib/x86_64-linux-gnu/openmpi/lib/openmpi/mca_rmaps_mindist.so
    7f98e141c000-7f98e141d000 rw-p 00003000 08:01 67509714 /usr/lib/x86_64-linux-gnu/openmpi/lib/openmpi/mca_rmaps_mindist.so
    7f98e141d000-7f98e1421000 r-xp 00000000 08:01 67509728 /usr/lib/x86_64-linux-gnu/openmpi/lib/openmpi/mca_routed_radix.so
    7f98e1421000-7f98e1620000 ---p 00004000 08:01 67509728 /usr/lib/x86_64-linux-gnu/openmpi/lib/openmpi/mca_routed_radix.so
    7f98e1620000-7f98e1621000 r--p 00003000 08:01 67509728 /usr/lib/x86_64-linux-gnu/openmpi/lib/openmpi/mca_routed_radix.so
    7f98e1621000-7f98e1622000 rw-p 00004000 08:01 67509728 /usr/lib/x86_64-linux-gnu/openmpi/lib/openmpi/mca_routed_radix.so
    7f98e1622000-7f98e1626000 r-xp 00000000 08:01 67509601 /usr/lib/x86_64-linux-gnu/openmpi/lib/openmpi/mca_errmgr_default_hnp.so
    7f98e1626000-7f98e1825000 ---p 00004000 08:01 67509601 /usr/lib/x86_64-linux-gnu/openmpi/lib/openmpi/mca_errmgr_default_hnp.so
    7f98e1825000-7f98e1826000 r--p 00003000 08:01 67509601 /usr/lib/x86_64-linux-gnu/openmpi/lib/openmpi/mca_errmgr_default_hnp.so
    7f98e1826000-7f98e1827000 rw-p 00004000 08:01 67509601 /usr/lib/x86_64-linux-gnu/openmpi/lib/openmpi/mca_errmgr_default_hnp.so
    7f98e1827000-7f98e182b000 r-xp 00000000 08:01 67509706 /usr/lib/x86_64-linux-gnu/openmpi/lib/openmpi/mca_pstat_linux.so
    7f98e182b000-7f98e1a2a000 ---p 00004000 08:01 67509706 /usr/lib/x86_64-linux-gnu/openmpi/lib/openmpi/mca_pstat_linux.so
    7f98e1a2a000-7f98e1a2b000 r--p 00003000 08:01 67509706 /usr/lib/x86_64-linux-gnu/openmpi/lib/openmpi/mca_pstat_linux.so
    7f98e1a2b000-7f98e1a2c000 rw-p 00004000 08:01 67509706 /usr/lib/x86_64-linux-gnu/openmpi/lib/openmpi/mca_pstat_linux.so
    7f98e1a2c000-7f98e1a3d000 r-xp 00000000 08:01 67110575 /usr/lib/x86_64-linux-gnu/libXext.so.6.4.0
    7f98e1a3d000-7f98e1c3c000 ---p 00011000 08:01 67110575 /usr/lib/x86_64-linux-gnu/libXext.so.6.4.0
    7f98e1c3c000-7f98e1c3d000 r--p 00010000 08:01 67110575 /usr/lib/x86_64-linux-gnu/libXext.so.6.4.0
    7f98e1c3d000-7f98e1c3e000 rw-p 00011000 08:01 67110575 /usr/lib/x86_64-linux-gnu/libXext.so.6.4.0
    7f98e1c3e000-7f98e1c51000 r-xp 00000000 08:01 35127445 /lib/x86_64-linux-gnu/libbsd.so.0.8.3
    7f98e1c51000-7f98e1e51000 ---p 00013000 08:01 35127445 /lib/x86_64-linux-gnu/libbsd.so.0.8.3
    7f98e1e51000-7f98e1e52000 r--p 00013000 08:01 35127445 /lib/x86_64-linux-gnu/libbsd.so.0.8.3
    7f98e1e52000-7f98e1e53000 rw-p 00014000 08:01 35127445 /lib/x86_64-linux-gnu/libbsd.so.0.8.3
    7f98e1e53000-7f98e1e54000 rw-p 00000000 00:00 0
    7f98e1e54000-7f98e1e59000 r-xp 00000000 08:01 67110563 /usr/lib/x86_64-linux-gnu/libXdmcp.so.6.0.0
    7f98e1e59000-7f98e2058000 ---p 00005000 08:01 67110563 /usr/lib/x86_64-linux-gnu/libXdmcp.so.6.0.0
    7f98e2058000-7f98e2059000 r--p 00004000 08:01 67110563 /usr/lib/x86_64-linux-gnu/libXdmcp.so.6.0.0
    7f98e2059000-7f98e205a000 rw-p 00005000 08:01 67110563 /usr/lib/x86_64-linux-gnu/libXdmcp.so.6.0.0
    7f98e205a000-7f98e205d000 r-xp 00000000 08:01 67123110 /usr/lib/x86_64-linux-gnu/libXau.so.6.0.0
    7f98e205d000-7f98e225c000 ---p 00003000 08:01 67123110 /usr/lib/x86_64-linux-gnu/libXau.so.6.0.0
    7f98e225c000-7f98e225d000 r--p 00002000 08:01 67123110 /usr/lib/x86_64-linux-gnu/libXau.so.6.0.0
    7f98e225d000-7f98e225e000 rw-p 00003000 08:01 67123110 /usr/lib/x86_64-linux-gnu/libXau.so.6.0.0
    7f98e225e000-7f98e2285000 r-xp 00000000 08:01 67109168 /usr/lib/x86_64-linux-gnu/libxcb.so.1.1.0
    7f98e2285000-7f98e2484000 ---p 00027000 08:01 67109168 /usr/lib/x86_64-linux-gnu/libxcb.so.1.1.0
    7f98e2484000-7f98e2485000 r--p 00026000 08:01 67109168 /usr/lib/x86_64-linux-gnu/libxcb.so.1.1.0
    7f98e2485000-7f98e2486000 rw-p 00027000 08:01 67109168 /usr/lib/x86_64-linux-gnu/libxcb.so.1.1.0
    7f98e2486000-7f98e25c0000 r-xp 00000000 08:01 67109851 /usr/lib/x86_64-linux-gnu/libX11.so.6.3.0
    7f98e25c0000-7f98e27c0000 ---p 0013a000 08:01 67109851 /usr/lib/x86_64-linux-gnu/libX11.so.6.3.0
    7f98e27c0000-7f98e27c1000 r--p 0013a000 08:01 67109851 /usr/lib/x86_64-linux-gnu/libX11.so.6.3.0
    7f98e27c1000-7f98e27c6000 rw-p 0013b000 08:01 67109851 /usr/lib/x86_64-linux-gnu/libX11.so.6.3.0
    7f98e27c6000-7f98e484a000 r-xp 00000000 08:01 67121548 /usr/lib/x86_64-linux-gnu/libamdocl12cl64.so
    7f98e484a000-7f98e4a4a000 ---p 02084000 08:01 67121548 /usr/lib/x86_64-linux-gnu/libamdocl12cl64.so
    7f98e4a4a000-7f98e4d66000 rw-p 02084000 08:01 67121548 /usr/lib/x86_64-linux-gnu/libamdocl12cl64.so
    7f98e4d66000-7f98e4df7000 rw-p 00000000 00:00 0
    7f98e4df7000-7f98e8734000 r-xp 00000000 08:01 67111660 /usr/lib/x86_64-linux-gnu/libamdocl64.so
    7f98e8734000-7f98e8934000 ---p 0393d000 08:01 67111660 /usr/lib/x86_64-linux-gnu/libamdocl64.so
    7f98e8934000-7f98e8d12000 rw-p 0393d000 08:01 67111660 /usr/lib/x86_64-linux-gnu/libamdocl64.so
    7f98e8d12000-7f98e8de9000 rw-p 00000000 00:00 0
    7f98e8de9000-7f98e8dff000 r-xp 00000000 08:01 35127310 /lib/x86_64-linux-gnu/libgcc_s.so.1
    7f98e8dff000-7f98e8ffe000 ---p 00016000 08:01 35127310 /lib/x86_64-linux-gnu/libgcc_s.so.1
    7f98e8ffe000-7f98e8fff000 r--p 00015000 08:01 35127310 /lib/x86_64-linux-gnu/libgcc_s.so.1
    7f98e8fff000-7f98e9000000 rw-p 00016000 08:01 35127310 /lib/x86_64-linux-gnu/libgcc_s.so.1
    7f98e9000000-7f98e9172000 r-xp 00000000 08:01 67109992 /usr/lib/x86_64-linux-gnu/libstdc++.so.6.0.22
    7f98e9172000-7f98e9372000 ---p 00172000 08:01 67109992 /usr/lib/x86_64-linux-gnu/libstdc++.so.6.0.22
    7f98e9372000-7f98e937c000 r--p 00172000 08:01 67109992 /usr/lib/x86_64-linux-gnu/libstdc++.so.6.0.22
    7f98e937c000-7f98e937e000 rw-p 0017c000 08:01 67109992 /usr/lib/x86_64-linux-gnu/libstdc++.so.6.0.22
    7f98e937e000-7f98e9382000 rw-p 00000000 00:00 0
    7f98e9382000-7f98e93a7000 r-xp 00000000 08:01 35127307 /lib/x86_64-linux-gnu/liblzma.so.5.2.2
    7f98e93a7000-7f98e95a6000 ---p 00025000 08:01 35127307 /lib/x86_64-linux-gnu/liblzma.so.5.2.2
    7f98e95a6000-7f98e95a7000 r--p 00024000 08:01 35127307 /lib/x86_64-linux-gnu/liblzma.so.5.2.2
    7f98e95a7000-7f98e95a8000 rw-p 00025000 08:01 35127307 /lib/x86_64-linux-gnu/liblzma.so.5.2.2
    7f98e95a8000-7f98eae24000 r-xp 00000000 08:01 67111085 /usr/lib/x86_64-linux-gnu/libicudata.so.57.1
    7f98eae24000-7f98eb023000 ---p 0187c000 08:01 67111085 /usr/lib/x86_64-linux-gnu/libicudata.so.57.1
    7f98eb023000-7f98eb024000 r--p 0187b000 08:01 67111085 /usr/lib/x86_64-linux-gnu/libicudata.so.57.1
    7f98eb024000-7f98eb025000 rw-p 0187c000 08:01 67111085 /usr/lib/x86_64-linux-gnu/libicudata.so.57.1
    7f98eb025000-7f98eb1b9000 r-xp 00000000 08:01 67118476 /usr/lib/x86_64-linux-gnu/libicuuc.so.57.1
    7f98eb1b9000-7f98eb3b8000 ---p 00194000 08:01 67118476 /usr/lib/x86_64-linux-gnu/libicuuc.so.57.1
    7f98eb3b8000-7f98eb3ca000 r--p 00193000 08:01 67118476 /usr/lib/x86_64-linux-gnu/libicuuc.so.57.1
    7f98eb3ca000-7f98eb3cb000 rw-p 001a5000 08:01 67118476 /usr/lib/x86_64-linux-gnu/libicuuc.so.57.1
    7f98eb3cb000-7f98eb3cd000 rw-p 00000000 00:00 0
    7f98eb3cd000-7f98eb638000 r-xp 00000000 08:01 67111208 /usr/lib/x86_64-linux-gnu/libicui18n.so.57.1
    7f98eb638000-7f98eb837000 ---p 0026b000 08:01 67111208 /usr/lib/x86_64-linux-gnu/libicui18n.so.57.1
    7f98eb837000-7f98eb844000 r--p 0026a000 08:01 67111208 /usr/lib/x86_64-linux-gnu/libicui18n.so.57.1
    7f98eb844000-7f98eb846000 rw-p 00277000 08:01 67111208 /usr/lib/x86_64-linux-gnu/libicui18n.so.57.1
    7f98eb846000-7f98eb847000 rw-p 00000000 00:00 0
    7f98eb847000-7f98eb9f7000 r-xp 00000000 08:01 67112311 /usr/lib/x86_64-linux-gnu/libxml2.so.2.9.4
    7f98eb9f7000-7f98ebbf7000 ---p 001b0000 08:01 67112311 /usr/lib/x86_64-linux-gnu/libxml2.so.2.9.4
    7f98ebbf7000-7f98ebbff000 r--p 001b0000 08:01 67112311 /usr/lib/x86_64-linux-gnu/libxml2.so.2.9.4
    7f98ebbff000-7f98ebc01000 rw-p 001b8000 08:01 67112311 /usr/lib/x86_64-linux-gnu/libxml2.so.2.9.4
    7f98ebc01000-7f98ebc02000 rw-p 00000000 00:00 0
    7f98ebc02000-7f98ebc05000 r-xp 00000000 08:01 68828695 /usr/lib/x86_64-linux-gnu/hwloc/hwloc_xml_libxml.so
    7f98ebc05000-7f98ebe04000 ---p 00003000 08:01 68828695 /usr/lib/x86_64-linux-gnu/hwloc/hwloc_xml_libxml.so
    7f98ebe04000-7f98ebe05000 r--p 00002000 08:01 68828695 /usr/lib/x86_64-linux-gnu/hwloc/hwloc_xml_libxml.so
    7f98ebe05000-7f98ebe06000 rw-p 00003000 08:01 68828695 /usr/lib/x86_64-linux-gnu/hwloc/hwloc_xml_libxml.so
    7f98ebe06000-7f98ebe1f000 r-xp 00000000 08:01 35128675 /lib/x86_64-linux-gnu/libz.so.1.2.8
    7f98ebe1f000-7f98ec01e000 ---p 00019000 08:01 35128675 /lib/x86_64-linux-gnu/libz.so.1.2.8
    7f98ec01e000-7f98ec01f000 r--p 00018000 08:01 35128675 /lib/x86_64-linux-gnu/libz.so.1.2.8
    7f98ec01f000-7f98ec020000 rw-p 00019000 08:01 35128675 /lib/x86_64-linux-gnu/libz.so.1.2.8
    7f98ec020000-7f98ec028000 r-xp 00000000 08:01 67111353 /usr/lib/x86_64-linux-gnu/libpciaccess.so.0.11.1
    7f98ec028000-7f98ec228000 ---p 00008000 08:01 67111353 /usr/lib/x86_64-linux-gnu/libpciaccess.so.0.11.1
    7f98ec228000-7f98ec229000 r--p 00008000 08:01 67111353 /usr/lib/x86_64-linux-gnu/libpciaccess.so.0.11.1
    7f98ec229000-7f98ec22a000 rw-p 00009000 08:01 67111353 /usr/lib/x86_64-linux-gnu/libpciaccess.so.0.11.1
    7f98ec22a000-7f98ec231000 r-xp 00000000 08:01 67509620 /usr/lib/x86_64-linux-gnu/openmpi/lib/openmpi/mca_ess_hnp.so
    7f98ec231000-7f98ec430000 ---p 00007000 08:01 67509620 /usr/lib/x86_64-linux-gnu/openmpi/lib/openmpi/mca_ess_hnp.so
    7f98ec430000-7f98ec431000 r--p 00006000 08:01 67509620 /usr/lib/x86_64-linux-gnu/openmpi/lib/openmpi/mca_ess_hnp.so
    7f98ec431000-7f98ec432000 rw-p 00007000 08:01 67509620 /usr/lib/x86_64-linux-gnu/openmpi/lib/openmpi/mca_ess_hnp.so
    7f98ec634000-7f98ec636000 r-xp 00000000 08:01 68828694 /usr/lib/x86_64-linux-gnu/hwloc/hwloc_pci.so
    7f98ec636000-7f98ec836000 ---p 00002000 08:01 68828694 /usr/lib/x86_64-linux-gnu/hwloc/hwloc_pci.so
    7f98ec836000-7f98ec837000 r--p 00002000 08:01 68828694 /usr/lib/x86_64-linux-gnu/hwloc/hwloc_pci.so
    7f98ec837000-7f98ec838000 rw-p 00003000 08:01 68828694 /usr/lib/x86_64-linux-gnu/hwloc/hwloc_pci.so
    7f98ec838000-7f98ec83e000 r-xp 00000000 08:01 67117829 /usr/lib/x86_64-linux-gnu/libOpenCL.so.1
    7f98ec83e000-7f98eca3e000 ---p 00006000 08:01 67117829 /usr/lib/x86_64-linux-gnu/libOpenCL.so.1
    7f98eca3e000-7f98eca3f000 rw-p 00006000 08:01 67117829 /usr/lib/x86_64-linux-gnu/libOpenCL.so.1
    7f98eca3f000-7f98eca42000 r-xp 00000000 08:01 67509742 /usr/lib/x86_64-linux-gnu/openmpi/lib/openmpi/mca_shmem_mmap.so
    7f98eca42000-7f98ecc41000 ---p 00003000 08:01 67509742 /usr/lib/x86_64-linux-gnu/openmpi/lib/openmpi/mca_shmem_mmap.so
    7f98ecc41000-7f98ecc42000 r--p 00002000 08:01 67509742 /usr/lib/x86_64-linux-gnu/openmpi/lib/openmpi/mca_shmem_mmap.so
    7f98ecc42000-7f98ecc43000 rw-p 00003000 08:01 67509742 /usr/lib/x86_64-linux-gnu/openmpi/lib/openmpi/mca_shmem_mmap.so
    7f98ecc45000-7f98ecc47000 r-xp 00000000 08:01 68828693 /usr/lib/x86_64-linux-gnu/hwloc/hwloc_opencl.so
    7f98ecc47000-7f98ece46000 ---p 00002000 08:01 68828693 /usr/lib/x86_64-linux-gnu/hwloc/hwloc_opencl.so
    7f98ece46000-7f98ece47000 r--p 00001000 08:01 68828693 /usr/lib/x86_64-linux-gnu/hwloc/hwloc_opencl.so
    7f98ece47000-7f98ece48000 rw-p 00002000 08:01 68828693 /usr/lib/x86_64-linux-gnu/hwloc/hwloc_opencl.so
    7f98ece48000-7f98ece49000 r-xp 00000000 08:01 67509737 /usr/lib/x86_64-linux-gnu/openmpi/lib/openmpi/mca_sec_basic.so
    7f98ece49000-7f98ed048000 ---p 00001000 08:01 67509737 /usr/lib/x86_64-linux-gnu/openmpi/lib/openmpi/mca_sec_basic.so
    7f98ed048000-7f98ed049000 r--p 00000000 08:01 67509737 /usr/lib/x86_64-linux-gnu/openmpi/lib/openmpi/mca_sec_basic.so
    7f98ed049000-7f98ed04a000 rw-p 00001000 08:01 67509737 /usr/lib/x86_64-linux-gnu/openmpi/lib/openmpi/mca_sec_basic.so
    7f98ed04a000-7f98ed04b000 r-xp 00000000 08:01 67509696 /usr/lib/x86_64-linux-gnu/openmpi/lib/openmpi/mca_patcher_overwrite.so
    7f98ed04b000-7f98ed24b000 ---p 00001000 08:01 67509696 /usr/lib/x86_64-linux-gnu/openmpi/lib/openmpi/mca_patcher_overwrite.so
    7f98ed24b000-7f98ed24c000 r--p 00001000 08:01 67509696 /usr/lib/x86_64-linux-gnu/openmpi/lib/openmpi/mca_patcher_overwrite.so
    7f98ed24c000-7f98ed24d000 rw-p 00002000 08:01 67509696 /usr/lib/x86_64-linux-gnu/openmpi/lib/openmpi/mca_patcher_overwrite.so
    7f98ed24d000-7f98ed256000 r-xp 00000000 08:01 67111388 /usr/lib/x86_64-linux-gnu/libltdl.so.7.3.1
    7f98ed256000-7f98ed455000 ---p 00009000 08:01 67111388 /usr/lib/x86_64-linux-gnu/libltdl.so.7.3.1
    7f98ed455000-7f98ed456000 r--p 00008000 08:01 67111388 /usr/lib/x86_64-linux-gnu/libltdl.so.7.3.1
    7f98ed456000-7f98ed457000 rw-p 00009000 08:01 67111388 /usr/lib/x86_64-linux-gnu/libltdl.so.7.3.1
    7f98ed457000-7f98ed461000 r-xp 00000000 08:01 67116712 /usr/lib/x86_64-linux-gnu/libnuma.so.1.0.0
    7f98ed461000-7f98ed660000 ---p 0000a000 08:01 67116712 /usr/lib/x86_64-linux-gnu/libnuma.so.1.0.0
    7f98ed660000-7f98ed661000 r--p 00009000 08:01 67116712 /usr/lib/x86_64-linux-gnu/libnuma.so.1.0.0
    7f98ed661000-7f98ed662000 rw-p 0000a000 08:01 67116712 /usr/lib/x86_64-linux-gnu/libnuma.so.1.0.0
    7f98ed662000-7f98ed665000 r-xp 00000000 08:01 35127882 /lib/x86_64-linux-gnu/libdl-2.24.so
    7f98ed665000-7f98ed864000 ---p 00003000 08:01 35127882 /lib/x86_64-linux-gnu/libdl-2.24.so
    7f98ed864000-7f98ed865000 r--p 00002000 08:01 35127882 /lib/x86_64-linux-gnu/libdl-2.24.so
    7f98ed865000-7f98ed866000 rw-p 00003000 08:01 35127882 /lib/x86_64-linux-gnu/libdl-2.24.so
    7f98ed866000-7f98ed946000 r-xp 00000000 08:01 35127563 /lib/x86_64-linux-gnu/libc-2.24.so
    7f98ed946000-7f98ed947000 r-xp 000e0000 08:01 35127563 /lib/x86_64-linux-gnu/libc-2.24.so
    7f98ed947000-7f98ed94a000 r-xp 000e1000 08:01 35127563 /lib/x86_64-linux-gnu/libc-2.24.so
    7f98ed94a000-7f98ed94b000 r-xp 000e4000 08:01 35127563 /lib/x86_64-linux-gnu/libc-2.24.so
    7f98ed94b000-7f98ed94f000 r-xp 000e5000 08:01 35127563 /lib/x86_64-linux-gnu/libc-2.24.so
    7f98ed94f000-7f98ed951000 r-xp 000e9000 08:01 35127563 /lib/x86_64-linux-gnu/libc-2.24.so
    7f98ed951000-7f98ed9fb000 r-xp 000eb000 08:01 35127563 /lib/x86_64-linux-gnu/libc-2.24.so
    7f98ed9fb000-7f98edbfa000 ---p 00195000 08:01 35127563 /lib/x86_64-linux-gnu/libc-2.24.so
    7f98edbfa000-7f98edbfe000 r--p 00194000 08:01 35127563 /lib/x86_64-linux-gnu/libc-2.24.so
    7f98edbfe000-7f98edc00000 rw-p 00198000 08:01 35127563 /lib/x86_64-linux-gnu/libc-2.24.so
    7f98edc00000-7f98edc04000 rw-p 00000000 00:00 0
    7f98edc04000-7f98edc1c000 r-xp 00000000 08:01 35129043 /lib/x86_64-linux-gnu/libpthread-2.24.so
    7f98edc1c000-7f98ede1b000 ---p 00018000 08:01 35129043 /lib/x86_64-linux-gnu/libpthread-2.24.so
    7f98ede1b000-7f98ede1c000 r--p 00017000 08:01 35129043 /lib/x86_64-linux-gnu/libpthread-2.24.so
    7f98ede1c000-7f98ede1d000 rw-p 00018000 08:01 35129043 /lib/x86_64-linux-gnu/libpthread-2.24.so
    7f98ede1d000-7f98ede21000 rw-p 00000000 00:00 0
    7f98ede21000-7f98ede5c000 r-xp 00000000 08:01 67109868 /usr/lib/x86_64-linux-gnu/libhwloc.so.5.7.2
    7f98ede5c000-7f98ee05b000 ---p 0003b000 08:01 67109868 /usr/lib/x86_64-linux-gnu/libhwloc.so.5.7.2
    7f98ee05b000-7f98ee05c000 r--p 0003a000 08:01 67109868 /usr/lib/x86_64-linux-gnu/libhwloc.so.5.7.2
    7f98ee05c000-7f98ee05d000 rw-p 0003b000 08:01 67109868 /usr/lib/x86_64-linux-gnu/libhwloc.so.5.7.2
    7f98ee05d000-7f98ee05f000 r-xp 00000000 08:01 35129130 /lib/x86_64-linux-gnu/libutil-2.24.so
    7f98ee05f000-7f98ee25e000 ---p 00002000 08:01 35129130 /lib/x86_64-linux-gnu/libutil-2.24.so
    7f98ee25e000-7f98ee25f000 r--p 00001000 08:01 35129130 /lib/x86_64-linux-gnu/libutil-2.24.so
    7f98ee25f000-7f98ee260000 rw-p 00002000 08:01 35129130 /lib/x86_64-linux-gnu/libutil-2.24.so
    7f98ee260000-7f98ee363000 r-xp 00000000 08:01 35128687 /lib/x86_64-linux-gnu/libm-2.24.so
    7f98ee363000-7f98ee562000 ---p 00103000 08:01 35128687 /lib/x86_64-linux-gnu/libm-2.24.so
    7f98ee562000-7f98ee563000 r--p 00102000 08:01 35128687 /lib/x86_64-linux-gnu/libm-2.24.so
    7f98ee563000-7f98ee564000 rw-p 00103000 08:01 35128687 /lib/x86_64-linux-gnu/libm-2.24.so
    7f98ee564000-7f98ee56b000 r-xp 00000000 08:01 35129126 /lib/x86_64-linux-gnu/librt-2.24.so
    7f98ee56b000-7f98ee76a000 ---p 00007000 08:01 35129126 /lib/x86_64-linux-gnu/librt-2.24.so
    7f98ee76a000-7f98ee76b000 r--p 00006000 08:01 35129126 /lib/x86_64-linux-gnu/librt-2.24.so
    7f98ee76b000-7f98ee76c000 rw-p 00007000 08:01 35129126 /lib/x86_64-linux-gnu/librt-2.24.so
    7f98ee76c000-7f98ee80f000 r-xp 00000000 08:01 67503585 /usr/lib/x86_64-linux-gnu/openmpi/lib/libopen-pal.so.20.2.0
    7f98ee80f000-7f98eea0e000 ---p 000a3000 08:01 67503585 /usr/lib/x86_64-linux-gnu/openmpi/lib/libopen-pal.so.20.2.0
    7f98eea0e000-7f98eea12000 r--p 000a2000 08:01 67503585 /usr/lib/x86_64-linux-gnu/openmpi/lib/libopen-pal.so.20.2.0
    7f98eea12000-7f98eea17000 rw-p 000a6000 08:01 67503585 /usr/lib/x86_64-linux-gnu/openmpi/lib/libopen-pal.so.20.2.0
    7f98eea17000-7f98eea1e000 rw-p 00000000 00:00 0
    7f98eea1e000-7f98eeaa3000 r-xp 00000000 08:01 67503980 /usr/lib/x86_64-linux-gnu/openmpi/lib/libopen-rte.so.20.1.0
    7f98eeaa3000-7f98eeca3000 ---p 00085000 08:01 67503980 /usr/lib/x86_64-linux-gnu/openmpi/lib/libopen-rte.so.20.1.0
    7f98eeca3000-7f98eeca4000 r--p 00085000 08:01 67503980 /usr/lib/x86_64-linux-gnu/openmpi/lib/libopen-rte.so.20.1.0
    7f98eeca4000-7f98eeca8000 rw-p 00086000 08:01 67503980 /usr/lib/x86_64-linux-gnu/openmpi/lib/libopen-rte.so.20.1.0
    7f98eeca8000-7f98eeca9000 rw-p 00000000 00:00 0
    7f98eeca9000-7f98eeccc000 r-xp 00000000 08:01 35127357 /lib/x86_64-linux-gnu/ld-2.24.so
    7f98eee43000-7f98eee84000 rw-p 00000000 00:00 0
    7f98eee9e000-7f98eeea4000 rw-p 00000000 00:00 0
    7f98eeec8000-7f98eeecc000 rw-p 00000000 00:00 0
    7f98eeecc000-7f98eeecd000 r--p 00023000 08:01 35127357 /lib/x86_64-linux-gnu/ld-2.24.so
    7f98eeecd000-7f98eeece000 rw-p 00024000 08:01 35127357 /lib/x86_64-linux-gnu/ld-2.24.so
    7f98eeece000-7f98eeecf000 rw-p 00000000 00:00 0
    7ffda55fd000-7ffda561f000 rw-p 00000000 00:00 0 [stack]
    7ffda57ae000-7ffda57b0000 r--p 00000000 00:00 0 [vvar]
    7ffda57b0000-7ffda57b2000 r-xp 00000000 00:00 0 [vdso]
    ffffffffff600000-ffffffffff601000 r-xp 00000000 00:00 0 [vsyscall]
    [gimli:04550] [[INVALID],INVALID] ORTE_ERROR_LOG: Unable to start a daemon on the local node in file ess_singleton_module.c at line 575
    [gimli:04550] [[INVALID],INVALID] ORTE_ERROR_LOG: Unable to start a daemon on the local node in file ess_singleton_module.c at line 165
    --------------------------------------------------------------------------
    It looks like orte_init failed for some reason; your parallel process is
    likely to abort. There are many reasons that a parallel process can
    fail during orte_init; some of which are due to configuration or
    environment problems. This failure appears to be an internal failure;
    here's some additional information (which may only be relevant to an
    Open MPI developer):
    
     orte_ess_init failed
     --> Returned value Unable to start a daemon on the local node (-127) instead of ORTE_SUCCESS
    --------------------------------------------------------------------------
    --------------------------------------------------------------------------
    It looks like MPI_INIT failed for some reason; your parallel process is
    likely to abort. There are many reasons that a parallel process can
    fail during MPI_INIT; some of which are due to configuration or environment
    problems. This failure appears to be an internal failure; here's some
    additional information (which may only be relevant to an Open MPI
    developer):
    
     ompi_mpi_init: ompi_rte_init failed
     --> Returned "Unable to start a daemon on the local node" (-127) instead of "Success" (0)
    --------------------------------------------------------------------------
    *** An error occurred in MPI_Init
    *** on a NULL communicator
    *** MPI_ERRORS_ARE_FATAL (processes in this communicator will now abort,
    *** and potentially your MPI job)
    [gimli:4550] Local abort before MPI_INIT completed completed successfully, but am not able to aggregate error messages, and not able to guarantee that all other processes were killed!
Flavor: r-devel-linux-x86_64-debian-clang

Version: 0.2-2
Check: compiled code
Result: NOTE
    File ‘pbdSLAP/libs/pbdSLAP.so’:
     Found no calls to: ‘R_registerRoutines’, ‘R_useDynamicSymbols’
    
    It is good practice to register native routines and to disable symbol
    search.
    
    See ‘Writing portable packages’ in the ‘Writing R Extensions’ manual.
Flavors: r-devel-linux-x86_64-debian-clang, r-devel-linux-x86_64-debian-gcc, r-devel-linux-x86_64-fedora-clang, r-devel-linux-x86_64-fedora-gcc, r-patched-linux-x86_64, r-release-linux-x86_64

Version: 0.2-2
Check: whether package can be installed
Result: WARN
    Found the following significant warnings:
     Warning: CHARACTER expression at (1) is being truncated (6/1) [-Wcharacter-truncation]
     Warning: CHARACTER expression will be truncated in assignment (1/9) at (1) [-Wcharacter-truncation]
     Warning: CHARACTER expression will be truncated in assignment (1/19) at (1) [-Wcharacter-truncation]
     Warning: CHARACTER expression will be truncated in assignment (1/16) at (1) [-Wcharacter-truncation]
     Warning: CHARACTER expression will be truncated in assignment (1/12) at (1) [-Wcharacter-truncation]
Flavors: r-devel-linux-x86_64-fedora-clang, r-devel-linux-x86_64-fedora-gcc

Version: 0.2-2
Check: installed package size
Result: NOTE
     installed size is 10.0Mb
     sub-directories of 1Mb or more:
     lib 9.5Mb
Flavors: r-devel-linux-x86_64-fedora-clang, r-devel-linux-x86_64-fedora-gcc, r-devel-windows-ix86+x86_64, r-patched-solaris-x86, r-release-windows-ix86+x86_64, r-oldrel-windows-ix86+x86_64

Version: 0.2-2
Check: package dependencies
Result: ERROR
    Package required but not available: ‘pbdMPI’
    
    See section ‘The DESCRIPTION file’ in the ‘Writing R Extensions’
    manual.
Flavors: r-release-osx-x86_64, r-oldrel-osx-x86_64