CRAN Package Check Results for Package pbdSLAP

Last updated on 2017-02-24 11:48:27.

Flavor Version Tinstall Tcheck Ttotal Status Flags
r-devel-linux-x86_64-debian-clang 0.2-2 92.45 27.62 120.06 NOTE
r-devel-linux-x86_64-debian-gcc 0.2-2 90.18 28.09 118.28 NOTE
r-devel-linux-x86_64-fedora-clang 0.2-2 210.19 WARN --no-stop-on-test-error
r-devel-linux-x86_64-fedora-gcc 0.2-2 209.24 WARN --no-stop-on-test-error
r-devel-macos-x86_64-clang 0.2-2 178.08 WARN --no-stop-on-test-error
r-devel-windows-ix86+x86_64 0.2-2 764.00 80.00 844.00 NOTE
r-patched-linux-x86_64 0.2-2 78.55 25.48 104.03 OK
r-patched-solaris-sparc 0.2-2 897.10 OK
r-patched-solaris-x86 0.2-2 264.50 OK
r-release-linux-x86_64 0.2-2 78.97 24.42 103.39 OK
r-release-osx-x86_64-mavericks 0.2-2 ERROR
r-release-windows-ix86+x86_64 0.2-2 390.00 42.00 432.00 NOTE
r-oldrel-windows-ix86+x86_64 0.2-2 10.00 2.00 12.00 ERROR

Check Details

Version: 0.2-2
Check: compiled code
Result: NOTE
    File ‘pbdSLAP/libs/pbdSLAP.so’:
     Found no calls to: ‘R_registerRoutines’, ‘R_useDynamicSymbols’
    
    It is good practice to register native routines and to disable symbol
    search.
    
    See ‘Writing portable packages’ in the ‘Writing R Extensions’ manual.
Flavors: r-devel-linux-x86_64-debian-clang, r-devel-linux-x86_64-debian-gcc

Version: 0.2-2
Flags: --no-stop-on-test-error
Check: whether package can be installed
Result: WARN
    Found the following significant warnings:
     Warning: CHARACTER expression at (1) is being truncated (6/1) [-Wcharacter-truncation]
     Warning: CHARACTER expression will be truncated in assignment (1/9) at (1) [-Wcharacter-truncation]
     Warning: CHARACTER expression will be truncated in assignment (1/19) at (1) [-Wcharacter-truncation]
     Warning: CHARACTER expression will be truncated in assignment (1/16) at (1) [-Wcharacter-truncation]
     Warning: CHARACTER expression will be truncated in assignment (1/12) at (1) [-Wcharacter-truncation]
Flavors: r-devel-linux-x86_64-fedora-clang, r-devel-linux-x86_64-fedora-gcc, r-devel-macos-x86_64-clang

Version: 0.2-2
Flags: --no-stop-on-test-error
Check: installed package size
Result: NOTE
     installed size is 9.8Mb
     sub-directories of 1Mb or more:
     lib 9.4Mb
Flavors: r-devel-linux-x86_64-fedora-clang, r-devel-linux-x86_64-fedora-gcc, r-devel-macos-x86_64-clang

Version: 0.2-2
Flags: --no-stop-on-test-error
Check: compiled code
Result: NOTE
    File ‘pbdSLAP/libs/pbdSLAP.so’:
     Found no calls to: ‘R_registerRoutines’, ‘R_useDynamicSymbols’
    
    It is good practice to register native routines and to disable symbol
    search.
    
    See ‘Writing portable packages’ in the ‘Writing R Extensions’ manual.
Flavors: r-devel-linux-x86_64-fedora-clang, r-devel-linux-x86_64-fedora-gcc, r-devel-macos-x86_64-clang

Version: 0.2-2
Check: installed package size
Result: NOTE
     installed size is 12.1Mb
     sub-directories of 1Mb or more:
     lib 6.6Mb
     libs 5.2Mb
Flavors: r-devel-windows-ix86+x86_64, r-release-windows-ix86+x86_64

Version: 0.2-2
Check: package dependencies
Result: ERROR
    Package required but not available: ‘pbdMPI’
    
    See section ‘The DESCRIPTION file’ in the ‘Writing R Extensions’
    manual.
Flavor: r-release-osx-x86_64-mavericks

Version: 0.2-2
Check: whether package can be installed
Result: ERROR
    Installation failed.
Flavor: r-oldrel-windows-ix86+x86_64