CRAN Package Check Results for Package pbdSLAP

Last updated on 2018-02-23 18:47:46 CET.

Flavor Version Tinstall Tcheck Ttotal Status Flags
r-devel-linux-x86_64-debian-clang 0.2-3 130.17 28.56 158.73 OK
r-devel-linux-x86_64-debian-gcc 0.2-3 109.94 25.46 135.40 OK
r-devel-linux-x86_64-fedora-clang 0.2-3 206.04 NOTE
r-devel-linux-x86_64-fedora-gcc 0.2-3 211.41 NOTE
r-devel-windows-ix86+x86_64 0.2-3 641.00 63.00 704.00 NOTE
r-patched-linux-x86_64 0.2-3 135.18 29.67 164.85 OK
r-patched-solaris-x86 0.2-3 255.60 OK
r-release-linux-x86_64 0.2-3 132.62 29.95 162.57 OK
r-release-windows-ix86+x86_64 0.2-3 458.00 73.00 531.00 NOTE
r-release-osx-x86_64 0.2-3 ERROR
r-oldrel-windows-ix86+x86_64 0.2-3 458.00 73.00 531.00 NOTE
r-oldrel-osx-x86_64 0.2-3 ERROR

Check Details

Version: 0.2-3
Check: installed package size
Result: NOTE
     installed size is 10.0Mb
     sub-directories of 1Mb or more:
     lib 9.5Mb
Flavors: r-devel-linux-x86_64-fedora-clang, r-devel-linux-x86_64-fedora-gcc, r-devel-windows-ix86+x86_64, r-release-windows-ix86+x86_64, r-oldrel-windows-ix86+x86_64

Version: 0.2-3
Check: package dependencies
Result: ERROR
    Package required but not available: ‘pbdMPI’
    
    See section ‘The DESCRIPTION file’ in the ‘Writing R Extensions’
    manual.
Flavors: r-release-osx-x86_64, r-oldrel-osx-x86_64