CRAN Package Check Results for Package pbdSLAP

Last updated on 2016-02-08 19:48:32.

Flavor Version Tinstall Tcheck Ttotal Status Flags
r-devel-linux-x86_64-debian-gcc 0.2-1 79.38 21.12 100.51 NOTE
r-devel-linux-x86_64-fedora-clang 0.2-1 181.47 NOTE
r-devel-linux-x86_64-fedora-gcc 0.2-1 185.46 NOTE
r-devel-osx-x86_64-clang 0.2-1 203.89 NOTE
r-devel-windows-ix86+x86_64 0.2-1 345.00 47.00 392.00 NOTE
r-patched-linux-x86_64 0.2-1 79.85 21.60 101.45 NOTE
r-patched-solaris-sparc 0.2-1 834.60 OK
r-patched-solaris-x86 0.2-1 229.90 OK
r-release-linux-x86_64 0.2-1 79.86 21.90 101.75 NOTE
r-release-osx-x86_64-mavericks 0.2-1 ERROR
r-release-windows-ix86+x86_64 0.2-1 351.00 53.00 404.00 NOTE
r-oldrel-windows-ix86+x86_64 0.2-1 359.00 69.00 428.00 NOTE

Check Details

Version: 0.2-1
Check: installed package size
Result: NOTE
     installed size is 11.3Mb
     sub-directories of 1Mb or more:
     lib 10.8Mb
Flavors: r-devel-linux-x86_64-debian-gcc, r-devel-linux-x86_64-fedora-clang, r-devel-linux-x86_64-fedora-gcc, r-devel-osx-x86_64-clang, r-devel-windows-ix86+x86_64, r-patched-linux-x86_64, r-release-linux-x86_64, r-release-windows-ix86+x86_64, r-oldrel-windows-ix86+x86_64

Version: 0.2-1
Check: compiled code
Result: NOTE
    Note: information on .o files is not available
Flavor: r-devel-osx-x86_64-clang

Version: 0.2-1
Check: package dependencies
Result: ERROR
    Package required but not available: ‘pbdMPI’
    
    See section ‘The DESCRIPTION file’ in the ‘Writing R Extensions’
    manual.
Flavor: r-release-osx-x86_64-mavericks