CRAN Package Check Results for Package pbdSLAP

Last updated on 2015-05-04 11:48:04.

Flavor Version Tinstall Tcheck Ttotal Status Flags
r-devel-linux-x86_64-debian-clang 0.2-0 67.73 22.28 90.01 NOTE
r-devel-linux-x86_64-debian-gcc 0.2-0 70.97 23.75 94.72 NOTE
r-devel-linux-x86_64-fedora-clang 0.2-0 183.16 NOTE
r-devel-linux-x86_64-fedora-gcc 0.2-0 185.27 NOTE
r-devel-osx-x86_64-clang 0.2-0 180.90 NOTE
r-devel-windows-ix86+x86_64 0.2-0 352.00 44.00 396.00 NOTE
r-patched-linux-x86_64 0.2-0 70.45 21.24 91.70 NOTE
r-patched-solaris-sparc 0.2-0 977.90 OK
r-patched-solaris-x86 0.2-0 256.40 OK
r-release-linux-x86_64 0.2-0 71.15 21.44 92.59 NOTE
r-release-osx-x86_64-mavericks 0.2-0 ERROR
r-release-osx-x86_64-snowleopard 0.2-0 ERROR
r-release-windows-ix86+x86_64 0.2-0 318.00 44.00 362.00 NOTE
r-oldrel-windows-ix86+x86_64 0.2-0 459.00 44.00 503.00 NOTE

Check Details

Version: 0.2-0
Check: installed package size
Result: NOTE
     installed size is 9.2Mb
     sub-directories of 1Mb or more:
     lib 8.7Mb
Flavors: r-devel-linux-x86_64-debian-clang, r-devel-linux-x86_64-debian-gcc, r-devel-linux-x86_64-fedora-clang, r-devel-linux-x86_64-fedora-gcc, r-devel-osx-x86_64-clang, r-devel-windows-ix86+x86_64, r-patched-linux-x86_64, r-release-linux-x86_64, r-release-windows-ix86+x86_64, r-oldrel-windows-ix86+x86_64

Version: 0.2-0
Check: package dependencies
Result: ERROR
    Package required but not available: ‘pbdMPI’
    
    See section ‘The DESCRIPTION file’ in the ‘Writing R Extensions’
    manual.
Flavor: r-release-osx-x86_64-mavericks

Version: 0.2-0
Check: whether package can be installed
Result: ERROR
    Installation failed.
Flavor: r-release-osx-x86_64-snowleopard