CRAN Package Check Results for Package pbdSLAP

Last updated on 2017-07-28 08:48:02.

Flavor Version Tinstall Tcheck Ttotal Status Flags
r-devel-linux-x86_64-debian-clang 0.2-2 98.06 31.15 129.21 NOTE
r-devel-linux-x86_64-debian-gcc 0.2-2 98.45 31.32 129.77 NOTE
r-devel-linux-x86_64-fedora-clang 0.2-2 200.77 WARN
r-devel-linux-x86_64-fedora-gcc 0.2-2 205.86 WARN
r-devel-windows-ix86+x86_64 0.2-2 670.00 60.00 730.00 NOTE
r-patched-linux-x86_64 0.2-2 93.85 31.82 125.68 NOTE
r-patched-solaris-x86 0.2-2 254.80 NOTE
r-release-linux-x86_64 0.2-2 92.40 32.36 124.76 NOTE
r-release-windows-ix86+x86_64 0.2-2 397.00 60.00 457.00 NOTE
r-release-osx-x86_64 0.2-2 ERROR
r-oldrel-windows-ix86+x86_64 0.2-2 390.00 42.00 432.00 NOTE
r-oldrel-osx-x86_64 0.2-2 ERROR

Check Details

Version: 0.2-2
Check: compiled code
Result: NOTE
    File ‘pbdSLAP/libs/pbdSLAP.so’:
     Found no calls to: ‘R_registerRoutines’, ‘R_useDynamicSymbols’
    
    It is good practice to register native routines and to disable symbol
    search.
    
    See ‘Writing portable packages’ in the ‘Writing R Extensions’ manual.
Flavors: r-devel-linux-x86_64-debian-clang, r-devel-linux-x86_64-debian-gcc, r-devel-linux-x86_64-fedora-clang, r-devel-linux-x86_64-fedora-gcc, r-patched-linux-x86_64, r-release-linux-x86_64

Version: 0.2-2
Check: whether package can be installed
Result: WARN
    Found the following significant warnings:
     Warning: CHARACTER expression at (1) is being truncated (6/1) [-Wcharacter-truncation]
     Warning: CHARACTER expression will be truncated in assignment (1/9) at (1) [-Wcharacter-truncation]
     Warning: CHARACTER expression will be truncated in assignment (1/19) at (1) [-Wcharacter-truncation]
     Warning: CHARACTER expression will be truncated in assignment (1/16) at (1) [-Wcharacter-truncation]
     Warning: CHARACTER expression will be truncated in assignment (1/12) at (1) [-Wcharacter-truncation]
Flavors: r-devel-linux-x86_64-fedora-clang, r-devel-linux-x86_64-fedora-gcc

Version: 0.2-2
Check: installed package size
Result: NOTE
     installed size is 10.0Mb
     sub-directories of 1Mb or more:
     lib 9.5Mb
Flavors: r-devel-linux-x86_64-fedora-clang, r-devel-linux-x86_64-fedora-gcc, r-devel-windows-ix86+x86_64, r-patched-solaris-x86, r-release-windows-ix86+x86_64, r-oldrel-windows-ix86+x86_64

Version: 0.2-2
Check: package dependencies
Result: ERROR
    Package required but not available: ‘pbdMPI’
    
    See section ‘The DESCRIPTION file’ in the ‘Writing R Extensions’
    manual.
Flavors: r-release-osx-x86_64, r-oldrel-osx-x86_64