CRAN Package Check Results for Package pbdSLAP

Last updated on 2015-08-02 14:47:34.

Flavor Version Tinstall Tcheck Ttotal Status Flags
r-devel-linux-x86_64-debian-clang 0.2-0 72.72 21.48 94.21 NOTE
r-devel-linux-x86_64-debian-gcc 0.2-0 78.12 20.85 98.97 NOTE
r-devel-linux-x86_64-fedora-clang 0.2-0 178.91 NOTE
r-devel-linux-x86_64-fedora-gcc 0.2-0 186.88 NOTE
r-devel-osx-x86_64-clang 0.2-0 180.69 NOTE
r-devel-windows-ix86+x86_64 0.2-0 341.00 45.00 386.00 NOTE
r-patched-linux-x86_64 0.2-0 76.55 20.96 97.51 NOTE
r-patched-solaris-sparc 0.2-0 961.70 OK
r-patched-solaris-x86 0.2-0 251.10 OK
r-release-linux-x86_64 0.2-0 77.35 21.87 99.22 NOTE
r-release-osx-x86_64-mavericks 0.2-0 ERROR
r-release-windows-ix86+x86_64 0.2-0 324.00 48.00 372.00 NOTE
r-oldrel-windows-ix86+x86_64 0.2-0 459.00 44.00 503.00 NOTE

Check Details

Version: 0.2-0
Check: installed package size
Result: NOTE
     installed size is 10.4Mb
     sub-directories of 1Mb or more:
     lib 9.9Mb
Flavors: r-devel-linux-x86_64-debian-clang, r-devel-linux-x86_64-debian-gcc, r-devel-linux-x86_64-fedora-clang, r-devel-linux-x86_64-fedora-gcc, r-devel-osx-x86_64-clang, r-devel-windows-ix86+x86_64, r-patched-linux-x86_64, r-release-linux-x86_64, r-release-windows-ix86+x86_64, r-oldrel-windows-ix86+x86_64

Version: 0.2-0
Check: package dependencies
Result: ERROR
    Package required but not available: ‘pbdMPI’
    
    See section ‘The DESCRIPTION file’ in the ‘Writing R Extensions’
    manual.
Flavor: r-release-osx-x86_64-mavericks