CRAN Package Check Results for Package pbivnorm

Last updated on 2018-04-27 04:50:55 CEST.

Flavor Version Tinstall Tcheck Ttotal Status Flags
r-devel-linux-x86_64-debian-clang 0.6.0 1.39 13.40 14.79 NOTE
r-devel-linux-x86_64-debian-gcc 0.6.0 1.03 12.01 13.04 NOTE
r-devel-linux-x86_64-fedora-clang 0.6.0 19.93 NOTE
r-devel-linux-x86_64-fedora-gcc 0.6.0 18.46 NOTE
r-devel-windows-ix86+x86_64 0.6.0 10.00 35.00 45.00 OK
r-patched-linux-x86_64 0.6.0 1.30 14.75 16.05 NOTE
r-patched-solaris-x86 0.6.0 31.40 OK
r-release-linux-x86_64 0.6.0 1.15 14.60 15.75 NOTE
r-release-windows-ix86+x86_64 0.6.0 10.00 35.00 45.00 OK
r-release-osx-x86_64 0.6.0 OK
r-oldrel-windows-ix86+x86_64 0.6.0 5.00 25.00 30.00 OK
r-oldrel-osx-x86_64 0.6.0 OK

Check Details

Version: 0.6.0
Check: compiled code
Result: NOTE
    File ‘pbivnorm/libs/pbivnorm.so’:
     Found no calls to: ‘R_registerRoutines’, ‘R_useDynamicSymbols’
    
    It is good practice to register native routines and to disable symbol
    search.
    
    See ‘Writing portable packages’ in the ‘Writing R Extensions’ manual.
Flavors: r-devel-linux-x86_64-debian-clang, r-devel-linux-x86_64-debian-gcc, r-devel-linux-x86_64-fedora-clang, r-devel-linux-x86_64-fedora-gcc, r-patched-linux-x86_64, r-release-linux-x86_64