CRAN Package Check Results for Package pbivnorm

Last updated on 2017-04-23 15:48:35.

Flavor Version Tinstall Tcheck Ttotal Status Flags
r-devel-linux-x86_64-debian-clang 0.6.0 1.10 9.96 11.06 NOTE
r-devel-linux-x86_64-debian-gcc 0.6.0 1.07 9.56 10.63 NOTE
r-devel-linux-x86_64-fedora-clang 0.6.0 20.62 NOTE --no-stop-on-test-error
r-devel-linux-x86_64-fedora-gcc 0.6.0 16.47 NOTE --no-stop-on-test-error
r-devel-windows-ix86+x86_64 0.6.0 6.00 29.00 35.00 OK
r-patched-linux-x86_64 0.6.0 0.99 9.83 10.81 NOTE
r-patched-solaris-sparc 0.6.0 104.00 OK
r-patched-solaris-x86 0.6.0 24.90 OK
r-release-linux-x86_64 0.6.0 1.08 9.87 10.95 NOTE
r-release-windows-ix86+x86_64 0.6.0 6.00 24.00 30.00 OK
r-release-osx-x86_64 0.6.0 OK
r-oldrel-windows-ix86+x86_64 0.6.0 4.00 24.00 28.00 OK
r-oldrel-osx-x86_64 0.6.0 OK

Check Details

Version: 0.6.0
Check: compiled code
Result: NOTE
    File ‘pbivnorm/libs/pbivnorm.so’:
     Found no calls to: ‘R_registerRoutines’, ‘R_useDynamicSymbols’
    
    It is good practice to register native routines and to disable symbol
    search.
    
    See ‘Writing portable packages’ in the ‘Writing R Extensions’ manual.
Flavors: r-devel-linux-x86_64-debian-clang, r-devel-linux-x86_64-debian-gcc, r-patched-linux-x86_64, r-release-linux-x86_64

Version: 0.6.0
Flags: --no-stop-on-test-error
Check: compiled code
Result: NOTE
    File ‘pbivnorm/libs/pbivnorm.so’:
     Found no calls to: ‘R_registerRoutines’, ‘R_useDynamicSymbols’
    
    It is good practice to register native routines and to disable symbol
    search.
    
    See ‘Writing portable packages’ in the ‘Writing R Extensions’ manual.
Flavors: r-devel-linux-x86_64-fedora-clang, r-devel-linux-x86_64-fedora-gcc