CRAN Package Check Results for Package pbivnorm

Last updated on 2018-02-20 17:47:52 CET.

Flavor Version Tinstall Tcheck Ttotal Status Flags
r-devel-linux-x86_64-debian-clang 0.6.0 1.26 14.54 15.80 NOTE
r-devel-linux-x86_64-debian-gcc 0.6.0 0.92 11.82 12.74 NOTE
r-devel-linux-x86_64-fedora-clang 0.6.0 20.00 NOTE
r-devel-linux-x86_64-fedora-gcc 0.6.0 18.30 NOTE
r-devel-windows-ix86+x86_64 0.6.0 10.00 30.00 40.00 OK
r-patched-linux-x86_64 0.6.0 1.27 13.46 14.73 NOTE
r-patched-solaris-x86 0.6.0 26.30 OK
r-release-linux-x86_64 0.6.0 1.29 13.14 14.43 NOTE
r-release-windows-ix86+x86_64 0.6.0 5.00 25.00 30.00 OK
r-release-osx-x86_64 0.6.0 OK
r-oldrel-windows-ix86+x86_64 0.6.0 4.00 24.00 28.00 OK
r-oldrel-osx-x86_64 0.6.0 OK

Check Details

Version: 0.6.0
Check: compiled code
Result: NOTE
    File ‘pbivnorm/libs/pbivnorm.so’:
     Found no calls to: ‘R_registerRoutines’, ‘R_useDynamicSymbols’
    
    It is good practice to register native routines and to disable symbol
    search.
    
    See ‘Writing portable packages’ in the ‘Writing R Extensions’ manual.
Flavors: r-devel-linux-x86_64-debian-clang, r-devel-linux-x86_64-debian-gcc, r-devel-linux-x86_64-fedora-clang, r-devel-linux-x86_64-fedora-gcc, r-patched-linux-x86_64, r-release-linux-x86_64