CRAN Package Check Results for Package pbivnorm

Last updated on 2017-11-25 11:55:38 CET.

Flavor Version Tinstall Tcheck Ttotal Status Flags
r-devel-linux-x86_64-debian-clang 0.6.0 1.35 27.20 28.55 NOTE
r-devel-linux-x86_64-debian-gcc 0.6.0 1.50 25.20 26.71 NOTE
r-devel-linux-x86_64-fedora-clang 0.6.0 16.57 NOTE
r-devel-linux-x86_64-fedora-gcc 0.6.0 15.55 NOTE
r-devel-windows-ix86+x86_64 0.6.0 12.00 28.00 40.00 OK
r-patched-linux-x86_64 0.6.0 1.24 30.30 31.54 NOTE
r-patched-solaris-x86 0.6.0 26.60 OK
r-release-linux-x86_64 0.6.0 1.38 31.84 33.22 NOTE
r-release-windows-ix86+x86_64 0.6.0 5.00 25.00 30.00 OK
r-release-osx-x86_64 0.6.0 OK
r-oldrel-windows-ix86+x86_64 0.6.0 4.00 24.00 28.00 OK
r-oldrel-osx-x86_64 0.6.0 OK

Check Details

Version: 0.6.0
Check: compiled code
Result: NOTE
    File ‘pbivnorm/libs/pbivnorm.so’:
     Found no calls to: ‘R_registerRoutines’, ‘R_useDynamicSymbols’
    
    It is good practice to register native routines and to disable symbol
    search.
    
    See ‘Writing portable packages’ in the ‘Writing R Extensions’ manual.
Flavors: r-devel-linux-x86_64-debian-clang, r-devel-linux-x86_64-debian-gcc, r-devel-linux-x86_64-fedora-clang, r-devel-linux-x86_64-fedora-gcc, r-patched-linux-x86_64, r-release-linux-x86_64