CRAN Package Check Results for Package pbivnorm

Last updated on 2017-07-25 03:49:33.

Flavor Version Tinstall Tcheck Ttotal Status Flags
r-devel-linux-x86_64-debian-clang 0.6.0 1.20 16.05 17.25 NOTE
r-devel-linux-x86_64-debian-gcc 0.6.0 1.13 15.58 16.71 NOTE
r-devel-linux-x86_64-fedora-clang 0.6.0 18.55 NOTE
r-devel-linux-x86_64-fedora-gcc 0.6.0 16.47 NOTE
r-devel-windows-ix86+x86_64 0.6.0 12.00 29.00 41.00 OK
r-patched-linux-x86_64 0.6.0 0.99 16.14 17.13 NOTE
r-patched-solaris-x86 0.6.0 25.90 OK
r-release-linux-x86_64 0.6.0 0.98 15.52 16.51 NOTE
r-release-windows-ix86+x86_64 0.6.0 6.00 24.00 30.00 OK
r-release-osx-x86_64 0.6.0 OK
r-oldrel-windows-ix86+x86_64 0.6.0 4.00 24.00 28.00 OK
r-oldrel-osx-x86_64 0.6.0 OK

Check Details

Version: 0.6.0
Check: compiled code
Result: NOTE
    File ‘pbivnorm/libs/pbivnorm.so’:
     Found no calls to: ‘R_registerRoutines’, ‘R_useDynamicSymbols’
    
    It is good practice to register native routines and to disable symbol
    search.
    
    See ‘Writing portable packages’ in the ‘Writing R Extensions’ manual.
Flavors: r-devel-linux-x86_64-debian-clang, r-devel-linux-x86_64-debian-gcc, r-devel-linux-x86_64-fedora-clang, r-devel-linux-x86_64-fedora-gcc, r-patched-linux-x86_64, r-release-linux-x86_64