CRAN Package Check Results for Package pbivnorm

Last updated on 2017-03-23 23:50:59.

Flavor Version Tinstall Tcheck Ttotal Status Flags
r-devel-linux-x86_64-debian-clang 0.6.0 1.11 9.73 10.83 NOTE
r-devel-linux-x86_64-debian-gcc 0.6.0 0.98 9.67 10.65 NOTE
r-devel-linux-x86_64-fedora-clang 0.6.0 17.49 NOTE --no-stop-on-test-error
r-devel-linux-x86_64-fedora-gcc 0.6.0 16.65 NOTE --no-stop-on-test-error
r-devel-macos-x86_64-clang 0.6.0 15.61 NOTE --no-stop-on-test-error
r-devel-windows-ix86+x86_64 0.6.0 7.00 29.00 36.00 OK
r-patched-linux-x86_64 0.6.0 1.01 8.37 9.38 OK
r-patched-solaris-sparc 0.6.0 104.00 OK
r-patched-solaris-x86 0.6.0 24.90 OK
r-release-linux-x86_64 0.6.0 0.92 7.97 8.89 OK
r-release-osx-x86_64-mavericks 0.6.0 OK
r-release-windows-ix86+x86_64 0.6.0 4.00 24.00 28.00 OK
r-oldrel-windows-ix86+x86_64 0.6.0 4.00 24.00 28.00 OK

Check Details

Version: 0.6.0
Check: compiled code
Result: NOTE
    File ‘pbivnorm/libs/pbivnorm.so’:
     Found no calls to: ‘R_registerRoutines’, ‘R_useDynamicSymbols’
    
    It is good practice to register native routines and to disable symbol
    search.
    
    See ‘Writing portable packages’ in the ‘Writing R Extensions’ manual.
Flavors: r-devel-linux-x86_64-debian-clang, r-devel-linux-x86_64-debian-gcc

Version: 0.6.0
Flags: --no-stop-on-test-error
Check: compiled code
Result: NOTE
    File ‘pbivnorm/libs/pbivnorm.so’:
     Found no calls to: ‘R_registerRoutines’, ‘R_useDynamicSymbols’
    
    It is good practice to register native routines and to disable symbol
    search.
    
    See ‘Writing portable packages’ in the ‘Writing R Extensions’ manual.
Flavors: r-devel-linux-x86_64-fedora-clang, r-devel-linux-x86_64-fedora-gcc, r-devel-macos-x86_64-clang