CRAN Package Check Results for Package pbkrtest

Last updated on 2019-04-19 10:47:37 CEST.

Flavor Version Tinstall Tcheck Ttotal Status Flags
r-devel-linux-x86_64-debian-clang 0.4-7 9.34 129.60 138.94 OK
r-devel-linux-x86_64-debian-gcc 0.4-7 8.35 98.95 107.30 OK
r-devel-linux-x86_64-fedora-clang 0.4-7 161.47 OK
r-devel-linux-x86_64-fedora-gcc 0.4-7 157.80 OK
r-devel-windows-ix86+x86_64 0.4-7 26.00 175.00 201.00 OK
r-patched-linux-x86_64 0.4-7 6.90 127.19 134.09 OK
r-patched-solaris-x86 0.4-7 218.40 OK
r-release-linux-x86_64 0.4-7 6.61 127.03 133.64 OK
r-release-windows-ix86+x86_64 0.4-7 12.00 175.00 187.00 OK
r-release-osx-x86_64 0.4-7 OK
r-oldrel-windows-ix86+x86_64 0.4-7 15.00 180.00 195.00 OK
r-oldrel-osx-x86_64 0.4-7 NOTE

Check Details

Version: 0.4-7
Check: re-building of vignette outputs
Result: NOTE
    Error in re-building vignettes:
     ...
    Loading required package: pbkrtest
    Loading required package: lme4
    Loading required package: Matrix
    refitting model(s) with ML (instead of REML)
    refitting model(s) with ML (instead of REML)
     [[ suppressing 10 column names '1', '2', '3' ... ]]
     [[ suppressing 10 column names '1', '2', '3' ... ]]
    Error in texi2dvi(file = file, pdf = TRUE, clean = clean, quiet = quiet, :
     Running 'texi2dvi' on 'pbkrtest-introduction.tex' failed.
    LaTeX errors:
    ! LaTeX Error: File `boxedminipage.sty' not found.
    
    Type X to quit or <RETURN> to proceed,
    or enter new name. (Default extension: sty)
    
    ! Emergency stop.
    <read *>
    
    l.10 \usepackage
     [noae]{Sweave}^^M
    ! ==> Fatal error occurred, no output PDF file produced!
    Calls: buildVignettes -> texi2pdf -> texi2dvi
    Execution halted
Flavor: r-oldrel-osx-x86_64