CRAN Package Check Results for Package pca3d

Last updated on 2015-09-02 23:47:03.

Flavor Version Tinstall Tcheck Ttotal Status Flags
r-devel-linux-x86_64-debian-clang 0.8 0.66 13.37 14.03 OK
r-devel-linux-x86_64-debian-gcc 0.8 0.63 13.03 13.66 OK
r-devel-linux-x86_64-fedora-clang 0.8 26.11 OK
r-devel-linux-x86_64-fedora-gcc 0.8 24.62 OK
r-devel-osx-x86_64-clang 0.8 25.13 OK
r-devel-windows-ix86+x86_64 0.8 4.00 42.00 46.00 OK
r-patched-linux-x86_64 0.8 0.62 14.00 14.62 OK
r-patched-solaris-sparc 0.8 163.20 OK
r-patched-solaris-x86 0.8 48.40 OK
r-release-linux-x86_64 0.8 0.66 13.80 14.47 OK
r-release-osx-x86_64-mavericks 0.8 ERROR
r-release-windows-ix86+x86_64 0.8 4.00 40.00 44.00 OK
r-oldrel-windows-ix86+x86_64 0.8 5.00 40.00 45.00 OK

Check Details

Version: 0.8
Check: examples
Result: ERROR
    Running examples in ‘pca3d-Ex.R’ failed
    The error most likely occurred in:
    
    > ### Name: pca2d
    > ### Title: Show a three- or two-dimensional plot of a prcomp object
    > ### Aliases: pca2d pca3d pca3d-package
    > ### Keywords: PCA biplot prcomp princomp
    >
    > ### ** Examples
    >
    > data( metabo )
    > pca <- prcomp( metabo[,-1], scale.= TRUE )
    >
    > pca3d( pca, group= metabo[,1] )
    [1] 0.3439618 0.4500414 0.2818377
    Creating new device
    Error in rgl.open() : rgl.open failed
    Calls: pca3d -> .pca_plot_init3d -> .rgl.window.init -> rgl.open
    Execution halted
Flavor: r-release-osx-x86_64-mavericks