CRAN Package Check Results for Package pca3d

Last updated on 2015-01-25 09:51:34.

Flavor Version Tinstall Tcheck Ttotal Status Flags
r-devel-linux-x86_64-debian-clang 0.3 0.70 15.48 16.18 OK
r-devel-linux-x86_64-debian-gcc 0.3 0.64 14.07 14.71 OK
r-devel-linux-x86_64-fedora-clang 0.3 31.76 OK
r-devel-linux-x86_64-fedora-gcc 0.3 29.67 OK
r-devel-osx-x86_64-clang 0.3 30.95 OK
r-devel-windows-ix86+x86_64 0.3 3.00 23.00 26.00 OK
r-patched-linux-x86_64 0.3 0.90 14.30 15.21 OK
r-patched-solaris-sparc 0.3 165.30 OK
r-patched-solaris-x86 0.3 42.40 OK
r-release-linux-ix86 0.3 1.06 21.87 22.93 OK
r-release-linux-x86_64 0.3 0.68 14.40 15.08 OK
r-release-osx-x86_64-mavericks 0.3 OK
r-release-osx-x86_64-snowleopard 0.3 ERROR
r-release-windows-ix86+x86_64 0.3 3.00 24.00 27.00 OK
r-oldrel-windows-ix86+x86_64 0.3 3.00 26.00 29.00 OK

Check Details

Version: 0.3
Check: examples
Result: ERROR
    Running examples in ‘pca3d-Ex.R’ failed
    The error most likely occurred in:
    
    > ### Name: pca3d-package
    > ### Title: Show a three- or two-dimensional plot of a prcomp object
    > ### Aliases: pca3d pca2d pca3d-package
    > ### Keywords: ~PCA ~princomp ~biplot ~prcomp
    >
    > ### ** Examples
    >
    >
    > data( metabo )
    > pca <- prcomp( metabo[,-1], scale.= TRUE )
    >
    > pca3d( pca, group= metabo[,1] )
    
    Legend:
    ----------------------------------------
     group: color, shape
    ----------------------------------------
     NEG: red, tetrahaedron
     POS: green3, cube
     TB: blue, sphere
    
    Creating new device
    Sat Jan 24 12:16:49 hagal.research.att.com R[99946] <Error>: unknown error code: invalid pixel format
    Sat Jan 24 12:16:49 hagal.research.att.com R[99946] <Error>: kCGErrorFailure: Set a breakpoint @ CGErrorBreakpoint() to catch errors as they are logged.
    X Error of failed request: GLXBadContext
     Major opcode of failed request: 0 ()
     Serial number of failed request: 27
     Current serial number in output stream: 27
Flavor: r-release-osx-x86_64-snowleopard