CRAN Package Check Results for Package pca3d

Last updated on 2015-03-03 14:47:30.

Flavor Version Tinstall Tcheck Ttotal Status Flags
r-devel-linux-x86_64-debian-clang 0.3 0.67 13.55 14.22 NOTE
r-devel-linux-x86_64-debian-gcc 0.3 0.60 13.04 13.64 NOTE
r-devel-linux-x86_64-fedora-clang 0.3 27.13 NOTE
r-devel-linux-x86_64-fedora-gcc 0.3 25.54 NOTE
r-devel-osx-x86_64-clang 0.3 28.80 NOTE
r-devel-windows-ix86+x86_64 0.3 5.00 26.00 31.00 NOTE
r-patched-linux-x86_64 0.3 0.68 14.49 15.18 OK
r-patched-solaris-sparc 0.3 192.90 OK
r-patched-solaris-x86 0.3 43.40 OK
r-release-linux-ix86 0.3 1.07 24.36 25.44 OK
r-release-linux-x86_64 0.3 0.68 14.66 15.35 OK
r-release-osx-x86_64-mavericks 0.3 OK
r-release-osx-x86_64-snowleopard 0.3 ERROR
r-release-windows-ix86+x86_64 0.3 6.00 27.00 33.00 OK
r-oldrel-windows-ix86+x86_64 0.3 3.00 24.00 27.00 OK

Check Details

Version: 0.3
Check: DESCRIPTION meta-information
Result: NOTE
    Malformed Description field: should contain one or more complete sentences.
Flavors: r-devel-linux-x86_64-debian-clang, r-devel-linux-x86_64-debian-gcc, r-devel-linux-x86_64-fedora-clang, r-devel-linux-x86_64-fedora-gcc, r-devel-osx-x86_64-clang, r-devel-windows-ix86+x86_64

Version: 0.3
Check: examples
Result: ERROR
    Running examples in ‘pca3d-Ex.R’ failed
    The error most likely occurred in:
    
    > ### Name: pca3d-package
    > ### Title: Show a three- or two-dimensional plot of a prcomp object
    > ### Aliases: pca3d pca2d pca3d-package
    > ### Keywords: ~PCA ~princomp ~biplot ~prcomp
    >
    > ### ** Examples
    >
    >
    > data( metabo )
    > pca <- prcomp( metabo[,-1], scale.= TRUE )
    >
    > pca3d( pca, group= metabo[,1] )
    
    Legend:
    ----------------------------------------
     group: color, shape
    ----------------------------------------
     NEG: red, tetrahaedron
     POS: green3, cube
     TB: blue, sphere
    
    Creating new device
    Mon Mar 2 12:17:44 hagal.research.att.com R[64929] <Error>: unknown error code: invalid pixel format
    Mon Mar 2 12:17:44 hagal.research.att.com R[64929] <Error>: kCGErrorFailure: Set a breakpoint @ CGErrorBreakpoint() to catch errors as they are logged.
    X Error of failed request: GLXBadContext
     Major opcode of failed request: 0 ()
     Serial number of failed request: 27
     Current serial number in output stream: 27
Flavor: r-release-osx-x86_64-snowleopard