CRAN Package Check Results for Package pca3d

Last updated on 2014-04-16 11:47:23.

Flavor Version Tinstall Tcheck Ttotal Status Flags
r-devel-linux-x86_64-debian-clang 0.2 0.80 14.37 15.17 NOTE
r-devel-linux-x86_64-debian-gcc 0.2 0.70 14.39 15.09 NOTE
r-devel-linux-x86_64-fedora-clang 0.2 29.31 NOTE
r-devel-linux-x86_64-fedora-gcc 0.2 28.06 NOTE
r-devel-macosx-x86_64-clang 0.2 28.80 NOTE
r-devel-macosx-x86_64-gcc 0.2 NOTE
r-devel-windows-ix86+x86_64 0.2 3.00 22.00 25.00 NOTE
r-patched-linux-x86_64 0.2 0.70 14.28 14.99 NOTE
r-patched-solaris-sparc 0.2 155.40 NOTE
r-patched-solaris-x86 0.2 39.20 NOTE
r-release-linux-ix86 0.2 2.00 30.00 32.00 NOTE
r-release-linux-x86_64 0.2 0.78 14.80 15.58 NOTE
r-release-macosx-x86_64 0.2 NOTE
r-release-windows-ix86+x86_64 0.2 2.00 22.00 24.00 NOTE
r-oldrel-windows-ix86+x86_64 0.2 3.00 24.00 27.00 NOTE

Check Details

Version: 0.2
Check: dependencies in R code
Result: NOTE
    Package in Depends field not imported from: ‘rgl’
     These packages need to be imported from (in the NAMESPACE file)
     for when this namespace is loaded but not attached.
    See the information on DESCRIPTION files in the chapter ‘Creating R
    packages’ of the ‘Writing R Extensions’ manual.
Flavors: r-devel-linux-x86_64-debian-clang, r-devel-linux-x86_64-debian-gcc, r-devel-linux-x86_64-fedora-clang, r-devel-linux-x86_64-fedora-gcc, r-devel-macosx-x86_64-clang, r-devel-macosx-x86_64-gcc, r-devel-windows-ix86+x86_64, r-patched-linux-x86_64, r-patched-solaris-sparc, r-patched-solaris-x86, r-release-linux-ix86, r-release-linux-x86_64, r-release-windows-ix86+x86_64, r-oldrel-windows-ix86+x86_64

Version: 0.2
Check: dependencies in R code
Result: NOTE
    Package in Depends field not imported from: ‘rgl’
     These packages need to be imported from for the case when
     this namespace is loaded but not attached.
    See the information on DESCRIPTION files in the chapter ‘Creating R
    packages’ of the ‘Writing R Extensions’ manual.
Flavor: r-release-macosx-x86_64