CRAN Package Check Results for Package pca3d

Last updated on 2015-04-27 11:48:46.

Flavor Version Tinstall Tcheck Ttotal Status Flags
r-devel-linux-x86_64-debian-clang 0.3 0.65 13.14 13.79 NOTE
r-devel-linux-x86_64-debian-gcc 0.3 0.59 13.29 13.88 NOTE
r-devel-linux-x86_64-fedora-clang 0.3 27.65 NOTE
r-devel-linux-x86_64-fedora-gcc 0.3 25.30 NOTE
r-devel-osx-x86_64-clang 0.3 28.03 NOTE
r-devel-windows-ix86+x86_64 0.3 3.00 21.00 24.00 NOTE
r-patched-linux-x86_64 0.3 0.60 13.02 13.62 NOTE
r-patched-solaris-sparc 0.3 167.40 NOTE
r-patched-solaris-x86 0.3 41.20 NOTE
r-release-linux-x86_64 0.3 0.60 12.81 13.41 NOTE
r-release-osx-x86_64-mavericks 0.3 NOTE
r-release-osx-x86_64-snowleopard 0.3 ERROR
r-release-windows-ix86+x86_64 0.3 3.00 28.00 31.00 NOTE
r-oldrel-windows-ix86+x86_64 0.3 3.00 25.00 28.00 OK

Check Details

Version: 0.3
Check: DESCRIPTION meta-information
Result: NOTE
    Malformed Description field: should contain one or more complete sentences.
Flavors: r-devel-linux-x86_64-debian-clang, r-devel-linux-x86_64-debian-gcc, r-devel-linux-x86_64-fedora-clang, r-devel-linux-x86_64-fedora-gcc, r-devel-osx-x86_64-clang, r-devel-windows-ix86+x86_64, r-patched-solaris-sparc, r-patched-solaris-x86, r-release-linux-x86_64, r-release-osx-x86_64-mavericks, r-release-osx-x86_64-snowleopard, r-release-windows-ix86+x86_64

Version: 0.3
Check: examples
Result: ERROR
    Running examples in ‘pca3d-Ex.R’ failed
    The error most likely occurred in:
    
    > ### Name: pca3d-package
    > ### Title: Show a three- or two-dimensional plot of a prcomp object
    > ### Aliases: pca3d pca2d pca3d-package
    > ### Keywords: ~PCA ~princomp ~biplot ~prcomp
    >
    > ### ** Examples
    >
    >
    > data( metabo )
    > pca <- prcomp( metabo[,-1], scale.= TRUE )
    >
    > pca3d( pca, group= metabo[,1] )
    
    Legend:
    ----------------------------------------
     group: color, shape
    ----------------------------------------
     NEG: red, tetrahaedron
     POS: green3, cube
     TB: blue, sphere
    
    Creating new device
    Sun Apr 26 10:22:43 hagal.research.att.com R[35025] <Error>: unknown error code: invalid pixel format
    Sun Apr 26 10:22:43 hagal.research.att.com R[35025] <Error>: kCGErrorFailure: Set a breakpoint @ CGErrorBreakpoint() to catch errors as they are logged.
    X Error of failed request: GLXBadContext
     Major opcode of failed request: 0 ()
     Serial number of failed request: 27
     Current serial number in output stream: 27
Flavor: r-release-osx-x86_64-snowleopard