CRAN Package Check Results for Package pca3d

Last updated on 2014-09-30 23:47:48.

Flavor Version Tinstall Tcheck Ttotal Status Flags
r-devel-linux-x86_64-debian-clang 0.2 0.68 14.50 15.18 NOTE
r-devel-linux-x86_64-debian-gcc 0.2 0.66 14.23 14.89 NOTE
r-devel-linux-x86_64-fedora-clang 0.2 29.45 NOTE
r-devel-linux-x86_64-fedora-gcc 0.2 27.56 NOTE
r-devel-osx-x86_64-clang 0.2 28.38 NOTE
r-devel-windows-ix86+x86_64 0.2 3.00 25.00 28.00 NOTE
r-patched-linux-x86_64 0.2 0.70 15.06 15.76 NOTE
r-patched-solaris-sparc 0.2 157.00 NOTE
r-patched-solaris-x86 0.2 43.40 NOTE
r-release-linux-ix86 0.2 1.08 21.74 22.82 NOTE
r-release-linux-x86_64 0.2 0.67 15.07 15.74 NOTE
r-release-osx-x86_64-mavericks 0.2 NOTE
r-release-osx-x86_64-snowleopard 0.2 NOTE
r-release-windows-ix86+x86_64 0.2 3.00 23.00 26.00 NOTE
r-oldrel-windows-ix86+x86_64 0.2 3.00 23.00 26.00 NOTE

Check Details

Version: 0.2
Check: dependencies in R code
Result: NOTE
    Package in Depends field not imported from: ‘rgl’
     These packages need to be imported from (in the NAMESPACE file)
     for when this namespace is loaded but not attached.
    See the information on DESCRIPTION files in the chapter ‘Creating R
    packages’ of the ‘Writing R Extensions’ manual.
Flavors: r-devel-linux-x86_64-debian-clang, r-devel-linux-x86_64-debian-gcc, r-devel-linux-x86_64-fedora-clang, r-devel-linux-x86_64-fedora-gcc, r-devel-osx-x86_64-clang, r-devel-windows-ix86+x86_64, r-patched-linux-x86_64, r-patched-solaris-sparc, r-patched-solaris-x86, r-release-linux-ix86, r-release-linux-x86_64, r-release-osx-x86_64-mavericks, r-release-windows-ix86+x86_64, r-oldrel-windows-ix86+x86_64

Version: 0.2
Check: R code for possible problems
Result: NOTE
    .biplot.3D: no visible global function definition for ‘texts3d’
    .centroids.3D: no visible global function definition for ‘segments3d’
    .circlexz: no visible global function definition for ‘triangles3d’
    .draw.shadows: no visible global function definition for ‘segments3d’
    .getcone: no visible global function definition for ‘scale3d’
    .group.labels: no visible global function definition for ‘texts3d’
    .myspheres3d: no visible global function definition for ‘spheres3d’
    .show.axe.titles: no visible global function definition for ‘texts3d’
    .show.axe.titles: no visible global function definition for ‘axis3d’
    .show.axes: no visible global function definition for ‘segments3d’
    .show.plane: no visible global function definition for ‘quads3d’
    .squarexz: no visible global function definition for ‘triangles3d’
    .trianglexz: no visible global function definition for ‘triangles3d’
    arrows3d: no visible global function definition for ‘segments3d’
    cone3d: no visible global function definition for ‘translate3d’
    cone3d: no visible global function definition for ‘rotate3d’
    cone3d: no visible global function definition for ‘triangles3d’
    cubes3d: no visible global function definition for ‘triangles3d’
    obsolete_cone3d: no visible global function definition for ‘par3d’
    obsolete_cone3d: no visible global function definition for ‘rgl.cur’
    obsolete_cone3d: no visible global function definition for
     ‘triangles3d’
    obsolete_cone3d: no visible global function definition for ‘rotate3d’
    obsolete_cone3d: no visible global function definition for ‘qmesh3d’
    pca3d : pca_plot_init: no visible global function definition for
     ‘rgl.cur’
    pca3d : pca_plot_init: no visible global function definition for
     ‘rgl.open’
    pca3d : pca_plot_init: no visible global function definition for
     ‘par3d’
    pca3d : pca_plot_init: no visible global function definition for
     ‘rgl.viewpoint’
    pca3d : pca_plot_init: no visible global function definition for ‘bg3d’
    pca3d : pca_plot_init: no visible global function definition for
     ‘rgl.pop’
    pca3d : pca_plot_init: no visible global function definition for
     ‘light3d’
    pca3d : pca_plot_init: no visible global function definition for
     ‘rgl.clear’
    pca3d : pca_plot_init: no visible global function definition for
     ‘axis3d’
    pca3d : pca_plot_finish: no visible global function definition for
     ‘aspect3d’
    pca3d : pca_plot_finish: no visible global function definition for
     ‘par3d’
    pca3d : pca_plot_finish: no visible global function definition for
     ‘rgl.bringtotop’
    pca3d: no visible global function definition for ‘texts3d’
    tetrahaedrons3d: no visible global function definition for
     ‘triangles3d’
Flavors: r-devel-linux-x86_64-debian-clang, r-devel-linux-x86_64-debian-gcc, r-devel-linux-x86_64-fedora-clang, r-devel-linux-x86_64-fedora-gcc, r-devel-osx-x86_64-clang, r-devel-windows-ix86+x86_64

Version: 0.2
Check: dependencies in R code
Result: NOTE
    Package in Depends field not imported from: ‘rgl’
     These packages need to be imported from for the case when
     this namespace is loaded but not attached.
    See the information on DESCRIPTION files in the chapter ‘Creating R
    packages’ of the ‘Writing R Extensions’ manual.
Flavor: r-release-osx-x86_64-snowleopard