CRAN Package Check Results for Package pca3d

Last updated on 2014-11-24 23:47:11.

Flavor Version Tinstall Tcheck Ttotal Status Flags
r-devel-linux-x86_64-debian-clang 0.3 0.69 14.26 14.94 OK
r-devel-linux-x86_64-debian-gcc 0.3 0.65 13.96 14.61 OK
r-devel-linux-x86_64-fedora-clang 0.3 30.67 OK
r-devel-linux-x86_64-fedora-gcc 0.3 28.26 OK
r-devel-osx-x86_64-clang 0.3 29.25 OK
r-devel-windows-ix86+x86_64 0.3 3.00 21.00 24.00 OK
r-patched-linux-x86_64 0.3 0.68 15.42 16.10 OK
r-patched-solaris-sparc 0.3 162.10 OK
r-patched-solaris-x86 0.3 41.50 OK
r-release-linux-ix86 0.3 1.05 21.51 22.56 OK
r-release-linux-x86_64 0.3 0.72 14.44 15.16 OK
r-release-osx-x86_64-mavericks 0.3 OK
r-release-osx-x86_64-snowleopard 0.3 ERROR
r-release-windows-ix86+x86_64 0.3 3.00 25.00 28.00 OK
r-oldrel-windows-ix86+x86_64 0.3 3.00 24.00 27.00 OK

Check Details

Version: 0.3
Check: examples
Result: ERROR
    Running examples in ‘pca3d-Ex.R’ failed
    The error most likely occurred in:
    
    > ### Name: pca3d-package
    > ### Title: Show a three- or two-dimensional plot of a prcomp object
    > ### Aliases: pca3d pca2d pca3d-package
    > ### Keywords: ~PCA ~princomp ~biplot ~prcomp
    >
    > ### ** Examples
    >
    >
    > data( metabo )
    > pca <- prcomp( metabo[,-1], scale.= TRUE )
    >
    > pca3d( pca, group= metabo[,1] )
    
    Legend:
    ----------------------------------------
     group: color, shape
    ----------------------------------------
     NEG: red, tetrahaedron
     POS: green3, cube
     TB: blue, sphere
    
    Creating new device
    Mon Nov 24 11:49:11 hagal.research.att.com R[75274] <Error>: unknown error code: invalid pixel format
    Mon Nov 24 11:49:11 hagal.research.att.com R[75274] <Error>: kCGErrorFailure: Set a breakpoint @ CGErrorBreakpoint() to catch errors as they are logged.
    X Error of failed request: GLXBadContext
     Major opcode of failed request: 0 ()
     Serial number of failed request: 27
     Current serial number in output stream: 27
Flavor: r-release-osx-x86_64-snowleopard