CRAN Package Check Results for Package pca3d

Last updated on 2014-12-22 12:49:52.

Flavor Version Tinstall Tcheck Ttotal Status Flags
r-devel-linux-x86_64-debian-clang 0.3 0.67 14.42 15.09 OK
r-devel-linux-x86_64-debian-gcc 0.3 0.64 14.60 15.25 OK
r-devel-linux-x86_64-fedora-clang 0.3 30.35 OK
r-devel-linux-x86_64-fedora-gcc 0.3 29.24 OK
r-devel-osx-x86_64-clang 0.3 29.52 OK
r-devel-windows-ix86+x86_64 0.3 3.00 20.00 23.00 OK
r-patched-linux-x86_64 0.3 0.69 14.27 14.96 OK
r-patched-solaris-sparc 0.3 164.70 OK
r-patched-solaris-x86 0.3 46.90 OK
r-release-linux-ix86 0.3 1.07 21.39 22.46 OK
r-release-linux-x86_64 0.3 0.69 14.54 15.22 OK
r-release-osx-x86_64-mavericks 0.3 OK
r-release-osx-x86_64-snowleopard 0.3 ERROR
r-release-windows-ix86+x86_64 0.3 3.00 26.00 29.00 OK
r-oldrel-windows-ix86+x86_64 0.3 3.00 23.00 26.00 OK

Check Details

Version: 0.3
Check: examples
Result: ERROR
    Running examples in ‘pca3d-Ex.R’ failed
    The error most likely occurred in:
    
    > ### Name: pca3d-package
    > ### Title: Show a three- or two-dimensional plot of a prcomp object
    > ### Aliases: pca3d pca2d pca3d-package
    > ### Keywords: ~PCA ~princomp ~biplot ~prcomp
    >
    > ### ** Examples
    >
    >
    > data( metabo )
    > pca <- prcomp( metabo[,-1], scale.= TRUE )
    >
    > pca3d( pca, group= metabo[,1] )
    
    Legend:
    ----------------------------------------
     group: color, shape
    ----------------------------------------
     NEG: red, tetrahaedron
     POS: green3, cube
     TB: blue, sphere
    
    Creating new device
    Sun Dec 21 11:34:13 hagal.research.att.com R[94581] <Error>: unknown error code: invalid pixel format
    Sun Dec 21 11:34:13 hagal.research.att.com R[94581] <Error>: kCGErrorFailure: Set a breakpoint @ CGErrorBreakpoint() to catch errors as they are logged.
    X Error of failed request: GLXBadContext
     Major opcode of failed request: 0 ()
     Serial number of failed request: 27
     Current serial number in output stream: 27
Flavor: r-release-osx-x86_64-snowleopard