CRAN Package Check Results for Package pca3d

Last updated on 2015-07-04 08:50:31.

Flavor Version Tinstall Tcheck Ttotal Status Flags
r-devel-linux-x86_64-debian-clang 0.8 0.66 13.42 14.07 OK
r-devel-linux-x86_64-debian-gcc 0.8 0.60 13.04 13.63 OK
r-devel-linux-x86_64-fedora-clang 0.8 25.78 OK
r-devel-linux-x86_64-fedora-gcc 0.8 24.91 OK
r-devel-osx-x86_64-clang 0.8 26.16 OK
r-devel-windows-ix86+x86_64 0.8 4.00 23.00 27.00 OK
r-patched-linux-x86_64 0.8 0.63 13.58 14.21 OK
r-patched-solaris-sparc 0.8 165.40 OK
r-patched-solaris-x86 0.8 46.60 OK
r-release-linux-x86_64 0.8 0.62 13.31 13.93 OK
r-release-osx-x86_64-mavericks 0.8 ERROR
r-release-windows-ix86+x86_64 0.8 4.00 31.00 35.00 OK
r-oldrel-windows-ix86+x86_64 0.8 3.00 41.00 44.00 OK

Check Details

Version: 0.8
Check: examples
Result: ERROR
    Running examples in ‘pca3d-Ex.R’ failed
    The error most likely occurred in:
    
    > ### Name: pca2d
    > ### Title: Show a three- or two-dimensional plot of a prcomp object
    > ### Aliases: pca2d pca3d pca3d-package
    > ### Keywords: PCA biplot prcomp princomp
    >
    > ### ** Examples
    >
    > data( metabo )
    > pca <- prcomp( metabo[,-1], scale.= TRUE )
    >
    > pca3d( pca, group= metabo[,1] )
    [1] 0.3439618 0.4500414 0.2818377
    Creating new device
    Error in rgl.open() : rgl.open failed
    Calls: pca3d -> .pca_plot_init3d -> .rgl.window.init -> rgl.open
    Execution halted
Flavor: r-release-osx-x86_64-mavericks