CRAN Package Check Results for Package pca3d

Last updated on 2016-12-08 18:47:13.

Flavor Version Tinstall Tcheck Ttotal Status Flags
r-devel-linux-x86_64-debian-clang 0.8 1.18 22.00 23.18 WARN
r-devel-linux-x86_64-debian-gcc 0.8 1.19 21.87 23.06 WARN
r-devel-linux-x86_64-fedora-clang 0.8 42.67 WARN --no-stop-on-test-error
r-devel-linux-x86_64-fedora-gcc 0.8 40.29 WARN --no-stop-on-test-error
r-devel-macos-x86_64-clang 0.8 34.24 WARN
r-devel-windows-ix86+x86_64 0.8 6.00 60.00 66.00 WARN
r-patched-linux-x86_64 0.8 1.09 19.00 20.09 OK
r-patched-solaris-sparc 0.8 144.00 OK
r-patched-solaris-x86 0.8 46.10 OK
r-release-linux-x86_64 0.8 1.14 19.16 20.30 OK
r-release-osx-x86_64-mavericks 0.8 WARN
r-release-windows-ix86+x86_64 0.8 4.00 59.00 63.00 OK
r-oldrel-windows-ix86+x86_64 0.8 7.00 40.00 47.00 OK

Check Details

Version: 0.8
Check: files in ‘vignettes’
Result: WARN
    Files in the 'vignettes' directory but no files in 'inst/doc':
     ‘CanvasMatrix.js’, ‘bibliography.bib’, ‘ellipses.png’, ‘fancy.png’,
     ‘first_plot.png’, ‘pca3d.pdf’, ‘pca3d.rmd’
    Package has no Sweave vignette sources and no VignetteBuilder field.
Flavors: r-devel-linux-x86_64-debian-clang, r-devel-linux-x86_64-debian-gcc, r-devel-macos-x86_64-clang, r-devel-windows-ix86+x86_64

Version: 0.8
Flags: --no-stop-on-test-error
Check: files in ‘vignettes’
Result: WARN
    Files in the 'vignettes' directory but no files in 'inst/doc':
     ‘CanvasMatrix.js’, ‘bibliography.bib’, ‘ellipses.png’, ‘fancy.png’,
     ‘first_plot.png’, ‘pca3d.pdf’, ‘pca3d.rmd’
    Package has no Sweave vignette sources and no VignetteBuilder field.
Flavors: r-devel-linux-x86_64-fedora-clang, r-devel-linux-x86_64-fedora-gcc

Version: 0.8
Check: whether package can be installed
Result: WARN
    Found the following significant warnings:
     Warning: 'rgl_init' failed, running with rgl.useNULL = TRUE
Flavor: r-release-osx-x86_64-mavericks

Version: 0.8
Check: dependencies in R code
Result: NOTE
    Invalid MIT-MAGIC-COOKIE-1 key
Flavor: r-release-osx-x86_64-mavericks

Version: 0.8
Check: S3 generic/method consistency
Result: WARN
    Invalid MIT-MAGIC-COOKIE-1 key
    See section ‘Generic functions and methods’ in the ‘Writing R
    Extensions’ manual.
Flavor: r-release-osx-x86_64-mavericks

Version: 0.8
Check: replacement functions
Result: WARN
    Invalid MIT-MAGIC-COOKIE-1 key
    The argument of a replacement function which corresponds to the right
    hand side must be named ‘value’.
Flavor: r-release-osx-x86_64-mavericks

Version: 0.8
Check: foreign function calls
Result: NOTE
    Invalid MIT-MAGIC-COOKIE-1 key
    See chapter ‘System and foreign language interfaces’ in the ‘Writing R
    Extensions’ manual.
Flavor: r-release-osx-x86_64-mavericks

Version: 0.8
Check: R code for possible problems
Result: NOTE
    Invalid MIT-MAGIC-COOKIE-1 key
Flavor: r-release-osx-x86_64-mavericks

Version: 0.8
Check: for missing documentation entries
Result: WARN
    Invalid MIT-MAGIC-COOKIE-1 key
    All user-level objects in a package should have documentation entries.
    See chapter ‘Writing R documentation files’ in the ‘Writing R
    Extensions’ manual.
Flavor: r-release-osx-x86_64-mavericks

Version: 0.8
Check: for code/documentation mismatches
Result: WARN
    Invalid MIT-MAGIC-COOKIE-1 key
    Invalid MIT-MAGIC-COOKIE-1 key
    Invalid MIT-MAGIC-COOKIE-1 key
Flavor: r-release-osx-x86_64-mavericks

Version: 0.8
Check: Rd \usage sections
Result: NOTE
    Invalid MIT-MAGIC-COOKIE-1 key
    The \usage entries for S3 methods should use the \method markup and not
    their full name.
    See chapter ‘Writing R documentation files’ in the ‘Writing R
    Extensions’ manual.
Flavor: r-release-osx-x86_64-mavericks