CRAN Package Check Results for Package pca3d

Last updated on 2015-05-22 13:46:58.

Flavor Version Tinstall Tcheck Ttotal Status Flags
r-devel-linux-x86_64-debian-clang 0.3 0.64 13.21 13.85 NOTE
r-devel-linux-x86_64-debian-gcc 0.3 0.60 12.85 13.45 NOTE
r-devel-linux-x86_64-fedora-gcc 0.3 25.54 NOTE
r-devel-osx-x86_64-clang 0.3 28.32 NOTE
r-devel-windows-ix86+x86_64 0.3 3.00 22.00 25.00 NOTE
r-patched-linux-x86_64 0.3 0.60 12.94 13.53 NOTE
r-patched-solaris-sparc 0.3 167.40 NOTE
r-patched-solaris-x86 0.3 45.90 NOTE
r-release-linux-x86_64 0.3 0.60 13.20 13.80 NOTE
r-release-osx-x86_64-mavericks 0.3 NOTE
r-release-osx-x86_64-snowleopard 0.3 ERROR
r-release-windows-ix86+x86_64 0.3 3.00 23.00 26.00 NOTE
r-oldrel-windows-ix86+x86_64 0.3 3.00 25.00 28.00 OK

Check Details

Version: 0.3
Check: DESCRIPTION meta-information
Result: NOTE
    Malformed Description field: should contain one or more complete sentences.
Flavors: r-devel-linux-x86_64-debian-clang, r-devel-linux-x86_64-debian-gcc, r-devel-linux-x86_64-fedora-gcc, r-devel-osx-x86_64-clang, r-devel-windows-ix86+x86_64, r-patched-linux-x86_64, r-patched-solaris-sparc, r-patched-solaris-x86, r-release-linux-x86_64, r-release-osx-x86_64-mavericks, r-release-osx-x86_64-snowleopard, r-release-windows-ix86+x86_64

Version: 0.3
Check: examples
Result: ERROR
    Running examples in ‘pca3d-Ex.R’ failed
    The error most likely occurred in:
    
    > ### Name: pca3d-package
    > ### Title: Show a three- or two-dimensional plot of a prcomp object
    > ### Aliases: pca3d pca2d pca3d-package
    > ### Keywords: ~PCA ~princomp ~biplot ~prcomp
    >
    > ### ** Examples
    >
    >
    > data( metabo )
    > pca <- prcomp( metabo[,-1], scale.= TRUE )
    >
    > pca3d( pca, group= metabo[,1] )
    
    Legend:
    ----------------------------------------
     group: color, shape
    ----------------------------------------
     NEG: red, tetrahaedron
     POS: green3, cube
     TB: blue, sphere
    
    Creating new device
    Wed Apr 29 10:49:25 hagal.research.att.com R[19928] <Error>: unknown error code: invalid pixel format
    Wed Apr 29 10:49:25 hagal.research.att.com R[19928] <Error>: kCGErrorFailure: Set a breakpoint @ CGErrorBreakpoint() to catch errors as they are logged.
    X Error of failed request: GLXBadContext
     Major opcode of failed request: 0 ()
     Serial number of failed request: 27
     Current serial number in output stream: 27
Flavor: r-release-osx-x86_64-snowleopard