CRAN Package Check Results for Package pcaBootPlot

Last updated on 2022-01-23 12:59:48 CET.

Flavor Version Tinstall Tcheck Ttotal Status Flags
r-devel-linux-x86_64-debian-clang 0.2.0 2.14 36.03 38.17 NOTE
r-devel-linux-x86_64-debian-gcc 0.2.0 2.32 30.78 33.10 NOTE
r-devel-linux-x86_64-fedora-clang 0.2.0 47.49 NOTE
r-devel-linux-x86_64-fedora-gcc 0.2.0 38.60 NOTE
r-devel-windows-x86_64-new-UL 0.2.0 16.00 58.00 74.00 NOTE
r-devel-windows-x86_64-new-TK 0.2.0 ERROR
r-patched-linux-x86_64 0.2.0 2.50 33.04 35.54 NOTE
r-release-linux-x86_64 0.2.0 2.31 33.08 35.39 NOTE
r-release-macos-arm64 0.2.0 NOTE
r-release-macos-x86_64 0.2.0 NOTE
r-release-windows-ix86+x86_64 0.2.0 7.00 44.00 51.00 NOTE
r-oldrel-macos-x86_64 0.2.0 NOTE
r-oldrel-windows-ix86+x86_64 0.2.0 7.00 44.00 51.00 NOTE

Check Details

Version: 0.2.0
Check: R code for possible problems
Result: NOTE
    draw.pcaBootPlot: no visible global function definition for 'grid'
    draw.pcaBootPlot: no visible global function definition for 'points'
    draw.pcaBootPlot: no visible global function definition for 'symbols'
    draw.pcaBootPlot: no visible global function definition for 'legend'
    pcaBootPlot: no visible global function definition for 'prcomp'
    pcaBootPlot: no visible global function definition for 'cor'
    pcaBootPlot: no visible global function definition for 'quantile'
    pcaBootPlot: no visible global function definition for 'pdf'
    pcaBootPlot: no visible global function definition for 'dev.off'
    Undefined global functions or variables:
     cor dev.off grid legend pdf points prcomp quantile symbols
    Consider adding
     importFrom("grDevices", "dev.off", "pdf")
     importFrom("graphics", "grid", "legend", "points", "symbols")
     importFrom("stats", "cor", "prcomp", "quantile")
    to your NAMESPACE file.
Flavors: r-devel-linux-x86_64-debian-clang, r-devel-linux-x86_64-debian-gcc, r-devel-linux-x86_64-fedora-clang, r-devel-linux-x86_64-fedora-gcc, r-devel-windows-x86_64-new-UL, r-patched-linux-x86_64, r-release-linux-x86_64, r-release-macos-arm64, r-release-macos-x86_64, r-release-windows-ix86+x86_64, r-oldrel-macos-x86_64, r-oldrel-windows-ix86+x86_64

Version: 0.2.0
Check: LazyData
Result: NOTE
     'LazyData' is specified without a 'data' directory
Flavors: r-devel-linux-x86_64-debian-clang, r-devel-linux-x86_64-debian-gcc, r-devel-linux-x86_64-fedora-clang, r-devel-linux-x86_64-fedora-gcc, r-devel-windows-x86_64-new-UL, r-patched-linux-x86_64, r-release-linux-x86_64, r-release-macos-arm64, r-release-macos-x86_64, r-release-windows-ix86+x86_64

Version: 0.2.0
Check: package dependencies
Result: ERROR
    Package required but not available: 'FactoMineR'
    
    See section 'The DESCRIPTION file' in the 'Writing R Extensions'
    manual.
Flavor: r-devel-windows-x86_64-new-TK