CRAN Package Check Results for Package pcaL1

Last updated on 2022-08-07 20:52:21 CEST.

Flavor Version Tinstall Tcheck Ttotal Status Flags
r-devel-linux-x86_64-debian-clang 1.5.6 11.26 30.69 41.95 NOTE
r-devel-linux-x86_64-debian-gcc 1.5.6 7.66 23.35 31.01 NOTE
r-devel-linux-x86_64-fedora-clang 1.5.6 63.21 NOTE
r-devel-linux-x86_64-fedora-gcc 1.5.6 59.93 NOTE
r-devel-windows-x86_64 1.5.6 28.00 83.00 111.00 NOTE
r-patched-linux-x86_64 1.5.6 8.16 29.59 37.75 OK
r-release-linux-x86_64 1.5.6 8.20 30.41 38.61 OK
r-release-macos-arm64 1.5.6 25.00 OK
r-release-macos-x86_64 1.5.6 31.00 OK
r-release-windows-x86_64 1.5.6 21.00 77.00 98.00 OK
r-oldrel-macos-arm64 1.5.6 23.00 OK
r-oldrel-macos-x86_64 1.5.6 33.00 OK
r-oldrel-windows-ix86+x86_64 1.5.6 23.00 55.00 78.00 NOTE

Check Details

Version: 1.5.6
Check: Rd files
Result: NOTE
    checkRd: (-1) l1pcastar.Rd:38: Escaped LaTeX specials: \&
    checkRd: (-1) pcaL1-package.Rd:52: Escaped LaTeX specials: \&
Flavors: r-devel-linux-x86_64-debian-clang, r-devel-linux-x86_64-debian-gcc, r-devel-linux-x86_64-fedora-clang, r-devel-linux-x86_64-fedora-gcc, r-devel-windows-x86_64

Version: 1.5.6
Check: installed package size
Result: NOTE
     installed size is 6.8Mb
     sub-directories of 1Mb or more:
     libs 6.7Mb
Flavor: r-oldrel-windows-ix86+x86_64