CRAN Package Check Results for Package pcaPA

Last updated on 2014-11-23 11:47:20.

Flavor Version Tinstall Tcheck Ttotal Status Flags
r-devel-linux-x86_64-debian-clang 1.2 5.08 69.55 74.63 NOTE
r-devel-linux-x86_64-debian-gcc 1.2 4.85 72.07 76.92 NOTE
r-devel-linux-x86_64-fedora-clang 1.2 172.48 NOTE
r-devel-linux-x86_64-fedora-gcc 1.2 170.84 NOTE
r-devel-osx-x86_64-clang 1.2 131.75 NOTE
r-devel-windows-ix86+x86_64 1.2 20.00 180.00 200.00 NOTE
r-patched-linux-x86_64 1.2 5.23 74.28 79.51 NOTE
r-patched-solaris-sparc 1.2 1060.70 NOTE
r-patched-solaris-x86 1.2 229.10 NOTE
r-release-linux-ix86 1.2 6.21 108.03 114.24 NOTE
r-release-linux-x86_64 1.2 5.18 74.38 79.56 NOTE
r-release-osx-x86_64-mavericks 1.2 ERROR
r-release-osx-x86_64-snowleopard 1.2 OK
r-release-windows-ix86+x86_64 1.2 21.00 187.00 208.00 NOTE
r-oldrel-windows-ix86+x86_64 1.2 19.00 181.00 200.00 OK

Check Details

Version: 1.2
Check: R code for possible problems
Result: NOTE
    CalculatePABinary: no visible binding for global variable ‘nearcor’
    CalculatePAOrdered: no visible binding for global variable ‘nearcor’
Flavors: r-devel-linux-x86_64-debian-clang, r-devel-linux-x86_64-debian-gcc, r-devel-linux-x86_64-fedora-clang, r-devel-linux-x86_64-fedora-gcc, r-devel-osx-x86_64-clang, r-devel-windows-ix86+x86_64, r-patched-linux-x86_64, r-patched-solaris-sparc, r-patched-solaris-x86, r-release-linux-ix86, r-release-linux-x86_64, r-release-windows-ix86+x86_64

Version: 1.2
Check: whether package can be installed
Result: ERROR
    Installation failed.
Flavor: r-release-osx-x86_64-mavericks