CRAN Package Check Results for Package pcaPA

Last updated on 2017-07-27 02:47:47.

Flavor Version Tinstall Tcheck Ttotal Status Flags
r-devel-linux-x86_64-debian-clang 2.0.2 4.28 63.49 67.77 NOTE
r-devel-linux-x86_64-debian-gcc 2.0.2 3.78 64.22 67.99 NOTE
r-devel-linux-x86_64-fedora-clang 2.0.2 157.61 NOTE
r-devel-linux-x86_64-fedora-gcc 2.0.2 156.87 NOTE
r-devel-windows-ix86+x86_64 2.0.2 22.00 208.00 230.00 OK
r-patched-linux-x86_64 2.0.2 3.69 65.09 68.78 NOTE
r-patched-solaris-x86 2.0.2 188.10 OK
r-release-linux-x86_64 2.0.2 3.87 64.66 68.53 NOTE
r-release-windows-ix86+x86_64 2.0.2 19.00 206.00 225.00 OK
r-release-osx-x86_64 2.0.2 OK
r-oldrel-windows-ix86+x86_64 2.0.2 14.00 169.00 183.00 OK
r-oldrel-osx-x86_64 2.0.2 OK

Check Details

Version: 2.0.2
Check: compiled code
Result: NOTE
    File ‘pcaPA/libs/pcaPA.so’:
     Found no calls to: ‘R_registerRoutines’, ‘R_useDynamicSymbols’
    
    It is good practice to register native routines and to disable symbol
    search.
    
    See ‘Writing portable packages’ in the ‘Writing R Extensions’ manual.
Flavors: r-devel-linux-x86_64-debian-clang, r-devel-linux-x86_64-debian-gcc, r-devel-linux-x86_64-fedora-clang, r-devel-linux-x86_64-fedora-gcc, r-patched-linux-x86_64, r-release-linux-x86_64