CRAN Package Check Results for Package pcaPA

Last updated on 2014-07-30 03:48:24.

Flavor Version Tinstall Tcheck Ttotal Status Flags
r-devel-linux-x86_64-debian-clang 1.2 5.20 69.45 74.65 OK
r-devel-linux-x86_64-debian-gcc 1.2 4.98 73.00 77.98 OK
r-devel-linux-x86_64-fedora-clang 1.2 177.09 OK
r-devel-linux-x86_64-fedora-gcc 1.2 168.83 OK
r-devel-osx-x86_64-clang 1.2 125.95 OK
r-devel-windows-ix86+x86_64 1.2 19.00 171.00 190.00 OK
r-patched-linux-x86_64 1.2 5.09 73.30 78.38 OK
r-patched-solaris-sparc 1.2 1073.00 OK
r-patched-solaris-x86 1.2 228.60 OK
r-release-linux-ix86 1.2 6.17 111.83 118.00 OK
r-release-linux-x86_64 1.2 5.12 74.27 79.39 OK
r-release-osx-x86_64-mavericks 1.2 ERROR
r-release-osx-x86_64-snowleopard 1.2 OK
r-release-windows-ix86+x86_64 1.2 20.00 150.00 170.00 ERROR
r-oldrel-windows-ix86+x86_64 1.2 19.00 173.00 192.00 OK

Check Details

Version: 1.2
Check: whether package can be installed
Result: ERROR
    Installation failed.
Flavor: r-release-osx-x86_64-mavericks

Version: 1.2
Check: running examples for arch 'i386'
Result: ERROR
    Running examples in 'pcaPA-Ex.R' failed
    The error most likely occurred in:
    
    > ### Name: Check.PA
    > ### Title: Verifies that an object belongs to the '"PA"' class.
    > ### Aliases: Check.PA
    > ### Keywords: PA
    >
    > ### ** Examples
    >
    >
    > # # Run Parallel Analysis for binary data conforming to the Rasch model
    > data(simRaschData)
Flavor: r-release-windows-ix86+x86_64