CRAN Package Check Results for Package pcaPA

Last updated on 2014-09-17 08:49:24.

Flavor Version Tinstall Tcheck Ttotal Status Flags
r-devel-linux-x86_64-debian-clang 1.2 4.88 69.15 74.04 NOTE
r-devel-linux-x86_64-debian-gcc 1.2 4.84 74.16 79.00 NOTE
r-devel-linux-x86_64-fedora-clang 1.2 167.33 NOTE
r-devel-linux-x86_64-fedora-gcc 1.2 164.99 NOTE
r-devel-osx-x86_64-clang 1.2 121.54 NOTE
r-devel-windows-ix86+x86_64 1.2 19.00 178.00 197.00 NOTE
r-patched-linux-x86_64 1.2 5.24 73.48 78.72 OK
r-patched-solaris-sparc 1.2 1067.60 OK
r-patched-solaris-x86 1.2 228.50 OK
r-release-linux-ix86 1.2 6.34 112.91 119.25 OK
r-release-linux-x86_64 1.2 5.16 74.78 79.94 OK
r-release-osx-x86_64-mavericks 1.2 ERROR
r-release-osx-x86_64-snowleopard 1.2 OK
r-release-windows-ix86+x86_64 1.2 19.00 185.00 204.00 OK
r-oldrel-windows-ix86+x86_64 1.2 19.00 190.00 209.00 OK

Check Details

Version: 1.2
Check: R code for possible problems
Result: NOTE
    CalculatePABinary: no visible binding for global variable ‘nearcor’
    CalculatePAOrdered: no visible binding for global variable ‘nearcor’
Flavors: r-devel-linux-x86_64-debian-clang, r-devel-linux-x86_64-debian-gcc, r-devel-linux-x86_64-fedora-clang, r-devel-linux-x86_64-fedora-gcc, r-devel-osx-x86_64-clang, r-devel-windows-ix86+x86_64

Version: 1.2
Check: whether package can be installed
Result: ERROR
    Installation failed.
Flavor: r-release-osx-x86_64-mavericks