CRAN Package Check Results for Package pcaPA

Last updated on 2018-02-26 03:49:08 CET.

Flavor Version Tinstall Tcheck Ttotal Status Flags
r-devel-linux-x86_64-debian-clang 2.0.2 5.93 75.93 81.86 NOTE
r-devel-linux-x86_64-debian-gcc 2.0.2 4.96 70.46 75.42 NOTE
r-devel-linux-x86_64-fedora-clang 2.0.2 115.19 NOTE
r-devel-linux-x86_64-fedora-gcc 2.0.2 116.49 NOTE
r-devel-windows-ix86+x86_64 2.0.2 17.00 212.00 229.00 OK
r-patched-linux-x86_64 2.0.2 6.08 92.14 98.22 NOTE
r-patched-solaris-x86 2.0.2 184.30 OK
r-release-linux-x86_64 2.0.2 5.30 85.80 91.10 NOTE
r-release-windows-ix86+x86_64 2.0.2 22.00 223.00 245.00 OK
r-release-osx-x86_64 2.0.2 OK
r-oldrel-windows-ix86+x86_64 2.0.2 13.00 153.00 166.00 OK
r-oldrel-osx-x86_64 2.0.2 OK

Additional issues

clang-ASAN

Check Details

Version: 2.0.2
Check: compiled code
Result: NOTE
    File ‘pcaPA/libs/pcaPA.so’:
     Found no calls to: ‘R_registerRoutines’, ‘R_useDynamicSymbols’
    
    It is good practice to register native routines and to disable symbol
    search.
    
    See ‘Writing portable packages’ in the ‘Writing R Extensions’ manual.
Flavors: r-devel-linux-x86_64-debian-clang, r-devel-linux-x86_64-debian-gcc, r-devel-linux-x86_64-fedora-clang, r-devel-linux-x86_64-fedora-gcc, r-patched-linux-x86_64, r-release-linux-x86_64