CRAN Package Check Results for Package pcaPA

Last updated on 2014-12-20 12:47:32.

Flavor Version Tinstall Tcheck Ttotal Status Flags
r-devel-linux-x86_64-debian-clang 1.2 5.02 69.80 74.82 NOTE
r-devel-linux-x86_64-debian-gcc 1.2 4.99 72.32 77.31 NOTE
r-devel-linux-x86_64-fedora-clang 1.2 174.59 NOTE
r-devel-linux-x86_64-fedora-gcc 1.2 162.18 NOTE
r-devel-osx-x86_64-clang 1.2 133.82 NOTE
r-devel-windows-ix86+x86_64 1.2 20.00 176.00 196.00 NOTE
r-patched-linux-x86_64 1.2 5.01 76.03 81.04 NOTE
r-patched-solaris-sparc 1.2 1060.70 NOTE
r-patched-solaris-x86 1.2 230.40 NOTE
r-release-linux-ix86 1.2 5.92 107.60 113.52 NOTE
r-release-linux-x86_64 1.2 5.02 76.66 81.68 NOTE
r-release-osx-x86_64-mavericks 1.2 ERROR
r-release-osx-x86_64-snowleopard 1.2 OK
r-release-windows-ix86+x86_64 1.2 21.00 182.00 203.00 NOTE
r-oldrel-windows-ix86+x86_64 1.2 21.00 178.00 199.00 OK

Check Details

Version: 1.2
Check: R code for possible problems
Result: NOTE
    CalculatePABinary: no visible binding for global variable ‘nearcor’
    CalculatePAOrdered: no visible binding for global variable ‘nearcor’
Flavors: r-devel-linux-x86_64-debian-clang, r-devel-linux-x86_64-debian-gcc, r-devel-linux-x86_64-fedora-clang, r-devel-linux-x86_64-fedora-gcc, r-devel-osx-x86_64-clang, r-devel-windows-ix86+x86_64, r-patched-linux-x86_64, r-patched-solaris-sparc, r-patched-solaris-x86, r-release-linux-ix86, r-release-linux-x86_64, r-release-windows-ix86+x86_64

Version: 1.2
Check: whether package can be installed
Result: ERROR
    Installation failed.
Flavor: r-release-osx-x86_64-mavericks