CRAN Package Check Results for Package pcaPA

Last updated on 2017-09-22 09:47:16.

Flavor Version Tinstall Tcheck Ttotal Status Flags
r-devel-linux-x86_64-debian-clang 2.0.2 3.79 56.09 59.88 NOTE
r-devel-linux-x86_64-debian-gcc 2.0.2 3.67 56.74 60.41 NOTE
r-devel-linux-x86_64-fedora-clang 2.0.2 123.80 NOTE
r-devel-linux-x86_64-fedora-gcc 2.0.2 127.55 NOTE
r-devel-windows-ix86+x86_64 2.0.2 14.00 161.00 175.00 OK
r-patched-linux-x86_64 2.0.2 3.92 57.69 61.62 NOTE
r-patched-solaris-x86 2.0.2 187.60 OK
r-release-linux-x86_64 2.0.2 3.76 59.33 63.10 NOTE
r-release-windows-ix86+x86_64 2.0.2 13.00 179.00 192.00 OK
r-release-osx-x86_64 2.0.2 OK
r-oldrel-windows-ix86+x86_64 2.0.2 11.00 144.00 155.00 OK
r-oldrel-osx-x86_64 2.0.2 OK

Check Details

Version: 2.0.2
Check: compiled code
Result: NOTE
    File ‘pcaPA/libs/pcaPA.so’:
     Found no calls to: ‘R_registerRoutines’, ‘R_useDynamicSymbols’
    
    It is good practice to register native routines and to disable symbol
    search.
    
    See ‘Writing portable packages’ in the ‘Writing R Extensions’ manual.
Flavors: r-devel-linux-x86_64-debian-clang, r-devel-linux-x86_64-debian-gcc, r-devel-linux-x86_64-fedora-clang, r-devel-linux-x86_64-fedora-gcc, r-patched-linux-x86_64, r-release-linux-x86_64