CRAN Package Check Results for Package pcaPA

Last updated on 2017-11-24 14:49:52 CET.

Flavor Version Tinstall Tcheck Ttotal Status Flags
r-devel-linux-x86_64-debian-clang 2.0.2 5.05 113.90 118.96 NOTE
r-devel-linux-x86_64-debian-gcc 2.0.2 3.96 107.57 111.53 NOTE
r-devel-linux-x86_64-fedora-clang 2.0.2 111.51 NOTE
r-devel-linux-x86_64-fedora-gcc 2.0.2 113.14 NOTE
r-devel-windows-ix86+x86_64 2.0.2 11.00 164.00 175.00 OK
r-patched-linux-x86_64 2.0.2 4.78 129.48 134.26 NOTE
r-patched-solaris-x86 2.0.2 187.20 OK
r-release-linux-x86_64 2.0.2 5.85 126.25 132.10 NOTE
r-release-windows-ix86+x86_64 2.0.2 14.00 156.00 170.00 OK
r-release-osx-x86_64 2.0.2 OK
r-oldrel-windows-ix86+x86_64 2.0.2 15.00 175.00 190.00 OK
r-oldrel-osx-x86_64 2.0.2 OK

Check Details

Version: 2.0.2
Check: compiled code
Result: NOTE
    File ‘pcaPA/libs/pcaPA.so’:
     Found no calls to: ‘R_registerRoutines’, ‘R_useDynamicSymbols’
    
    It is good practice to register native routines and to disable symbol
    search.
    
    See ‘Writing portable packages’ in the ‘Writing R Extensions’ manual.
Flavors: r-devel-linux-x86_64-debian-clang, r-devel-linux-x86_64-debian-gcc, r-devel-linux-x86_64-fedora-clang, r-devel-linux-x86_64-fedora-gcc, r-patched-linux-x86_64, r-release-linux-x86_64