CRAN Package Check Results for Package pcaPA

Last updated on 2018-05-20 14:47:02 CEST.

Flavor Version Tinstall Tcheck Ttotal Status Flags
r-devel-linux-x86_64-debian-clang 2.0.2 7.13 95.14 102.27 NOTE
r-devel-linux-x86_64-debian-gcc 2.0.2 4.79 78.80 83.59 NOTE
r-devel-linux-x86_64-fedora-clang 2.0.2 128.20 NOTE
r-devel-linux-x86_64-fedora-gcc 2.0.2 126.79 NOTE
r-devel-windows-ix86+x86_64 2.0.2 15.00 197.00 212.00 OK
r-patched-linux-x86_64 2.0.2 6.33 88.61 94.94 NOTE
r-patched-solaris-x86 2.0.2 189.10 OK
r-release-linux-x86_64 2.0.2 5.54 88.53 94.07 NOTE
r-release-windows-ix86+x86_64 2.0.2 13.00 157.00 170.00 OK
r-release-osx-x86_64 2.0.2 OK
r-oldrel-windows-ix86+x86_64 2.0.2 13.00 190.00 203.00 OK
r-oldrel-osx-x86_64 2.0.2 OK

Check Details

Version: 2.0.2
Check: compiled code
Result: NOTE
    File ‘pcaPA/libs/pcaPA.so’:
     Found no calls to: ‘R_registerRoutines’, ‘R_useDynamicSymbols’
    
    It is good practice to register native routines and to disable symbol
    search.
    
    See ‘Writing portable packages’ in the ‘Writing R Extensions’ manual.
Flavors: r-devel-linux-x86_64-debian-clang, r-devel-linux-x86_64-debian-gcc, r-devel-linux-x86_64-fedora-clang, r-devel-linux-x86_64-fedora-gcc, r-patched-linux-x86_64, r-release-linux-x86_64