CRAN Package Check Results for Package pcaPP

Last updated on 2014-08-29 17:47:39.

Flavor Version Tinstall Tcheck Ttotal Status Flags
r-devel-linux-x86_64-debian-clang 1.9-49 4.50 21.03 25.53 NOTE
r-devel-linux-x86_64-debian-gcc 1.9-49 6.20 20.80 26.99 NOTE
r-devel-linux-x86_64-fedora-clang 1.9-49 49.69 NOTE
r-devel-linux-x86_64-fedora-gcc 1.9-49 50.46 NOTE
r-devel-osx-x86_64-clang 1.9-49 44.07 NOTE
r-devel-windows-ix86+x86_64 1.9-49 29.00 48.00 77.00 NOTE
r-patched-linux-x86_64 1.9-49 6.34 22.50 28.84 NOTE
r-patched-solaris-sparc 1.9-49 343.50 NOTE
r-patched-solaris-x86 1.9-49 70.80 NOTE
r-release-linux-ix86 1.9-49 8.93 30.75 39.68 NOTE
r-release-linux-x86_64 1.9-49 6.44 22.35 28.78 NOTE
r-release-osx-x86_64-mavericks 1.9-49 NOTE
r-release-windows-ix86+x86_64 1.9-49 36.00 52.00 88.00 NOTE
r-oldrel-windows-ix86+x86_64 1.9-49 30.00 59.00 89.00 NOTE

Check Details

Version: 1.9-49
Check: dependencies in R code
Result: NOTE
    Package in Depends field not imported from: ‘mvtnorm’
     These packages need to be imported from (in the NAMESPACE file)
     for when this namespace is loaded but not attached.
    See the information on DESCRIPTION files in the chapter ‘Creating R
    packages’ of the ‘Writing R Extensions’ manual.
Flavors: r-devel-linux-x86_64-debian-clang, r-devel-linux-x86_64-debian-gcc, r-devel-linux-x86_64-fedora-clang, r-devel-linux-x86_64-fedora-gcc, r-devel-osx-x86_64-clang, r-devel-windows-ix86+x86_64, r-patched-linux-x86_64, r-patched-solaris-sparc, r-patched-solaris-x86, r-release-linux-ix86, r-release-linux-x86_64, r-release-osx-x86_64-mavericks, r-release-windows-ix86+x86_64, r-oldrel-windows-ix86+x86_64

Version: 1.9-49
Check: R code for possible problems
Result: NOTE
    PCAproj: no visible global function definition for ‘rmvnorm’
Flavors: r-devel-linux-x86_64-debian-clang, r-devel-linux-x86_64-debian-gcc, r-devel-linux-x86_64-fedora-clang, r-devel-linux-x86_64-fedora-gcc, r-devel-osx-x86_64-clang, r-devel-windows-ix86+x86_64

Version: 1.9-49
Check: for old-style vignette sources
Result: NOTE
    Vignette sources only in ‘inst/doc’:
     ‘matlab.rnw’
    A ‘vignettes’ directory is required as from R 3.1.0
    and these will not be indexed nor checked
Flavors: r-devel-linux-x86_64-debian-clang, r-devel-linux-x86_64-debian-gcc, r-devel-linux-x86_64-fedora-clang, r-devel-linux-x86_64-fedora-gcc, r-devel-osx-x86_64-clang, r-devel-windows-ix86+x86_64, r-patched-linux-x86_64, r-patched-solaris-sparc, r-patched-solaris-x86, r-release-linux-ix86, r-release-linux-x86_64, r-release-osx-x86_64-mavericks, r-release-windows-ix86+x86_64

Version: 1.9-49
Check: top-level files
Result: NOTE
    Non-standard file/directory found at top level:
     ‘matlab’
Flavors: r-devel-linux-x86_64-fedora-clang, r-devel-linux-x86_64-fedora-gcc

Version: 1.9-49
Check: Rd line widths
Result: NOTE
    Rd file 'PCdiagplot.Rd':
     \usage lines wider than 90 characters:
     PCdiagplot(x, PCobj, crit = c(0.975, 0.99, 0.999), ksel = NULL, plot = TRUE, plotbw = TRUE, raw = FALSE, colgrid = "black", ...)
    
    Rd file 'l1median_NLM.Rd':
     \usage lines wider than 90 characters:
     l1median_BFGS (X, maxit = 200, tol = 10^-8, trace = 0, m.init = .colMedians (X), REPORT = 10, ...)
     l1median_HoCr (X, maxit = 200, tol = 10^-8, zero.tol = 1e-15, trace = 0, m.init = .colMedians (X), ...)
     l1median_VaZh (X, maxit = 200, tol = 10^-8, zero.tol = 1e-15, trace = 0, m.init = .colMedians (X), ...)
    
    These lines will be truncated in the PDF manual.
Flavors: r-devel-linux-x86_64-fedora-clang, r-devel-linux-x86_64-fedora-gcc

Version: 1.9-49
Check: for old-style vignette sources
Result: NOTE
    Vignette sources only in 'inst/doc':
     'matlab.rnw'
    A 'vignettes' directory will be required as from R 3.1.0
Flavor: r-oldrel-windows-ix86+x86_64