CRAN Package Check Results for Package pcaPP

Last updated on 2017-03-29 22:47:18.

Flavor Version Tinstall Tcheck Ttotal Status Flags
r-devel-linux-x86_64-debian-clang 1.9-61 7.83 28.44 36.27 NOTE
r-devel-linux-x86_64-debian-gcc 1.9-61 6.51 28.44 34.96 NOTE
r-devel-linux-x86_64-fedora-clang 1.9-61 63.24 NOTE --no-stop-on-test-error
r-devel-linux-x86_64-fedora-gcc 1.9-61 61.41 NOTE --no-stop-on-test-error
r-devel-macos-x86_64-clang 1.9-61 50.26 NOTE --no-stop-on-test-error
r-devel-windows-ix86+x86_64 1.9-61 29.00 134.00 163.00 OK
r-patched-linux-x86_64 1.9-61 6.14 28.73 34.87 NOTE
r-patched-solaris-sparc 1.9-61 431.60 OK
r-patched-solaris-x86 1.9-61 85.00 OK
r-release-linux-x86_64 1.9-61 5.93 25.82 31.75 OK
r-release-osx-x86_64-mavericks 1.9-61 OK
r-release-windows-ix86+x86_64 1.9-61 48.00 103.00 151.00 OK
r-oldrel-windows-ix86+x86_64 1.9-61 45.00 70.00 115.00 OK

Check Details

Version: 1.9-61
Check: compiled code
Result: NOTE
    File ‘pcaPP/libs/pcaPP.so’:
     Found no calls to: ‘R_registerRoutines’, ‘R_useDynamicSymbols’
    
    It is good practice to register native routines and to disable symbol
    search.
    
    See ‘Writing portable packages’ in the ‘Writing R Extensions’ manual.
Flavors: r-devel-linux-x86_64-debian-clang, r-devel-linux-x86_64-debian-gcc, r-patched-linux-x86_64

Version: 1.9-61
Flags: --no-stop-on-test-error
Check: compiled code
Result: NOTE
    File ‘pcaPP/libs/pcaPP.so’:
     Found no calls to: ‘R_registerRoutines’, ‘R_useDynamicSymbols’
    
    It is good practice to register native routines and to disable symbol
    search.
    
    See ‘Writing portable packages’ in the ‘Writing R Extensions’ manual.
Flavors: r-devel-linux-x86_64-fedora-clang, r-devel-linux-x86_64-fedora-gcc, r-devel-macos-x86_64-clang