CRAN Package Check Results for Package pcaPP

Last updated on 2017-02-26 19:54:00.

Flavor Version Tinstall Tcheck Ttotal Status Flags
r-devel-linux-x86_64-debian-clang 1.9-61 7.62 28.24 35.86 NOTE
r-devel-linux-x86_64-debian-gcc 1.9-61 6.64 28.96 35.59 NOTE
r-devel-linux-x86_64-fedora-clang 1.9-61 66.34 NOTE --no-stop-on-test-error
r-devel-linux-x86_64-fedora-gcc 1.9-61 60.55 NOTE --no-stop-on-test-error
r-devel-macos-x86_64-clang 1.9-61 52.84 NOTE --no-stop-on-test-error
r-devel-windows-ix86+x86_64 1.9-61 45.00 172.00 217.00 OK
r-patched-linux-x86_64 1.9-61 6.02 25.91 31.93 OK
r-patched-solaris-sparc 1.9-61 377.10 OK
r-patched-solaris-x86 1.9-61 71.70 OK
r-release-linux-x86_64 1.9-61 6.12 26.43 32.55 OK
r-release-osx-x86_64-mavericks 1.9-61 OK
r-release-windows-ix86+x86_64 1.9-61 21.00 74.00 95.00 OK
r-oldrel-windows-ix86+x86_64 1.9-61 27.00 71.00 98.00 OK

Check Details

Version: 1.9-61
Check: compiled code
Result: NOTE
    File ‘pcaPP/libs/pcaPP.so’:
     Found no calls to: ‘R_registerRoutines’, ‘R_useDynamicSymbols’
    
    It is good practice to register native routines and to disable symbol
    search.
    
    See ‘Writing portable packages’ in the ‘Writing R Extensions’ manual.
Flavors: r-devel-linux-x86_64-debian-clang, r-devel-linux-x86_64-debian-gcc

Version: 1.9-61
Flags: --no-stop-on-test-error
Check: compiled code
Result: NOTE
    File ‘pcaPP/libs/pcaPP.so’:
     Found no calls to: ‘R_registerRoutines’, ‘R_useDynamicSymbols’
    
    It is good practice to register native routines and to disable symbol
    search.
    
    See ‘Writing portable packages’ in the ‘Writing R Extensions’ manual.
Flavors: r-devel-linux-x86_64-fedora-clang, r-devel-linux-x86_64-fedora-gcc, r-devel-macos-x86_64-clang