CRAN Package Check Results for Package pcaPP

Last updated on 2015-01-30 17:52:00.

Flavor Version Tinstall Tcheck Ttotal Status Flags
r-devel-linux-x86_64-debian-clang 1.9-60 4.99 22.92 27.92 NOTE
r-devel-linux-x86_64-debian-gcc 1.9-60 6.19 23.80 30.00 NOTE
r-devel-linux-x86_64-fedora-clang 1.9-60 55.58 NOTE
r-devel-linux-x86_64-fedora-gcc 1.9-60 57.77 NOTE
r-devel-osx-x86_64-clang 1.9-60 64.79 NOTE
r-devel-windows-ix86+x86_64 1.9-60 34.00 64.00 98.00 NOTE
r-patched-linux-x86_64 1.9-60 6.36 25.26 31.62 OK
r-patched-solaris-sparc 1.9-60 364.20 OK
r-patched-solaris-x86 1.9-60 80.60 OK
r-release-linux-ix86 1.9-60 8.54 35.71 44.25 OK
r-release-linux-x86_64 1.9-60 6.36 24.93 31.29 OK
r-release-osx-x86_64-mavericks 1.9-60 OK
r-release-osx-x86_64-snowleopard 1.9-60 OK
r-release-windows-ix86+x86_64 1.9-60 31.00 62.00 93.00 OK
r-oldrel-windows-ix86+x86_64 1.9-60 32.00 58.00 90.00 OK

Check Details

Version: 1.9-60
Check: dependencies in R code
Result: NOTE
    'library' or 'require' call to ‘graphics’ in package code.
     Please use :: or requireNamespace() instead.
     See section 'Suggested packages' in the 'Writing R Extensions' manual.
Flavors: r-devel-linux-x86_64-debian-clang, r-devel-linux-x86_64-debian-gcc, r-devel-linux-x86_64-fedora-clang, r-devel-linux-x86_64-fedora-gcc, r-devel-osx-x86_64-clang, r-devel-windows-ix86+x86_64