CRAN Package Check Results for Package pcaPP

Last updated on 2015-03-31 10:57:33.

Flavor Version Tinstall Tcheck Ttotal Status Flags
r-devel-linux-x86_64-debian-clang 1.9-60 4.98 23.70 28.68 NOTE
r-devel-linux-x86_64-debian-gcc 1.9-60 6.27 24.29 30.56 NOTE
r-devel-linux-x86_64-fedora-clang 1.9-60 54.71 NOTE
r-devel-linux-x86_64-fedora-gcc 1.9-60 57.64 NOTE
r-devel-osx-x86_64-clang 1.9-60 81.37 NOTE
r-prerel-windows-ix86+x86_64 1.9-60 39.00 60.00 99.00 NOTE
r-prerel-linux-x86_64 1.9-60 6.03 23.84 29.86 NOTE
r-prerel-solaris-sparc 1.9-60 380.80 NOTE
r-prerel-solaris-x86 1.9-60 74.90 NOTE
r-release-linux-x86_64 1.9-60 6.21 25.81 32.02 NOTE
r-release-osx-x86_64-mavericks 1.9-60 OK
r-release-osx-x86_64-snowleopard 1.9-60 OK
r-release-windows-ix86+x86_64 1.9-60 41.00 66.00 107.00 NOTE
r-oldrel-windows-ix86+x86_64 1.9-60 32.00 58.00 90.00 OK

Check Details

Version: 1.9-60
Check: DESCRIPTION meta-information
Result: NOTE
    Malformed Description field: should contain one or more complete sentences.
Flavors: r-devel-linux-x86_64-debian-clang, r-devel-linux-x86_64-debian-gcc, r-devel-linux-x86_64-fedora-clang, r-devel-linux-x86_64-fedora-gcc, r-devel-osx-x86_64-clang, r-prerel-windows-ix86+x86_64, r-prerel-linux-x86_64, r-prerel-solaris-sparc, r-prerel-solaris-x86

Version: 1.9-60
Check: dependencies in R code
Result: NOTE
    'library' or 'require' call to ‘graphics’ in package code.
     Please use :: or requireNamespace() instead.
     See section 'Suggested packages' in the 'Writing R Extensions' manual.
Flavors: r-devel-linux-x86_64-debian-clang, r-devel-linux-x86_64-debian-gcc, r-devel-linux-x86_64-fedora-clang, r-devel-linux-x86_64-fedora-gcc, r-devel-osx-x86_64-clang, r-prerel-windows-ix86+x86_64, r-prerel-linux-x86_64, r-prerel-solaris-sparc, r-prerel-solaris-x86, r-release-linux-x86_64, r-release-windows-ix86+x86_64