CRAN Package Check Results for Package pcaPP

Last updated on 2017-05-30 14:47:21.

Flavor Version Tinstall Tcheck Ttotal Status Flags
r-devel-linux-x86_64-debian-clang 1.9-61 7.85 28.78 36.62 NOTE
r-devel-linux-x86_64-debian-gcc 1.9-61 6.76 29.22 35.98 NOTE
r-devel-linux-x86_64-fedora-clang 1.9-61 64.37 NOTE
r-devel-linux-x86_64-fedora-gcc 1.9-61 61.54 NOTE
r-devel-windows-ix86+x86_64 1.9-61 32.00 114.00 146.00 OK
r-patched-linux-x86_64 1.9-61 5.99 29.22 35.21 NOTE
r-patched-solaris-sparc 1.9-61 431.60 OK
r-patched-solaris-x86 1.9-61 85.20 OK
r-release-linux-x86_64 1.9-61 6.07 29.16 35.23 NOTE
r-release-windows-ix86+x86_64 1.9-61 32.00 77.00 109.00 OK
r-release-osx-x86_64 1.9-61 OK
r-oldrel-windows-ix86+x86_64 1.9-61 48.00 103.00 151.00 OK
r-oldrel-osx-x86_64 1.9-61 OK

Check Details

Version: 1.9-61
Check: compiled code
Result: NOTE
    File ‘pcaPP/libs/pcaPP.so’:
     Found no calls to: ‘R_registerRoutines’, ‘R_useDynamicSymbols’
    
    It is good practice to register native routines and to disable symbol
    search.
    
    See ‘Writing portable packages’ in the ‘Writing R Extensions’ manual.
Flavors: r-devel-linux-x86_64-debian-clang, r-devel-linux-x86_64-debian-gcc, r-devel-linux-x86_64-fedora-clang, r-devel-linux-x86_64-fedora-gcc, r-patched-linux-x86_64, r-release-linux-x86_64