CRAN Package Check Results for Package pcalg

Last updated on 2016-09-29 16:49:55.

Flavor Version Tinstall Tcheck Ttotal Status Flags
r-devel-linux-x86_64-debian-clang 2.4-3 0.94 1.74 2.68 ERROR
r-devel-linux-x86_64-debian-gcc 2.4-2 60.98 187.39 248.36 NOTE
r-devel-linux-x86_64-fedora-clang 2.4-3 492.96 NOTE
r-devel-linux-x86_64-fedora-gcc 2.4-3 429.49 NOTE
r-devel-macos-x86_64-clang 2.4-3 220.95 NOTE
r-devel-windows-ix86+x86_64 2.4-3 169.00 555.00 724.00 WARN
r-patched-linux-x86_64 2.4-2 54.07 188.71 242.78 NOTE
r-patched-solaris-sparc 2.4-3 2674.40 ERROR
r-patched-solaris-x86 2.4-3 487.20 NOTE
r-release-linux-x86_64 2.2-4 51.57 183.72 235.29 NOTE
r-release-osx-x86_64-mavericks 2.4-3 NOTE
r-release-windows-ix86+x86_64 2.4-3 121.00 380.00 501.00 NOTE
r-oldrel-windows-ix86+x86_64 2.4-3 101.00 381.00 482.00 NOTE

Check Details

Version: 2.4-3
Check: package dependencies
Result: ERROR
    Package required but not available: ‘RBGL’
    
    See section ‘The DESCRIPTION file’ in the ‘Writing R Extensions’
    manual.
Flavor: r-devel-linux-x86_64-debian-clang

Version: 2.4-2
Check: installed package size
Result: NOTE
     installed size is 13.2Mb
     sub-directories of 1Mb or more:
     R 2.5Mb
     data 2.1Mb
     libs 6.7Mb
Flavors: r-devel-linux-x86_64-debian-gcc, r-patched-linux-x86_64

Version: 2.4-3
Check: installed package size
Result: NOTE
     installed size is 12.7Mb
     sub-directories of 1Mb or more:
     R 2.5Mb
     data 2.1Mb
     libs 6.1Mb
Flavors: r-devel-linux-x86_64-fedora-clang, r-devel-linux-x86_64-fedora-gcc, r-devel-macos-x86_64-clang, r-devel-windows-ix86+x86_64, r-patched-solaris-sparc, r-patched-solaris-x86, r-release-osx-x86_64-mavericks, r-release-windows-ix86+x86_64, r-oldrel-windows-ix86+x86_64

Version: 2.4-3
Check: whether package can be installed
Result: WARN
    Found the following significant warnings:
     d:\RCompile\CRANpkg\lib\3.4/BH/include/boost/unordered/detail/buckets.hpp:703:29: warning: ISO C++ 1998 does not support 'long long' [-Wlong-long]
     d:\RCompile\CRANpkg\lib\3.4/BH/include/boost/unordered/detail/buckets.hpp:708:38: warning: ISO C++ 1998 does not support 'long long' [-Wlong-long]
     d:\RCompile\CRANpkg\lib\3.4/BH/include/boost/math/special_functions/detail/bernoulli_details.hpp:127:36: warning: ISO C++ 1998 does not support 'long long' [-Wlong-long]
     d:\RCompile\CRANpkg\lib\3.4/BH/include/boost/math/special_functions/detail/bernoulli_details.hpp:151:9: warning: ISO C++ 1998 does not support 'long long' [-Wlong-long]
Flavor: r-devel-windows-ix86+x86_64

Version: 2.4-3
Check: examples
Result: ERROR
    Running examples in ‘pcalg-Ex.R’ failed
    The error most likely occurred in:
    
    > ### Name: unifDAG
    > ### Title: Uniform Sampling of Directed Acyclic Graphs (DAG)
    > ### Aliases: unifDAG unifDAG.approx
    > ### Keywords: graphs models
    >
    > ### ** Examples
    >
    > # require("Rgraphviz")
    > set.seed(123)
    > dag1 <- unifDAG(n=10)
    GNU MP: Cannot allocate memory (size=4)
Flavor: r-patched-solaris-sparc

Version: 2.4-3
Check: tests
Result: ERROR
    Running the tests in ‘tests/test_unifDAG.R’ failed.
    Last 13 lines of output:
     + gAM <- unifDAG(n)
     + wm <- wgtMatrix(gAM)
     + if (wm[1,2] != 0) {
     + res[i,1] <- 1
     + } else {
     + if (wm[2,1] != 0) {
     + res[i,2] <- 1
     + } else {
     + res[i,3] <- 1
     + }
     + }
     + }
     GNU MP: Cannot allocate memory (size=4)
Flavor: r-patched-solaris-sparc

Version: 2.2-4
Check: installed package size
Result: NOTE
     installed size is 12.5Mb
     sub-directories of 1Mb or more:
     R 2.4Mb
     data 2.1Mb
     libs 6.1Mb
Flavor: r-release-linux-x86_64