CRAN Package Check Results for Package pcalg

Last updated on 2017-10-17 19:48:04.

Flavor Version Tinstall Tcheck Ttotal Status Flags
r-devel-linux-x86_64-debian-clang 2.5-0 61.67 352.20 413.87 OK
r-devel-linux-x86_64-debian-gcc 2.5-0 66.84 357.11 423.95 OK
r-devel-linux-x86_64-fedora-clang 2.5-0 809.78 NOTE
r-devel-linux-x86_64-fedora-gcc 2.5-0 826.25 NOTE
r-devel-windows-ix86+x86_64 2.5-0 147.00 1497.00 1644.00 WARN
r-patched-linux-x86_64 2.5-0 63.08 340.43 403.51 OK
r-patched-solaris-x86 2.5-0 945.50 NOTE
r-release-linux-x86_64 2.5-0 62.60 333.59 396.19 OK
r-release-windows-ix86+x86_64 2.5-0 210.00 1370.00 1580.00 NOTE
r-release-osx-x86_64 2.5-0 ERROR
r-oldrel-windows-ix86+x86_64 2.5-0 214.00 1388.00 1602.00 NOTE
r-oldrel-osx-x86_64 2.5-0 NOTE

Check Details

Version: 2.5-0
Check: installed package size
Result: NOTE
     installed size is 13.1Mb
     sub-directories of 1Mb or more:
     R 2.6Mb
     data 2.1Mb
     libs 6.3Mb
Flavors: r-devel-linux-x86_64-fedora-clang, r-devel-linux-x86_64-fedora-gcc, r-devel-windows-ix86+x86_64, r-patched-solaris-x86, r-release-windows-ix86+x86_64, r-oldrel-windows-ix86+x86_64, r-oldrel-osx-x86_64

Version: 2.5-0
Check: whether package can be installed
Result: WARN
    Found the following significant warnings:
     d:/RCompile/CRANpkg/lib/3.5/BH/include/boost/math/special_functions/detail/bernoulli_details.hpp:128:36: warning: ISO C++ 1998 does not support 'long long' [-Wlong-long]
     d:/RCompile/CRANpkg/lib/3.5/BH/include/boost/math/special_functions/detail/bernoulli_details.hpp:152:9: warning: ISO C++ 1998 does not support 'long long' [-Wlong-long]
Flavor: r-devel-windows-ix86+x86_64

Version: 2.5-0
Check: package dependencies
Result: ERROR
    Packages required but not available: ‘graph’ ‘RBGL’
    
    Package suggested but not available for checking: ‘Rgraphviz’
    
    See section ‘The DESCRIPTION file’ in the ‘Writing R Extensions’
    manual.
Flavor: r-release-osx-x86_64