CRAN Package Check Results for Package pcalg

Last updated on 2015-03-30 00:48:26.

Flavor Version Tinstall Tcheck Ttotal Status Flags
r-devel-linux-x86_64-debian-clang 2.0-10 41.65 152.12 193.78 NOTE
r-devel-linux-x86_64-debian-gcc 2.0-10 47.72 149.53 197.24 NOTE
r-devel-linux-x86_64-fedora-clang 2.0-10 402.13 NOTE
r-devel-linux-x86_64-fedora-gcc 2.0-10 420.10 NOTE
r-devel-osx-x86_64-clang 2.0-10 334.64 NOTE
r-prerel-windows-ix86+x86_64 2.0-10 123.00 355.00 478.00 NOTE
r-prerel-linux-x86_64 2.0-10 50.57 149.64 200.21 NOTE
r-prerel-solaris-sparc 2.0-10 145.40 ERROR
r-prerel-solaris-x86 2.0-10 485.90 NOTE
r-release-linux-x86_64 2.0-10 52.62 175.28 227.90 NOTE
r-release-osx-x86_64-mavericks 2.0-10 NOTE
r-release-osx-x86_64-snowleopard 2.0-10 NOTE
r-release-windows-ix86+x86_64 2.0-10 138.00 412.00 550.00 NOTE
r-oldrel-windows-ix86+x86_64 2.0-10 137.00 483.00 620.00 NOTE

Check Details

Version: 2.0-10
Check: installed package size
Result: NOTE
     installed size is 10.4Mb
     sub-directories of 1Mb or more:
     data 2.1Mb
     libs 5.9Mb
Flavors: r-devel-linux-x86_64-debian-clang, r-devel-linux-x86_64-debian-gcc, r-devel-linux-x86_64-fedora-clang, r-devel-linux-x86_64-fedora-gcc, r-devel-osx-x86_64-clang, r-prerel-windows-ix86+x86_64, r-prerel-linux-x86_64, r-prerel-solaris-x86, r-release-linux-x86_64, r-release-osx-x86_64-mavericks, r-release-osx-x86_64-snowleopard, r-release-windows-ix86+x86_64, r-oldrel-windows-ix86+x86_64

Version: 2.0-10
Check: whether package can be installed
Result: ERROR
    Installation failed.
Flavor: r-prerel-solaris-sparc