CRAN Package Check Results for Package pcalg

Last updated on 2018-05-28 04:49:33 CEST.

Flavor Version Tinstall Tcheck Ttotal Status Flags
r-devel-linux-x86_64-debian-clang 2.5-0 84.29 515.11 599.40 OK
r-devel-linux-x86_64-debian-gcc 2.5-0 71.50 434.76 506.26 OK
r-devel-linux-x86_64-fedora-clang 2.5-0 800.11 NOTE
r-devel-linux-x86_64-fedora-gcc 2.5-0 787.84 NOTE
r-devel-windows-ix86+x86_64 2.5-0 155.00 1061.00 1216.00 WARN
r-patched-linux-x86_64 2.5-0 93.54 571.78 665.32 OK
r-patched-solaris-x86 2.5-0 958.20 NOTE
r-release-linux-x86_64 2.5-0 91.27 529.26 620.53 OK
r-release-windows-ix86+x86_64 2.5-0 214.00 1431.00 1645.00 NOTE
r-release-osx-x86_64 2.5-0 NOTE
r-oldrel-windows-ix86+x86_64 2.5-0 208.00 990.00 1198.00 NOTE
r-oldrel-osx-x86_64 2.5-0 NOTE

Check Details

Version: 2.5-0
Check: installed package size
Result: NOTE
     installed size is 13.3Mb
     sub-directories of 1Mb or more:
     R 2.5Mb
     data 2.1Mb
     libs 6.6Mb
Flavors: r-devel-linux-x86_64-fedora-clang, r-devel-linux-x86_64-fedora-gcc, r-devel-windows-ix86+x86_64, r-patched-solaris-x86, r-release-windows-ix86+x86_64, r-release-osx-x86_64, r-oldrel-windows-ix86+x86_64, r-oldrel-osx-x86_64

Version: 2.5-0
Check: whether package can be installed
Result: WARN
    Found the following significant warnings:
     d:/RCompile/CRANpkg/lib/3.6/BH/include/boost/math/special_functions/detail/bernoulli_details.hpp:72:36: warning: ISO C++ 1998 does not support 'long long' [-Wlong-long]
     d:/RCompile/CRANpkg/lib/3.6/BH/include/boost/math/special_functions/detail/bernoulli_details.hpp:96:9: warning: ISO C++ 1998 does not support 'long long' [-Wlong-long]
Flavor: r-devel-windows-ix86+x86_64