CRAN Package Check Results for Package pcalg

Last updated on 2014-07-30 20:48:49.

Flavor Version Tinstall Tcheck Ttotal Status Flags
r-devel-linux-x86_64-debian-clang 2.0-3 37.74 148.39 186.13 NOTE
r-devel-linux-x86_64-debian-gcc 2.0-3 54.76 151.11 205.87 NOTE
r-devel-linux-x86_64-fedora-clang 2.0-3 421.90 NOTE
r-devel-linux-x86_64-fedora-gcc 2.0-3 403.30 NOTE
r-devel-osx-x86_64-clang 2.0-3 302.20 NOTE
r-devel-windows-ix86+x86_64 2.0-3 117.00 335.00 452.00 NOTE
r-patched-linux-x86_64 2.0-3 47.34 152.82 200.16 NOTE
r-patched-solaris-sparc 2.0-3 2441.40 NOTE
r-patched-solaris-x86 2.0-3 502.50 NOTE
r-release-linux-ix86 2.0-3 58.38 179.51 237.90 NOTE
r-release-linux-x86_64 2.0-3 50.90 151.46 202.36 NOTE
r-release-osx-x86_64-mavericks 2.0-3 NOTE
r-release-osx-x86_64-snowleopard 2.0-3 NOTE
r-release-windows-ix86+x86_64 2.0-3 118.00 367.00 485.00 NOTE
r-oldrel-windows-ix86+x86_64 2.0-3 176.00 516.00 692.00 NOTE

Check Details

Version: 2.0-3
Check: installed package size
Result: NOTE
     installed size is 9.8Mb
     sub-directories of 1Mb or more:
     data 2.1Mb
     libs 5.3Mb
Flavors: r-devel-linux-x86_64-debian-clang, r-devel-linux-x86_64-debian-gcc, r-devel-linux-x86_64-fedora-clang, r-devel-linux-x86_64-fedora-gcc, r-devel-osx-x86_64-clang, r-devel-windows-ix86+x86_64, r-patched-linux-x86_64, r-patched-solaris-sparc, r-patched-solaris-x86, r-release-linux-ix86, r-release-linux-x86_64, r-release-osx-x86_64-mavericks, r-release-osx-x86_64-snowleopard, r-release-windows-ix86+x86_64, r-oldrel-windows-ix86+x86_64

Version: 2.0-3
Check: re-building of vignette outputs
Result: NOTE
    Error in re-building vignettes:
     ...
    Loading required package: Rgraphviz
    Loading required package: graph
    Loading required package: grid
    No need to specify 'p', when 'labels' is given
    Error in texi2dvi(file = file, pdf = TRUE, clean = clean, quiet = quiet, :
     Running 'texi2dvi' on 'pcalgDoc.tex' failed.
    LaTeX errors:
    ! LaTeX Error: File `algorithmic.sty' not found.
    
    Type X to quit or <RETURN> to proceed,
    or enter new name. (Default extension: sty)
    
    est/pcalg/vignettes/pcalgDoc.tex:14: ==> Fatal error occurred, no output PDF f
    ile produced!
    Calls: buildVignettes -> texi2pdf -> texi2dvi
    Execution halted
Flavor: r-release-osx-x86_64-mavericks