CRAN Package Check Results for Package pcalg

Last updated on 2017-12-17 18:46:33 CET.

Flavor Version Tinstall Tcheck Ttotal Status Flags
r-devel-linux-x86_64-debian-clang 2.5-0 77.79 562.76 640.55 OK
r-devel-linux-x86_64-debian-gcc 2.5-0 69.14 425.91 495.05 OK
r-devel-linux-x86_64-fedora-clang 2.5-0 778.50 NOTE
r-devel-linux-x86_64-fedora-gcc 2.5-0 768.38 NOTE
r-devel-windows-ix86+x86_64 2.5-0 154.00 1007.00 1161.00 WARN
r-patched-linux-x86_64 2.5-0 83.55 607.96 691.51 OK
r-patched-solaris-x86 2.5-0 887.30 NOTE
r-release-linux-x86_64 2.5-0 85.22 572.12 657.34 OK
r-release-windows-ix86+x86_64 2.5-0 158.00 1003.00 1161.00 NOTE
r-release-osx-x86_64 2.5-0 NOTE
r-oldrel-windows-ix86+x86_64 2.5-0 201.00 1312.00 1513.00 NOTE
r-oldrel-osx-x86_64 2.5-0 NOTE

Check Details

Version: 2.5-0
Check: installed package size
Result: NOTE
     installed size is 13.1Mb
     sub-directories of 1Mb or more:
     R 2.6Mb
     data 2.1Mb
     libs 6.4Mb
Flavors: r-devel-linux-x86_64-fedora-clang, r-devel-linux-x86_64-fedora-gcc, r-devel-windows-ix86+x86_64, r-patched-solaris-x86, r-release-windows-ix86+x86_64, r-release-osx-x86_64, r-oldrel-windows-ix86+x86_64, r-oldrel-osx-x86_64

Version: 2.5-0
Check: whether package can be installed
Result: WARN
    Found the following significant warnings:
     d:/RCompile/CRANpkg/lib/3.5/BH/include/boost/math/special_functions/detail/bernoulli_details.hpp:128:36: warning: ISO C++ 1998 does not support 'long long' [-Wlong-long]
     d:/RCompile/CRANpkg/lib/3.5/BH/include/boost/math/special_functions/detail/bernoulli_details.hpp:152:9: warning: ISO C++ 1998 does not support 'long long' [-Wlong-long]
Flavor: r-devel-windows-ix86+x86_64