CRAN Package Check Results for Package pcalg

Last updated on 2015-05-26 04:47:05.

Flavor Version Tinstall Tcheck Ttotal Status Flags
r-devel-linux-x86_64-debian-clang 2.2-0 44.85 168.13 212.98 NOTE
r-devel-linux-x86_64-debian-gcc 2.2-0 49.30 164.93 214.22 NOTE
r-devel-linux-x86_64-fedora-clang 2.2-0 443.83 NOTE
r-devel-linux-x86_64-fedora-gcc 2.2-0 422.41 NOTE
r-devel-osx-x86_64-clang 2.2-0 347.17 NOTE
r-devel-windows-ix86+x86_64 2.2-0 137.00 405.00 542.00 NOTE
r-patched-linux-x86_64 2.2-0 50.24 165.42 215.66 NOTE
r-patched-solaris-sparc 2.2-0 2965.80 ERROR
r-patched-solaris-x86 2.2-0 586.90 NOTE
r-release-linux-x86_64 2.2-0 50.24 164.99 215.24 NOTE
r-release-osx-x86_64-mavericks 2.2-0 NOTE
r-release-osx-x86_64-snowleopard 2.2-0 ERROR
r-release-windows-ix86+x86_64 2.2-0 144.00 392.00 536.00 NOTE
r-oldrel-windows-ix86+x86_64 2.2-0 141.00 467.00 608.00 NOTE

Check Details

Version: 2.2-0
Check: installed package size
Result: NOTE
     installed size is 12.4Mb
     sub-directories of 1Mb or more:
     R 2.4Mb
     data 2.1Mb
     libs 5.9Mb
Flavors: r-devel-linux-x86_64-debian-clang, r-devel-linux-x86_64-debian-gcc, r-devel-linux-x86_64-fedora-clang, r-devel-linux-x86_64-fedora-gcc, r-devel-osx-x86_64-clang, r-devel-windows-ix86+x86_64, r-patched-linux-x86_64, r-patched-solaris-sparc, r-patched-solaris-x86, r-release-linux-x86_64, r-release-osx-x86_64-mavericks, r-release-windows-ix86+x86_64, r-oldrel-windows-ix86+x86_64

Version: 2.2-0
Check: examples
Result: ERROR
    Running examples in ‘pcalg-Ex.R’ failed
    The error most likely occurred in:
    
    > ### Name: Uniform DAG Sampling
    > ### Title: Sample DAG uniformly
    > ### Aliases: unifDAG unifDAG.approx
    > ### Keywords: DAG uniform sampling exact enumeration
    >
    > ### ** Examples
    >
    > # require("Rgraphviz")
    > set.seed(123)
    > dag1 <- unifDAG(20)
    GNU MP: Cannot allocate memory (size=4)
Flavor: r-patched-solaris-sparc

Version: 2.2-0
Check: tests
Result: ERROR
    Running the tests in ‘tests/test_unifDAG.R’ failed.
    Last 13 lines of output:
     + gAM <- unifDAG(n)
     + wm <- wgtMatrix(gAM)
     + if (wm[1,2] != 0) {
     + res[i,1] <- 1
     + } else {
     + if (wm[2,1] != 0) {
     + res[i,2] <- 1
     + } else {
     + res[i,3] <- 1
     + }
     + }
     + }
     GNU MP: Cannot allocate memory (size=4)
Flavor: r-patched-solaris-sparc

Version: 2.2-0
Check: package dependencies
Result: ERROR
    Packages required but not available: ‘graph’ ‘RBGL’
    
    Package suggested but not available for checking: ‘Rgraphviz’
    
    See section ‘The DESCRIPTION file’ in the ‘Writing R Extensions’
    manual.
Flavor: r-release-osx-x86_64-snowleopard