CRAN Package Check Results for Package pcalg

Last updated on 2014-08-22 11:48:03.

Flavor Version Tinstall Tcheck Ttotal Status Flags
r-devel-linux-x86_64-debian-clang 2.0-3 37.38 143.34 180.72 NOTE
r-devel-linux-x86_64-debian-gcc 2.0-3 45.97 141.51 187.48 NOTE
r-devel-linux-x86_64-fedora-clang 2.0-3 401.36 NOTE
r-devel-linux-x86_64-fedora-gcc 2.0-3 382.09 NOTE
r-devel-osx-x86_64-clang 2.0-3 281.02 NOTE
r-devel-windows-ix86+x86_64 2.0-3 122.00 336.00 458.00 NOTE
r-patched-linux-x86_64 2.0-3 52.39 152.57 204.96 NOTE
r-patched-solaris-sparc 2.0-3 2441.40 NOTE
r-patched-solaris-x86 2.0-3 503.30 NOTE
r-release-linux-ix86 2.0-3 58.69 181.79 240.48 NOTE
r-release-linux-x86_64 2.0-3 50.85 156.62 207.47 NOTE
r-release-osx-x86_64-mavericks 2.0-3 NOTE
r-release-osx-x86_64-snowleopard 2.0-3 NOTE
r-release-windows-ix86+x86_64 2.0-3 135.00 363.00 498.00 NOTE
r-oldrel-windows-ix86+x86_64 2.0-3 119.00 380.00 499.00 NOTE

Check Details

Version: 2.0-3
Check: installed package size
Result: NOTE
     installed size is 9.9Mb
     sub-directories of 1Mb or more:
     data 2.1Mb
     libs 5.4Mb
Flavors: r-devel-linux-x86_64-debian-clang, r-devel-linux-x86_64-debian-gcc, r-devel-linux-x86_64-fedora-clang, r-devel-linux-x86_64-fedora-gcc, r-devel-osx-x86_64-clang, r-devel-windows-ix86+x86_64, r-patched-linux-x86_64, r-patched-solaris-sparc, r-patched-solaris-x86, r-release-linux-ix86, r-release-linux-x86_64, r-release-osx-x86_64-mavericks, r-release-osx-x86_64-snowleopard, r-release-windows-ix86+x86_64, r-oldrel-windows-ix86+x86_64

Version: 2.0-3
Check: R code for possible problems
Result: NOTE
    plotAG: no visible global function definition for ‘edgeRenderInfo<-’
    udag2pdagSpecial: no visible global function definition for
     ‘digitsBase’
    wgtMatrix.0: no visible global function definition for
     ‘edgeDataDefaults<-’
    coerce,EssGraph-graphNEL: no visible global function definition for
     ‘reverseEdgeDirections’
    coerce,ParDAG-graphNEL: no visible global function definition for
     ‘reverseEdgeDirections’
Flavors: r-devel-linux-x86_64-fedora-clang, r-devel-linux-x86_64-fedora-gcc, r-devel-osx-x86_64-clang

Version: 2.0-3
Check: re-building of vignette outputs
Result: NOTE
    Error in re-building vignettes:
     ...
    Loading required package: Rgraphviz
    Loading required package: graph
    Loading required package: grid
    No need to specify 'p', when 'labels' is given
    Error in texi2dvi(file = file, pdf = TRUE, clean = clean, quiet = quiet, :
     Running 'texi2dvi' on 'pcalgDoc.tex' failed.
    LaTeX errors:
    ! LaTeX Error: File `algorithmic.sty' not found.
    
    Type X to quit or <RETURN> to proceed,
    or enter new name. (Default extension: sty)
    
    est/pcalg/vignettes/pcalgDoc.tex:14: ==> Fatal error occurred, no output PDF f
    ile produced!
    Calls: buildVignettes -> texi2pdf -> texi2dvi
    Execution halted
Flavor: r-release-osx-x86_64-mavericks