CRAN Package Check Results for Package pcalg

Last updated on 2015-01-29 05:48:28.

Flavor Version Tinstall Tcheck Ttotal Status Flags
r-devel-linux-x86_64-debian-clang 2.0-3 38.34 135.72 174.06 NOTE
r-devel-linux-x86_64-debian-gcc 2.0-3 45.90 132.68 178.58 NOTE
r-devel-linux-x86_64-fedora-clang 2.0-3 412.86 NOTE
r-devel-linux-x86_64-fedora-gcc 2.0-3 373.33 NOTE
r-devel-osx-x86_64-clang 2.0-3 293.81 NOTE
r-devel-windows-ix86+x86_64 2.0-3 167.00 324.00 491.00 NOTE
r-patched-linux-x86_64 2.0-3 48.62 150.31 198.93 NOTE
r-patched-solaris-sparc 2.0-3 168.70 ERROR
r-patched-solaris-x86 2.0-3 478.00 NOTE
r-release-linux-ix86 2.0-3 57.69 174.95 232.64 NOTE
r-release-linux-x86_64 2.0-3 48.30 153.82 202.12 NOTE
r-release-osx-x86_64-mavericks 2.0-3 NOTE
r-release-osx-x86_64-snowleopard 2.0-3 NOTE
r-release-windows-ix86+x86_64 2.0-3 135.00 381.00 516.00 NOTE
r-oldrel-windows-ix86+x86_64 2.0-3 133.00 384.00 517.00 NOTE

Memtest notes: UBSAN-clang-trunk UBSAN-clang-trunk UBSAN-gcc UBSAN-gcc

Check Details

Version: 2.0-3
Check: installed package size
Result: NOTE
     installed size is 10.6Mb
     sub-directories of 1Mb or more:
     data 2.1Mb
     libs 6.1Mb
Flavors: r-devel-linux-x86_64-debian-clang, r-devel-linux-x86_64-debian-gcc, r-devel-linux-x86_64-fedora-clang, r-devel-linux-x86_64-fedora-gcc, r-devel-osx-x86_64-clang, r-devel-windows-ix86+x86_64, r-patched-linux-x86_64, r-patched-solaris-x86, r-release-linux-ix86, r-release-linux-x86_64, r-release-osx-x86_64-mavericks, r-release-osx-x86_64-snowleopard, r-release-windows-ix86+x86_64, r-oldrel-windows-ix86+x86_64

Version: 2.0-3
Check: dependencies in R code
Result: NOTE
    'library' or 'require' call to ‘Rgraphviz’ in package code.
     Please use :: or requireNamespace() instead.
     See section 'Suggested packages' in the 'Writing R Extensions' manual.
Flavors: r-devel-linux-x86_64-debian-clang, r-devel-linux-x86_64-debian-gcc, r-devel-linux-x86_64-fedora-clang, r-devel-linux-x86_64-fedora-gcc, r-devel-osx-x86_64-clang, r-devel-windows-ix86+x86_64

Version: 2.0-3
Check: R code for possible problems
Result: NOTE
    plotAG: no visible global function definition for ‘edgeRenderInfo<-’
    udag2pdagSpecial: no visible global function definition for
     ‘digitsBase’
    wgtMatrix.0: no visible global function definition for
     ‘edgeDataDefaults<-’
    coerce,EssGraph-graphNEL: no visible global function definition for
     ‘reverseEdgeDirections’
    coerce,ParDAG-graphNEL: no visible global function definition for
     ‘reverseEdgeDirections’
Flavors: r-devel-linux-x86_64-debian-clang, r-devel-linux-x86_64-debian-gcc, r-devel-linux-x86_64-fedora-clang, r-devel-linux-x86_64-fedora-gcc, r-devel-osx-x86_64-clang, r-devel-windows-ix86+x86_64, r-patched-linux-x86_64, r-patched-solaris-x86, r-release-linux-ix86, r-release-linux-x86_64, r-release-osx-x86_64-mavericks, r-release-windows-ix86+x86_64

Version: 2.0-3
Check: whether package can be installed
Result: ERROR
    Installation failed.
Flavor: r-patched-solaris-sparc