CRAN Package Check Results for Package pcalg

Last updated on 2014-04-23 12:48:24.

Flavor Version Tinstall Tcheck Ttotal Status Flags
r-devel-linux-x86_64-debian-clang 2.0-2 38.60 155.24 193.84 WARN
r-devel-linux-x86_64-debian-gcc 2.0-2 47.22 157.39 204.61 WARN
r-devel-linux-x86_64-fedora-clang 2.0-2 423.21 WARN
r-devel-linux-x86_64-fedora-gcc 2.0-2 411.98 WARN
r-devel-osx-x86_64-clang 2.0-2 309.52 WARN
r-devel-osx-x86_64-gcc 2.0-2 ERROR
r-devel-windows-ix86+x86_64 2.0-2 117.00 381.00 498.00 WARN
r-patched-linux-x86_64 2.0-2 47.14 155.10 202.24 WARN
r-patched-solaris-sparc 2.0-2 2192.90 NOTE
r-patched-solaris-x86 2.0-2 493.10 NOTE
r-release-linux-ix86 2.0-2 68.00 226.00 294.00 WARN
r-release-linux-x86_64 2.0-2 46.78 155.62 202.40 WARN
r-release-osx-x86_64-mavericks 2.0-2 ERROR
r-release-osx-x86_64-snowleopard 2.0-2 ERROR
r-release-windows-ix86+x86_64 2.0-2 128.00 360.00 488.00 WARN
r-oldrel-windows-ix86+x86_64 2.0-2 120.00 431.00 551.00 NOTE

Check Details

Version: 2.0-2
Check: whether package can be installed
Result: WARNING
    Found the following significant warnings:
     greedy.cpp:447:1: warning: control reaches end of non-void function [-Wreturn-type]
    See ‘/home/hornik/tmp/R.check/r-devel-clang/Work/PKGS/pcalg.Rcheck/00install.out’ for details.
Flavor: r-devel-linux-x86_64-debian-clang

Version: 2.0-2
Check: installed package size
Result: NOTE
     installed size is 9.8Mb
     sub-directories of 1Mb or more:
     data 2.1Mb
     libs 5.3Mb
Flavors: r-devel-linux-x86_64-debian-clang, r-devel-linux-x86_64-debian-gcc, r-devel-linux-x86_64-fedora-clang, r-devel-linux-x86_64-fedora-gcc, r-devel-osx-x86_64-clang, r-devel-windows-ix86+x86_64, r-patched-linux-x86_64, r-patched-solaris-sparc, r-patched-solaris-x86, r-release-linux-ix86, r-release-linux-x86_64, r-release-windows-ix86+x86_64, r-oldrel-windows-ix86+x86_64

Version: 2.0-2
Check: whether package can be installed
Result: WARNING
    Found the following significant warnings:
     greedy.cpp:447:1: warning: no return statement in function returning non-void [-Wreturn-type]
    See ‘/home/hornik/tmp/R.check/r-devel-gcc/Work/PKGS/pcalg.Rcheck/00install.out’ for details.
Flavor: r-devel-linux-x86_64-debian-gcc

Version: 2.0-2
Check: whether package can be installed
Result: WARNING
    Found the following significant warnings:
     greedy.cpp:447:1: warning: control reaches end of non-void function [-Wreturn-type]
    See ‘/data/gannet/ripley/R/packages/tests-clang/pcalg.Rcheck/00install.out’ for details.
Flavor: r-devel-linux-x86_64-fedora-clang

Version: 2.0-2
Check: whether package can be installed
Result: WARNING
    Found the following significant warnings:
     greedy.cpp:447:1: warning: no return statement in function returning non-void [-Wreturn-type]
    See ‘/data/gannet/ripley/R/packages/tests-devel/pcalg.Rcheck/00install.out’ for details.
Flavor: r-devel-linux-x86_64-fedora-gcc

Version: 2.0-2
Check: whether package can be installed
Result: WARNING
    Found the following significant warnings:
     greedy.cpp:447:1: warning: control reaches end of non-void function [-Wreturn-type]
    See ‘/Users/ripley/R/packages/tests-devel/pcalg.Rcheck/00install.out’ for details.
Flavor: r-devel-osx-x86_64-clang

Version: 2.0-2
Check: package dependencies
Result: ERROR
    Packages required but not available:
     ‘graph’ ‘RBGL’ ‘igraph’ ‘ggm’ ‘robustbase’
    
    Package suggested but not available for checking: ‘Rgraphviz’
    
    See the information on DESCRIPTION files in the chapter ‘Creating R
    packages’ of the ‘Writing R Extensions’ manual.
Flavor: r-devel-osx-x86_64-gcc

Version: 2.0-2
Check: whether package can be installed
Result: WARNING
    Found the following significant warnings:
     greedy.cpp:447:1: warning: no return statement in function returning non-void [-Wreturn-type]
     greedy.cpp:447:1: warning: no return statement in function returning non-void [-Wreturn-type]
    See 'd:/Rcompile/CRANpkg/local/3.2/pcalg.Rcheck/00install.out' for details.
Flavor: r-devel-windows-ix86+x86_64

Version: 2.0-2
Check: whether package can be installed
Result: WARNING
    Found the following significant warnings:
     greedy.cpp:447:1: warning: no return statement in function returning non-void [-Wreturn-type]
    See ‘/home/hornik/tmp/R.check/r-patched-gcc/Work/PKGS/pcalg.Rcheck/00install.out’ for details.
Flavor: r-patched-linux-x86_64

Version: 2.0-2
Check: whether package can be installed
Result: WARNING
    Found the following significant warnings:
     greedy.cpp:447:1: warning: no return statement in function returning non-void [-Wreturn-type]
    See ‘/home/hornik/tmp/R.check/r-release-gcc/Work/PKGS/pcalg.Rcheck/00install.out’ for details.
Flavors: r-release-linux-ix86, r-release-linux-x86_64

Version: 2.0-2
Check: package dependencies
Result: ERROR
    Packages required but not available: ‘graph’ ‘RBGL’
    
    Package suggested but not available for checking: ‘Rgraphviz’
    
    See the information on DESCRIPTION files in the chapter ‘Creating R
    packages’ of the ‘Writing R Extensions’ manual.
Flavors: r-release-osx-x86_64-mavericks, r-release-osx-x86_64-snowleopard

Version: 2.0-2
Check: whether package can be installed
Result: WARNING
    Found the following significant warnings:
     greedy.cpp:447:1: warning: no return statement in function returning non-void [-Wreturn-type]
     greedy.cpp:447:1: warning: no return statement in function returning non-void [-Wreturn-type]
    See 'd:/Rcompile/CRANpkg/local/3.1/pcalg.Rcheck/00install.out' for details.
Flavor: r-release-windows-ix86+x86_64