CRAN Package Check Results for Package pcalg

Last updated on 2015-04-19 23:49:22.

Flavor Version Tinstall Tcheck Ttotal Status Flags
r-devel-linux-x86_64-debian-clang 2.0-10 44.95 149.91 194.86 NOTE
r-devel-linux-x86_64-debian-gcc 2.0-10 48.03 150.97 199.00 NOTE
r-devel-linux-x86_64-fedora-clang 2.0-10 400.55 NOTE
r-devel-linux-x86_64-fedora-gcc 2.0-10 382.08 NOTE
r-devel-osx-x86_64-clang 2.0-10 305.85 NOTE
r-devel-windows-ix86+x86_64 2.0-10 171.00 380.00 551.00 NOTE
r-patched-linux-x86_64 2.0-10 53.88 152.60 206.48 NOTE
r-patched-solaris-sparc 2.0-10 145.40 ERROR
r-patched-solaris-x86 2.0-10 486.50 NOTE
r-release-linux-x86_64 2.0-10 51.15 153.36 204.51 NOTE
r-release-osx-x86_64-mavericks 2.0-10 NOTE
r-release-osx-x86_64-snowleopard 2.0-10 ERROR
r-release-windows-ix86+x86_64 2.0-10 118.00 341.00 459.00 NOTE
r-oldrel-windows-ix86+x86_64 2.0-10 122.00 390.00 512.00 NOTE

Check Details

Version: 2.0-10
Check: installed package size
Result: NOTE
     installed size is 10.4Mb
     sub-directories of 1Mb or more:
     data 2.1Mb
     libs 5.9Mb
Flavors: r-devel-linux-x86_64-debian-clang, r-devel-linux-x86_64-debian-gcc, r-devel-linux-x86_64-fedora-clang, r-devel-linux-x86_64-fedora-gcc, r-devel-osx-x86_64-clang, r-devel-windows-ix86+x86_64, r-patched-linux-x86_64, r-patched-solaris-x86, r-release-linux-x86_64, r-release-osx-x86_64-mavericks, r-release-windows-ix86+x86_64, r-oldrel-windows-ix86+x86_64

Version: 2.0-10
Check: whether package can be installed
Result: ERROR
    Installation failed.
Flavor: r-patched-solaris-sparc

Version: 2.0-10
Check: package dependencies
Result: ERROR
    Packages required but not available: ‘graph’ ‘RBGL’ ‘igraph’ ‘ggm’
    
    Package suggested but not available for checking: ‘Rgraphviz’
    
    See section ‘The DESCRIPTION file’ in the ‘Writing R Extensions’
    manual.
Flavor: r-release-osx-x86_64-snowleopard