CRAN Package Check Results for Package pcalg

Last updated on 2016-12-10 08:47:42.

Flavor Version Tinstall Tcheck Ttotal Status Flags
r-devel-linux-x86_64-debian-clang 2.4-3 53.93 213.18 267.11 OK
r-devel-linux-x86_64-debian-gcc 2.4-3 59.46 205.09 264.55 OK
r-devel-linux-x86_64-fedora-clang 2.4-3 531.70 NOTE --no-stop-on-test-error
r-devel-linux-x86_64-fedora-gcc 2.4-3 515.40 NOTE --no-stop-on-test-error
r-devel-macos-x86_64-clang 2.4-3 388.25 NOTE --no-stop-on-test-error
r-devel-windows-ix86+x86_64 2.4-3 154.00 745.00 899.00 WARN
r-patched-linux-x86_64 2.4-3 52.65 187.32 239.97 OK
r-patched-solaris-sparc 2.4-3 2888.80 ERROR
r-patched-solaris-x86 2.4-3 544.60 NOTE
r-release-linux-x86_64 2.4-3 54.53 189.28 243.81 OK
r-release-osx-x86_64-mavericks 2.4-3 NOTE
r-release-windows-ix86+x86_64 2.4-3 156.00 464.00 620.00 NOTE
r-oldrel-windows-ix86+x86_64 2.4-3 193.00 505.00 698.00 NOTE

Check Details

Version: 2.4-3
Flags: --no-stop-on-test-error
Check: installed package size
Result: NOTE
     installed size is 12.5Mb
     sub-directories of 1Mb or more:
     R 2.6Mb
     data 2.1Mb
     libs 5.8Mb
Flavors: r-devel-linux-x86_64-fedora-clang, r-devel-linux-x86_64-fedora-gcc, r-devel-macos-x86_64-clang

Version: 2.4-3
Check: whether package can be installed
Result: WARN
    Found the following significant warnings:
     d:/RCompile/CRANpkg/lib/3.4/BH/include/boost/unordered/detail/buckets.hpp:586:29: warning: ISO C++ 1998 does not support 'long long' [-Wlong-long]
     d:/RCompile/CRANpkg/lib/3.4/BH/include/boost/unordered/detail/buckets.hpp:591:38: warning: ISO C++ 1998 does not support 'long long' [-Wlong-long]
     d:/RCompile/CRANpkg/lib/3.4/BH/include/boost/math/special_functions/detail/bernoulli_details.hpp:128:36: warning: ISO C++ 1998 does not support 'long long' [-Wlong-long]
     d:/RCompile/CRANpkg/lib/3.4/BH/include/boost/math/special_functions/detail/bernoulli_details.hpp:152:9: warning: ISO C++ 1998 does not support 'long long' [-Wlong-long]
Flavor: r-devel-windows-ix86+x86_64

Version: 2.4-3
Check: installed package size
Result: NOTE
     installed size is 8.9Mb
     sub-directories of 1Mb or more:
     R 2.6Mb
     data 2.1Mb
     libs 2.2Mb
Flavors: r-devel-windows-ix86+x86_64, r-patched-solaris-sparc, r-patched-solaris-x86, r-release-osx-x86_64-mavericks, r-release-windows-ix86+x86_64, r-oldrel-windows-ix86+x86_64

Version: 2.4-3
Check: examples
Result: ERROR
    Running examples in ‘pcalg-Ex.R’ failed
    The error most likely occurred in:
    
    > ### Name: unifDAG
    > ### Title: Uniform Sampling of Directed Acyclic Graphs (DAG)
    > ### Aliases: unifDAG unifDAG.approx
    > ### Keywords: graphs models
    >
    > ### ** Examples
    >
    > # require("Rgraphviz")
    > set.seed(123)
    > dag1 <- unifDAG(n=10)
    GNU MP: Cannot allocate memory (size=4)
Flavor: r-patched-solaris-sparc

Version: 2.4-3
Check: tests
Result: ERROR
     Running ‘test_LINGAM.R’ [30s/30s]
     Running ‘test_amat2dag.R’ [12s/12s]
     Running ‘test_arges.R’ [13s/14s]
     Running ‘test_backdoor.R’ [60s/60s]
     Comparing ‘test_backdoor.Rout’ to ‘test_backdoor.Rout.save’ ... OK
     Running ‘test_bicscore.R’ [14s/14s]
     Running ‘test_causalEffect.R’ [12s/12s]
     Running ‘test_compareGraphs.R’ [12s/12s]
     Running ‘test_dag2cpdag.R’ [13s/13s]
     Running ‘test_dag2essgraph.R’ [15s/15s]
     Running ‘test_displayAmat.R’ [14s/14s]
     Running ‘test_dsep.R’ [13s/13s]
     Running ‘test_fci.R’ [85s/85s]
     Running ‘test_fciPlus.R’ [47s/47s]
     Running ‘test_gSquareBin.R’ [152s/152s]
     Running ‘test_gSquareDis.R’ [33s/33s]
     Running ‘test_gac.R’ [33s/33s]
     Running ‘test_getNextSet.R’ [11s/11s]
     Running ‘test_gies.R’ [35s/35s]
     Running ‘test_ida.R’ [26s/26s]
     Running ‘test_idaFast.R’ [19s/19s]
     Running ‘test_jointIda.R’ [13s/13s]
     Running ‘test_mat2targets.R’ [15s/15s]
     Running ‘test_pc.R’ [38s/38s]
     Running ‘test_pcSelect.R’ [30s/30s]
     Running ‘test_pcorOrder.R’ [11s/11s]
     Running ‘test_pdag2allDags.R’ [11s/11s]
     Running ‘test_pdag2dag.R’ [12s/12s]
     Running ‘test_randDAG.R’ [24s/24s]
     Comparing ‘test_randDAG.Rout’ to ‘test_randDAG.Rout.save’ ... OK
     Running ‘test_randomDAG.R’ [12s/12s]
     Running ‘test_rfci.R’ [260s/260s]
     Running ‘test_rmvDAG.R’ [13s/13s]
     Running ‘test_shd.R’ [11s/11s]
     Running ‘test_skeleton.R’ [33s/33s]
     Running ‘test_udag2pdag.R’ [44s/44s]
     Running ‘test_unifDAG.R’ [99s/206s]
    Running the tests in ‘tests/test_unifDAG.R’ failed.
    Last 13 lines of output:
     + gAM <- unifDAG(n)
     + wm <- wgtMatrix(gAM)
     + if (wm[1,2] != 0) {
     + res[i,1] <- 1
     + } else {
     + if (wm[2,1] != 0) {
     + res[i,2] <- 1
     + } else {
     + res[i,3] <- 1
     + }
     + }
     + }
     GNU MP: Cannot allocate memory (size=4)
Flavor: r-patched-solaris-sparc