CRAN Package Check Results for Package pcalg

Last updated on 2017-08-17 09:47:08.

Flavor Version Tinstall Tcheck Ttotal Status Flags
r-devel-linux-x86_64-debian-clang 2.5-0 58.01 348.21 406.22 OK
r-devel-linux-x86_64-debian-gcc 2.5-0 62.08 338.66 400.74 OK
r-devel-linux-x86_64-fedora-clang 2.5-0 813.64 NOTE
r-devel-linux-x86_64-fedora-gcc 2.5-0 842.35 NOTE
r-devel-windows-ix86+x86_64 2.5-0 137.00 1037.00 1174.00 WARN
r-patched-linux-x86_64 2.5-0 62.44 336.92 399.35 OK
r-patched-solaris-x86 2.5-0 915.90 NOTE
r-release-linux-x86_64 2.5-0 62.54 342.48 405.02 OK
r-release-windows-ix86+x86_64 2.5-0 170.00 1094.00 1264.00 NOTE
r-release-osx-x86_64 2.5-0 ERROR
r-oldrel-windows-ix86+x86_64 2.5-0 167.00 978.00 1145.00 NOTE
r-oldrel-osx-x86_64 2.5-0 NOTE

Check Details

Version: 2.5-0
Check: installed package size
Result: NOTE
     installed size is 13.0Mb
     sub-directories of 1Mb or more:
     R 2.6Mb
     data 2.1Mb
     libs 6.3Mb
Flavors: r-devel-linux-x86_64-fedora-clang, r-devel-linux-x86_64-fedora-gcc, r-devel-windows-ix86+x86_64, r-patched-solaris-x86, r-release-windows-ix86+x86_64, r-oldrel-windows-ix86+x86_64, r-oldrel-osx-x86_64

Version: 2.5-0
Check: whether package can be installed
Result: WARN
    Found the following significant warnings:
     d:/RCompile/CRANpkg/lib/3.5/BH/include/boost/unordered/detail/buckets.hpp:586:29: warning: ISO C++ 1998 does not support 'long long' [-Wlong-long]
     d:/RCompile/CRANpkg/lib/3.5/BH/include/boost/unordered/detail/buckets.hpp:591:38: warning: ISO C++ 1998 does not support 'long long' [-Wlong-long]
     d:/RCompile/CRANpkg/lib/3.5/BH/include/boost/math/special_functions/detail/bernoulli_details.hpp:128:36: warning: ISO C++ 1998 does not support 'long long' [-Wlong-long]
     d:/RCompile/CRANpkg/lib/3.5/BH/include/boost/math/special_functions/detail/bernoulli_details.hpp:152:9: warning: ISO C++ 1998 does not support 'long long' [-Wlong-long]
Flavor: r-devel-windows-ix86+x86_64

Version: 2.5-0
Check: package dependencies
Result: ERROR
    Packages required but not available: ‘graph’ ‘RBGL’
    
    Package suggested but not available for checking: ‘Rgraphviz’
    
    See section ‘The DESCRIPTION file’ in the ‘Writing R Extensions’
    manual.
Flavor: r-release-osx-x86_64