CRAN Package Check Results for Package pcalg

Last updated on 2015-02-28 19:51:13.

Flavor Version Tinstall Tcheck Ttotal Status Flags
r-devel-linux-x86_64-debian-clang 2.0-3 37.81 133.14 170.95 NOTE
r-devel-linux-x86_64-debian-gcc 2.0-3 46.43 129.50 175.93 NOTE
r-devel-linux-x86_64-fedora-clang 2.0-3 369.36 NOTE
r-devel-linux-x86_64-fedora-gcc 2.0-3 344.73 NOTE
r-devel-osx-x86_64-clang 2.0-3 276.24 NOTE
r-devel-windows-ix86+x86_64 2.0-3 164.00 311.00 475.00 NOTE
r-patched-linux-x86_64 2.0-3 49.32 151.51 200.84 NOTE
r-patched-solaris-sparc 2.0-3 166.80 ERROR
r-patched-solaris-x86 2.0-3 499.10 NOTE
r-release-linux-ix86 2.0-3 57.34 181.80 239.14 NOTE
r-release-linux-x86_64 2.0-3 48.05 161.13 209.18 NOTE
r-release-osx-x86_64-mavericks 2.0-3 NOTE
r-release-osx-x86_64-snowleopard 2.0-3 NOTE
r-release-windows-ix86+x86_64 2.0-3 129.00 369.00 498.00 NOTE
r-oldrel-windows-ix86+x86_64 2.0-3 135.00 381.00 516.00 NOTE

Check Details

Version: 2.0-3
Check: installed package size
Result: NOTE
     installed size is 10.6Mb
     sub-directories of 1Mb or more:
     data 2.1Mb
     libs 6.1Mb
Flavors: r-devel-linux-x86_64-debian-clang, r-devel-linux-x86_64-debian-gcc, r-devel-linux-x86_64-fedora-clang, r-devel-linux-x86_64-fedora-gcc, r-devel-osx-x86_64-clang, r-devel-windows-ix86+x86_64, r-patched-linux-x86_64, r-patched-solaris-x86, r-release-linux-ix86, r-release-linux-x86_64, r-release-osx-x86_64-mavericks, r-release-osx-x86_64-snowleopard, r-release-windows-ix86+x86_64, r-oldrel-windows-ix86+x86_64

Version: 2.0-3
Check: dependencies in R code
Result: NOTE
    'library' or 'require' call to ‘Rgraphviz’ in package code.
     Please use :: or requireNamespace() instead.
     See section 'Suggested packages' in the 'Writing R Extensions' manual.
Flavors: r-devel-linux-x86_64-debian-clang, r-devel-linux-x86_64-debian-gcc, r-devel-linux-x86_64-fedora-clang, r-devel-linux-x86_64-fedora-gcc, r-devel-osx-x86_64-clang, r-devel-windows-ix86+x86_64, r-patched-linux-x86_64, r-patched-solaris-x86

Version: 2.0-3
Check: R code for possible problems
Result: NOTE
    plotAG: no visible global function definition for ‘edgeRenderInfo<-’
    udag2pdagSpecial: no visible global function definition for
     ‘digitsBase’
    wgtMatrix.0: no visible global function definition for
     ‘edgeDataDefaults<-’
    coerce,EssGraph-graphNEL: no visible global function definition for
     ‘reverseEdgeDirections’
    coerce,ParDAG-graphNEL: no visible global function definition for
     ‘reverseEdgeDirections’
Flavors: r-devel-linux-x86_64-debian-clang, r-devel-linux-x86_64-debian-gcc, r-devel-linux-x86_64-fedora-clang, r-devel-linux-x86_64-fedora-gcc, r-devel-osx-x86_64-clang, r-devel-windows-ix86+x86_64, r-patched-linux-x86_64, r-patched-solaris-x86, r-release-linux-ix86, r-release-linux-x86_64, r-release-osx-x86_64-mavericks, r-release-windows-ix86+x86_64

Version: 2.0-3
Check: whether package can be installed
Result: ERROR
    Installation failed.
Flavor: r-patched-solaris-sparc