CRAN Package Check Results for Package pcalg

Last updated on 2015-08-28 19:47:23.

Flavor Version Tinstall Tcheck Ttotal Status Flags
r-devel-linux-x86_64-debian-clang 2.2-4 43.28 183.77 227.05 NOTE
r-devel-linux-x86_64-debian-gcc 2.2-4 50.17 178.44 228.61 NOTE
r-devel-linux-x86_64-fedora-clang 2.2-4 472.13 NOTE
r-devel-linux-x86_64-fedora-gcc 2.2-4 460.47 NOTE
r-devel-osx-x86_64-clang 2.2-4 362.42 NOTE
r-devel-windows-ix86+x86_64 2.2-4 179.00 482.00 661.00 NOTE
r-patched-linux-x86_64 2.2-4 51.58 188.88 240.46 NOTE
r-patched-solaris-sparc 2.2-4 ERROR
r-patched-solaris-x86 2.2-4 628.90 NOTE
r-release-linux-x86_64 2.2-4 50.22 188.65 238.87 NOTE
r-release-osx-x86_64-mavericks 2.2-4 NOTE
r-release-windows-ix86+x86_64 2.2-4 191.00 514.00 705.00 NOTE
r-oldrel-windows-ix86+x86_64 2.2-4 190.00 605.00 795.00 NOTE

Check Details

Version: 2.2-4
Check: installed package size
Result: NOTE
     installed size is 12.2Mb
     sub-directories of 1Mb or more:
     R 2.4Mb
     data 2.1Mb
     libs 5.8Mb
Flavors: r-devel-linux-x86_64-debian-clang, r-devel-linux-x86_64-debian-gcc, r-devel-linux-x86_64-fedora-clang, r-devel-linux-x86_64-fedora-gcc, r-devel-osx-x86_64-clang, r-devel-windows-ix86+x86_64, r-patched-linux-x86_64, r-patched-solaris-sparc, r-patched-solaris-x86, r-release-linux-x86_64, r-release-osx-x86_64-mavericks, r-release-windows-ix86+x86_64, r-oldrel-windows-ix86+x86_64

Version: 2.2-4
Check: examples
Result: ERROR
    Running examples in ‘pcalg-Ex.R’ failed
    The error most likely occurred in:
    
    > ### Name: unifDAG
    > ### Title: Uniform Sampling of Directed Acyclic Graphs (DAG)
    > ### Aliases: unifDAG unifDAG.approx
    > ### Keywords: graphs models
    >
    > ### ** Examples
    >
    > # require("Rgraphviz")
    > set.seed(123)
    > dag1 <- unifDAG(20)
    GNU MP: Cannot allocate memory (size=4)
Flavor: r-patched-solaris-sparc

Version: 2.2-4
Check: tests
Result: ERROR
    Running the tests in ‘tests/test_gSquareBin.R’ failed.
    Last 13 lines of output:
     + 0.1891, 0.09992, 0.9698, 0.3937, 5.94e-05, 0.5473, 0.3894, 0,
     + 0, 0.2236, 2.3e-06, 0.784, 0, 0, 0.3504, 0, 0.7642, 0, 0.3572,
     + 0.4259, 0, 0.8139, 0.3326, 0.01518, 0.01514, 0, 0.3541, 0.021,
     + 0, 0, 0.6647, 0.6167, 0, 0.4136)
     >
     > (eq6 <- all.equal(pv6, pv6.ok[ia], tol= 1e-4))
     [1] TRUE
     > ok6 <- isTRUE(eq6)
     >
     > if (!all(ok1,ok2,ok3,ok4,ok5,ok6))
     + stop("Test gSquareBin wrong: Some dependence was not estimated correctly!")
     Error: Test gSquareBin wrong: Some dependence was not estimated correctly!
     Execution halted
Flavor: r-patched-solaris-sparc