Last updated on 2021-04-17 18:50:05 CEST.
Flavor | Version | Tinstall | Tcheck | Ttotal | Status | Flags |
---|---|---|---|---|---|---|
r-devel-linux-x86_64-debian-clang | 1.0 | 2.08 | 21.92 | 24.00 | NOTE | |
r-devel-linux-x86_64-debian-gcc | 1.0 | 1.43 | 17.40 | 18.83 | NOTE | |
r-devel-linux-x86_64-fedora-clang | 1.0 | 39.10 | NOTE | |||
r-devel-linux-x86_64-fedora-gcc | 1.0 | 30.38 | NOTE | |||
r-devel-windows-ix86+x86_64 | 1.0 | 10.00 | 28.00 | 38.00 | NOTE | |
r-devel-windows-x86_64-gcc10-UCRT | 1.0 | NOTE | ||||
r-patched-linux-x86_64 | 1.0 | 1.84 | 21.21 | 23.05 | OK | |
r-patched-solaris-x86 | 1.0 | 45.70 | OK | |||
r-release-linux-x86_64 | 1.0 | 1.59 | 21.14 | 22.73 | OK | |
r-release-macos-x86_64 | 1.0 | OK | ||||
r-release-windows-ix86+x86_64 | 1.0 | 4.00 | 27.00 | 31.00 | OK | |
r-oldrel-macos-x86_64 | 1.0 | OK | ||||
r-oldrel-windows-ix86+x86_64 | 1.0 | 5.00 | 38.00 | 43.00 | OK |
Version: 1.0
Check: LazyData
Result: NOTE
'LazyData' is specified without a 'data' directory
Flavors: r-devel-linux-x86_64-debian-clang, r-devel-linux-x86_64-debian-gcc, r-devel-linux-x86_64-fedora-clang, r-devel-linux-x86_64-fedora-gcc, r-devel-windows-ix86+x86_64, r-devel-windows-x86_64-gcc10-UCRT