CRAN Package Check Results for Package pccc

Last updated on 2018-12-09 20:46:39 CET.

Flavor Version Tinstall Tcheck Ttotal Status Flags
r-devel-linux-x86_64-debian-clang 1.0.2 81.24 37.80 119.04 OK
r-devel-linux-x86_64-debian-gcc 1.0.2 60.66 33.89 94.55 OK
r-devel-linux-x86_64-fedora-clang 1.0.2 133.77 NOTE
r-devel-linux-x86_64-fedora-gcc 1.0.2 120.60 OK
r-devel-windows-ix86+x86_64 1.0.2 103.00 86.00 189.00 OK
r-patched-linux-x86_64 1.0.2 65.70 34.36 100.06 OK
r-patched-solaris-x86 1.0.2 133.00 OK
r-release-linux-x86_64 1.0.2 62.75 36.66 99.41 OK
r-release-windows-ix86+x86_64 1.0.2 75.00 78.00 153.00 OK
r-release-osx-x86_64 1.0.2 NOTE
r-oldrel-windows-ix86+x86_64 1.0.2 79.00 84.00 163.00 OK
r-oldrel-osx-x86_64 1.0.2 OK

Check Details

Version: 1.0.2
Check: installed package size
Result: NOTE
     installed size is 5.2Mb
     sub-directories of 1Mb or more:
     libs 3.5Mb
Flavors: r-devel-linux-x86_64-fedora-clang, r-release-osx-x86_64