CRAN Package Check Results for Package pccc

Last updated on 2018-09-21 13:56:00 CEST.

Flavor Version Tinstall Tcheck Ttotal Status Flags
r-devel-linux-x86_64-debian-clang 1.0.2 79.69 41.05 120.74 OK
r-devel-linux-x86_64-debian-gcc 1.0.2 61.27 36.49 97.76 OK
r-devel-linux-x86_64-fedora-clang 1.0.2 133.91 NOTE
r-devel-linux-x86_64-fedora-gcc 1.0.2 124.32 OK
r-devel-windows-ix86+x86_64 1.0.2 104.00 118.00 222.00 OK
r-patched-linux-x86_64 1.0.2 68.20 39.25 107.45 OK
r-patched-solaris-x86 1.0.2 125.00 OK
r-release-linux-x86_64 1.0.2 71.80 38.84 110.64 OK
r-release-windows-ix86+x86_64 1.0.2 114.00 82.00 196.00 OK
r-release-osx-x86_64 1.0.2 NOTE
r-oldrel-windows-ix86+x86_64 1.0.2 82.00 111.00 193.00 OK
r-oldrel-osx-x86_64 1.0.2 OK

Check Details

Version: 1.0.2
Check: installed package size
Result: NOTE
     installed size is 5.2Mb
     sub-directories of 1Mb or more:
     libs 3.5Mb
Flavors: r-devel-linux-x86_64-fedora-clang, r-release-osx-x86_64