CRAN Package Check Results for Package pcdpca

Last updated on 2022-05-20 18:49:22 CEST.

Flavor Version Tinstall Tcheck Ttotal Status Flags
r-devel-linux-x86_64-debian-clang 0.4 2.08 39.70 41.78 NOTE
r-devel-linux-x86_64-debian-gcc 0.4 1.64 30.41 32.05 NOTE
r-devel-linux-x86_64-fedora-clang 0.4 49.70 NOTE
r-devel-linux-x86_64-fedora-gcc 0.4 48.61 NOTE
r-devel-windows-x86_64 0.4 9.00 52.00 61.00 NOTE
r-patched-linux-x86_64 0.4 7.49 37.88 45.37 NOTE
r-release-linux-x86_64 0.4 2.07 37.32 39.39 NOTE
r-release-macos-arm64 0.4 20.00 NOTE
r-release-macos-x86_64 0.4 30.00 NOTE
r-release-windows-x86_64 0.4 11.00 55.00 66.00 NOTE
r-oldrel-macos-arm64 0.4 23.00 NOTE
r-oldrel-macos-x86_64 0.4 30.00 NOTE
r-oldrel-windows-ix86+x86_64 0.4 6.00 114.00 120.00 NOTE

Check Details

Version: 0.4
Check: LazyData
Result: NOTE
     'LazyData' is specified without a 'data' directory
Flavors: r-devel-linux-x86_64-debian-clang, r-devel-linux-x86_64-debian-gcc, r-devel-linux-x86_64-fedora-clang, r-devel-linux-x86_64-fedora-gcc, r-devel-windows-x86_64, r-patched-linux-x86_64, r-release-linux-x86_64, r-release-macos-arm64, r-release-macos-x86_64, r-release-windows-x86_64, r-oldrel-macos-arm64, r-oldrel-macos-x86_64, r-oldrel-windows-ix86+x86_64

Version: 0.4
Check: dependencies in R code
Result: NOTE
    Namespace in Imports field not imported from: ‘fda’
     All declared Imports should be used.
Flavors: r-devel-linux-x86_64-fedora-clang, r-devel-linux-x86_64-fedora-gcc, r-release-macos-arm64, r-release-macos-x86_64, r-oldrel-macos-arm64, r-oldrel-macos-x86_64