CRAN Package Check Results for Package pcds

Last updated on 2021-12-01 03:55:36 CET.

Flavor Version Tinstall Tcheck Ttotal Status Flags
r-devel-linux-x86_64-debian-clang 0.1.2 45.31 296.72 342.03 OK
r-devel-linux-x86_64-debian-gcc 0.1.2 32.19 225.28 257.47 OK
r-devel-linux-x86_64-fedora-clang 0.1.2 428.95 NOTE
r-devel-linux-x86_64-fedora-gcc 0.1.2 415.24 OK
r-devel-windows-x86_64-new-UL 0.1.2 76.00 351.00 427.00 OK
r-devel-windows-x86_64-new-TK 0.1.2 OK
r-devel-windows-x86_64-old 0.1.2 49.00 232.00 281.00 OK
r-patched-linux-x86_64 0.1.2 52.71 291.42 344.13 OK
r-patched-solaris-x86 0.1.2 486.60 OK
r-release-linux-x86_64 0.1.2 45.04 293.70 338.74 OK
r-release-macos-arm64 0.1.2 OK
r-release-macos-x86_64 0.1.2 OK
r-release-windows-ix86+x86_64 0.1.2 50.00 216.00 266.00 OK
r-oldrel-macos-x86_64 0.1.2 OK
r-oldrel-windows-ix86+x86_64 0.1.2 36.00 300.00 336.00 OK

Check Details

Version: 0.1.2
Check: Rd cross-references
Result: NOTE
    Undeclared package ‘spatstat.core’ in Rd xrefs
Flavor: r-devel-linux-x86_64-fedora-clang