CRAN Package Check Results for Package pcr

Last updated on 2020-10-01 03:48:46 CEST.

Flavor Version Tinstall Tcheck Ttotal Status Flags
r-devel-linux-x86_64-debian-clang 1.2.2 4.29 63.11 67.40 OK
r-devel-linux-x86_64-debian-gcc 1.2.2 0.33 2.48 2.81 ERROR
r-devel-linux-x86_64-fedora-clang 1.2.2 86.57 OK
r-devel-linux-x86_64-fedora-gcc 1.2.2 80.05 OK
r-devel-windows-ix86+x86_64 1.2.2 11.00 64.00 75.00 OK
r-patched-linux-x86_64 1.2.2 4.82 60.57 65.39 OK
r-patched-solaris-x86 1.2.2 107.40 OK
r-release-linux-x86_64 1.2.2 4.47 58.71 63.18 OK
r-release-macos-x86_64 1.2.2 OK
r-release-windows-ix86+x86_64 1.2.2 11.00 97.00 108.00 OK
r-oldrel-macos-x86_64 1.2.2 OK
r-oldrel-windows-ix86+x86_64 1.2.2 9.00 88.00 97.00 OK

Check Details

Version: 1.2.2
Check: whether package can be installed
Result: ERROR
    Installation failed.
Flavor: r-devel-linux-x86_64-debian-gcc