CRAN Package Check Results for Package pcrcoal

Last updated on 2015-03-30 00:48:27.

Flavor Version Tinstall Tcheck Ttotal Status Flags
r-devel-linux-x86_64-debian-clang 1.1 1.50 23.62 25.12 NOTE
r-devel-linux-x86_64-debian-gcc 1.1 1.47 22.40 23.87 NOTE
r-devel-linux-x86_64-fedora-clang 1.1 49.19 NOTE
r-devel-linux-x86_64-fedora-gcc 1.1 54.77 NOTE
r-devel-osx-x86_64-clang 1.1 51.80 NOTE
r-prerel-windows-ix86+x86_64 1.1 5.00 36.00 41.00 NOTE
r-prerel-linux-x86_64 1.1 1.52 23.48 25.01 NOTE
r-prerel-solaris-sparc 1.1 316.00 NOTE
r-prerel-solaris-x86 1.1 66.60 NOTE
r-release-linux-x86_64 1.1 3.38 32.60 35.98 OK
r-release-osx-x86_64-mavericks 1.1 OK
r-release-osx-x86_64-snowleopard 1.1 OK
r-release-windows-ix86+x86_64 1.1 10.00 57.00 67.00 OK
r-oldrel-windows-ix86+x86_64 1.1 10.00 58.00 68.00 OK

Check Details

Version: 1.1
Check: DESCRIPTION meta-information
Result: NOTE
    Malformed Title field: should not end in a period.
    Malformed Description field: should contain one or more complete sentences.
Flavors: r-devel-linux-x86_64-debian-clang, r-devel-linux-x86_64-debian-gcc, r-devel-linux-x86_64-fedora-clang, r-devel-linux-x86_64-fedora-gcc, r-devel-osx-x86_64-clang, r-prerel-windows-ix86+x86_64, r-prerel-linux-x86_64, r-prerel-solaris-sparc, r-prerel-solaris-x86