CRAN Package Check Results for Package pcrcoal

Last updated on 2015-05-23 09:48:31.

Flavor Version Tinstall Tcheck Ttotal Status Flags
r-devel-linux-x86_64-debian-clang 1.1 1.54 23.49 25.03 NOTE
r-devel-linux-x86_64-debian-gcc 1.1 1.50 22.76 24.26 NOTE
r-devel-linux-x86_64-fedora-clang 1.1 51.26 NOTE
r-devel-linux-x86_64-fedora-gcc 1.1 47.36 NOTE
r-devel-osx-x86_64-clang 1.1 48.59 NOTE
r-devel-windows-ix86+x86_64 1.1 6.00 39.00 45.00 NOTE
r-patched-linux-x86_64 1.1 1.75 23.25 25.00 NOTE
r-patched-solaris-sparc 1.1 300.40 NOTE
r-patched-solaris-x86 1.1 79.90 NOTE
r-release-linux-x86_64 1.1 1.50 23.55 25.04 NOTE
r-release-osx-x86_64-mavericks 1.1 NOTE
r-release-osx-x86_64-snowleopard 1.1 ERROR
r-release-windows-ix86+x86_64 1.1 7.00 41.00 48.00 NOTE
r-oldrel-windows-ix86+x86_64 1.1 13.00 66.00 79.00 OK

Check Details

Version: 1.1
Check: DESCRIPTION meta-information
Result: NOTE
    Malformed Title field: should not end in a period.
    Malformed Description field: should contain one or more complete sentences.
Flavors: r-devel-linux-x86_64-debian-clang, r-devel-linux-x86_64-debian-gcc, r-devel-linux-x86_64-fedora-clang, r-devel-linux-x86_64-fedora-gcc, r-devel-osx-x86_64-clang, r-devel-windows-ix86+x86_64, r-patched-linux-x86_64, r-patched-solaris-sparc, r-patched-solaris-x86, r-release-linux-x86_64, r-release-osx-x86_64-mavericks, r-release-windows-ix86+x86_64

Version: 1.1
Check: package dependencies
Result: ERROR
    Packages required but not available: ‘ggplot2’ ‘phylosim’
    
    See section ‘The DESCRIPTION file’ in the ‘Writing R Extensions’
    manual.
Flavor: r-release-osx-x86_64-snowleopard