CRAN Package Check Results for Package pcrcoal

Last updated on 2014-04-21 04:48:44.

Flavor Version Tinstall Tcheck Ttotal Status Flags
r-devel-linux-x86_64-debian-clang 1.1 2.20 35.44 37.64 OK
r-devel-linux-x86_64-debian-gcc 1.1 2.42 35.59 38.01 OK
r-devel-linux-x86_64-fedora-clang 1.1 78.17 OK
r-devel-linux-x86_64-fedora-gcc 1.1 74.17 OK
r-devel-macosx-x86_64-clang 1.1 76.59 OK
r-devel-macosx-x86_64-gcc 1.1 ERROR
r-devel-windows-ix86+x86_64 1.1 9.00 56.00 65.00 OK
r-patched-linux-x86_64 1.1 2.20 35.29 37.49 OK
r-patched-solaris-sparc 1.1 387.00 OK
r-patched-solaris-x86 1.1 98.00 OK
r-release-linux-ix86 OK
r-release-linux-x86_64 1.1 2.36 35.52 37.87 OK
r-release-macosx-x86_64 1.1 OK
r-release-windows-ix86+x86_64 1.1 12.00 58.00 70.00 OK
r-oldrel-windows-ix86+x86_64 1.1 10.00 60.00 70.00 OK

Check Details

Version: 1.1
Check: package dependencies
Result: ERROR
    Packages required but not available: ‘ggplot2’ ‘phylosim’
    
    See the information on DESCRIPTION files in the chapter ‘Creating R
    packages’ of the ‘Writing R Extensions’ manual.
Flavor: r-devel-macosx-x86_64-gcc