CRAN Package Check Results for Package pcrcoal

Last updated on 2015-04-28 12:47:31.

Flavor Version Tinstall Tcheck Ttotal Status Flags
r-devel-linux-x86_64-debian-clang 1.1 1.49 22.92 24.41 NOTE
r-devel-linux-x86_64-debian-gcc 1.1 3.50 23.06 26.56 NOTE
r-devel-linux-x86_64-fedora-clang 1.1 49.67 NOTE
r-devel-linux-x86_64-fedora-gcc 1.1 46.52 NOTE
r-devel-osx-x86_64-clang 1.1 47.38 NOTE
r-devel-windows-ix86+x86_64 1.1 6.00 36.00 42.00 NOTE
r-patched-linux-x86_64 1.1 1.55 23.74 25.28 NOTE
r-patched-solaris-sparc 1.1 316.00 NOTE
r-patched-solaris-x86 1.1 67.40 NOTE
r-release-linux-x86_64 1.1 1.56 22.77 24.33 NOTE
r-release-osx-x86_64-mavericks 1.1 NOTE
r-release-osx-x86_64-snowleopard 1.1 ERROR
r-release-windows-ix86+x86_64 1.1 5.00 38.00 43.00 NOTE
r-oldrel-windows-ix86+x86_64 1.1 10.00 61.00 71.00 OK

Check Details

Version: 1.1
Check: DESCRIPTION meta-information
Result: NOTE
    Malformed Title field: should not end in a period.
    Malformed Description field: should contain one or more complete sentences.
Flavors: r-devel-linux-x86_64-debian-clang, r-devel-linux-x86_64-debian-gcc, r-devel-linux-x86_64-fedora-clang, r-devel-linux-x86_64-fedora-gcc, r-devel-osx-x86_64-clang, r-devel-windows-ix86+x86_64, r-patched-linux-x86_64, r-patched-solaris-sparc, r-patched-solaris-x86, r-release-linux-x86_64, r-release-osx-x86_64-mavericks, r-release-windows-ix86+x86_64

Version: 1.1
Check: package dependencies
Result: ERROR
    Packages required but not available: ‘ggplot2’ ‘phylosim’
    
    See section ‘The DESCRIPTION file’ in the ‘Writing R Extensions’
    manual.
Flavor: r-release-osx-x86_64-snowleopard