CRAN Package Check Results for Package pcrsim

Last updated on 2016-05-01 11:47:20.

Flavor Version Tinstall Tcheck Ttotal Status Flags
r-devel-linux-x86_64-debian-gcc 1.0.0 3.70 48.50 52.20 OK
r-devel-linux-x86_64-fedora-clang 1.0.0 100.13 OK
r-devel-linux-x86_64-fedora-gcc 1.0.0 94.26 OK
r-devel-osx-x86_64-clang 1.0.0 110.49 OK
r-devel-windows-ix86+x86_64 1.0.0 10.00 87.00 97.00 OK
r-patched-linux-x86_64 1.0.0 3.24 47.89 51.12 OK
r-patched-solaris-sparc 1.0.0 546.30 OK
r-patched-solaris-x86 1.0.0 127.80 OK
r-release-linux-x86_64 1.0.0 3.67 53.80 57.47 OK
r-release-osx-x86_64-mavericks 1.0.0 ERROR
r-release-windows-ix86+x86_64 1.0.0 15.00 108.00 123.00 OK
r-oldrel-windows-ix86+x86_64 1.0.0 26.00 155.00 181.00 OK

Check Details

Version: 1.0.0
Check: whether package can be installed
Result: ERROR
    Installation failed.
Flavor: r-release-osx-x86_64-mavericks