CRAN Package Check Results for Package pcrsim

Last updated on 2016-07-02 00:47:23.

Flavor Version Tinstall Tcheck Ttotal Status Flags
r-devel-linux-x86_64-debian-gcc 1.0.0 3.54 52.34 55.88 OK
r-devel-linux-x86_64-fedora-clang 1.0.0 97.84 OK
r-devel-linux-x86_64-fedora-gcc 1.0.0 94.18 OK
r-devel-osx-x86_64-clang 1.0.0 80.07 OK
r-devel-windows-ix86+x86_64 1.0.0 12.00 82.00 94.00 OK
r-patched-linux-x86_64 1.0.0 3.53 55.52 59.04 OK
r-patched-solaris-sparc 1.0.0 602.10 OK
r-patched-solaris-x86 1.0.0 129.70 OK
r-release-linux-x86_64 1.0.0 3.23 48.73 51.96 OK
r-release-osx-x86_64-mavericks 1.0.0 ERROR
r-release-windows-ix86+x86_64 1.0.0 13.00 84.00 97.00 OK
r-oldrel-windows-ix86+x86_64 1.0.0 11.00 90.00 101.00 OK

Check Details

Version: 1.0.0
Check: whether package can be installed
Result: ERROR
    Installation failed.
Flavor: r-release-osx-x86_64-mavericks