CRAN Package Check Results for Package pcrsim

Last updated on 2018-02-20 17:47:52 CET.

Flavor Version Tinstall Tcheck Ttotal Status Flags
r-devel-linux-x86_64-debian-clang 1.0.2 9.66 82.80 92.46 OK
r-devel-linux-x86_64-debian-gcc 1.0.2 9.07 65.10 74.17 OK
r-devel-linux-x86_64-fedora-clang 1.0.2 120.04 OK
r-devel-linux-x86_64-fedora-gcc 1.0.2 112.16 OK
r-devel-windows-ix86+x86_64 1.0.2 14.00 89.00 103.00 OK
r-patched-linux-x86_64 1.0.2 5.00 84.95 89.95 OK
r-patched-solaris-x86 1.0.2 149.30 OK
r-release-linux-x86_64 1.0.2 4.49 86.52 91.01 OK
r-release-windows-ix86+x86_64 1.0.2 15.00 112.00 127.00 OK
r-release-osx-x86_64 1.0.2 ERROR
r-oldrel-windows-ix86+x86_64 1.0.2 14.00 114.00 128.00 OK
r-oldrel-osx-x86_64 1.0.2 OK

Check Details

Version: 1.0.2
Check: package dependencies
Result: ERROR
    Package required but not available: ‘strvalidator’
    
    See section ‘The DESCRIPTION file’ in the ‘Writing R Extensions’
    manual.
Flavor: r-release-osx-x86_64