CRAN Package Check Results for Package pcrsim

Last updated on 2018-06-21 23:50:31 CEST.

Flavor Version Tinstall Tcheck Ttotal Status Flags
r-devel-linux-x86_64-debian-clang 1.0.2 12.50 79.59 92.09 OK
r-devel-linux-x86_64-debian-gcc 1.0.2 7.77 66.23 74.00 OK
r-devel-linux-x86_64-fedora-clang 1.0.2 112.80 OK
r-devel-linux-x86_64-fedora-gcc 1.0.2 109.31 OK
r-devel-windows-ix86+x86_64 1.0.2 21.00 78.00 99.00 OK
r-patched-linux-x86_64 1.0.2 10.05 85.13 95.18 OK
r-patched-solaris-x86 1.0.2 176.20 OK
r-release-linux-x86_64 1.0.2 10.70 83.98 94.68 OK
r-release-windows-ix86+x86_64 1.0.2 15.00 91.00 106.00 OK
r-release-osx-x86_64 1.0.2 ERROR
r-oldrel-windows-ix86+x86_64 1.0.2 8.00 81.00 89.00 OK
r-oldrel-osx-x86_64 1.0.2 ERROR

Check Details

Version: 1.0.2
Check: package dependencies
Result: ERROR
    Package required but not available: ‘strvalidator’
    
    See section ‘The DESCRIPTION file’ in the ‘Writing R Extensions’
    manual.
Flavors: r-release-osx-x86_64, r-oldrel-osx-x86_64