CRAN Package Check Results for Package pcrsim

Last updated on 2017-05-29 16:48:33.

Flavor Version Tinstall Tcheck Ttotal Status Flags
r-devel-linux-x86_64-debian-clang 1.0.2 3.50 54.94 58.44 OK
r-devel-linux-x86_64-debian-gcc 1.0.2 3.26 52.27 55.53 OK
r-devel-linux-x86_64-fedora-clang 1.0.2 107.90 OK
r-devel-linux-x86_64-fedora-gcc 1.0.2 103.62 OK
r-devel-windows-ix86+x86_64 1.0.2 10.00 116.00 126.00 OK
r-patched-linux-x86_64 1.0.2 3.63 52.79 56.42 OK
r-patched-solaris-sparc 1.0.2 638.50 OK
r-patched-solaris-x86 1.0.2 139.60 OK
r-release-linux-x86_64 1.0.2 3.38 54.17 57.55 OK
r-release-windows-ix86+x86_64 1.0.2 13.00 121.00 134.00 OK
r-release-osx-x86_64 1.0.2 ERROR
r-oldrel-windows-ix86+x86_64 1.0.2 8.00 80.00 88.00 OK
r-oldrel-osx-x86_64 1.0.2 OK

Check Details

Version: 1.0.2
Check: package dependencies
Result: ERROR
    Package required but not available: ‘strvalidator’
    
    See section ‘The DESCRIPTION file’ in the ‘Writing R Extensions’
    manual.
Flavor: r-release-osx-x86_64