CRAN Package Check Results for Package pcrsim

Last updated on 2017-09-20 06:49:30.

Flavor Version Tinstall Tcheck Ttotal Status Flags
r-devel-linux-x86_64-debian-clang 1.0.2 3.45 53.94 57.39 OK
r-devel-linux-x86_64-debian-gcc 1.0.2 3.37 52.47 55.84 OK
r-devel-linux-x86_64-fedora-clang 1.0.2 110.80 OK
r-devel-linux-x86_64-fedora-gcc 1.0.2 107.44 OK
r-devel-windows-ix86+x86_64 1.0.2 9.00 126.00 135.00 OK
r-patched-linux-x86_64 1.0.2 3.29 53.78 57.07 OK
r-patched-solaris-x86 1.0.2 153.40 OK
r-release-linux-x86_64 1.0.2 3.65 54.98 58.63 OK
r-release-windows-ix86+x86_64 1.0.2 10.00 93.00 103.00 OK
r-release-osx-x86_64 1.0.2 ERROR
r-oldrel-windows-ix86+x86_64 1.0.2 10.00 81.00 91.00 OK
r-oldrel-osx-x86_64 1.0.2 OK

Check Details

Version: 1.0.2
Check: package dependencies
Result: ERROR
    Package required but not available: ‘strvalidator’
    
    See section ‘The DESCRIPTION file’ in the ‘Writing R Extensions’
    manual.
Flavor: r-release-osx-x86_64