CRAN Package Check Results for Package pcrsim

Last updated on 2018-04-24 04:49:04 CEST.

Flavor Version Tinstall Tcheck Ttotal Status Flags
r-devel-linux-x86_64-debian-clang 1.0.2 10.94 76.93 87.87 OK
r-devel-linux-x86_64-debian-gcc 1.0.2 8.49 66.57 75.06 OK
r-devel-linux-x86_64-fedora-clang 1.0.2 118.58 OK
r-devel-linux-x86_64-fedora-gcc 1.0.2 112.79 OK
r-devel-windows-ix86+x86_64 1.0.2 22.00 91.00 113.00 OK
r-devel-osx-x86_64 1.0.2 ERROR
r-patched-linux-x86_64 1.0.2 10.01 82.37 92.38 OK
r-patched-solaris-x86 1.0.2 181.40 OK
r-release-linux-x86_64 1.0.2 8.95 81.76 90.71 OK
r-release-windows-ix86+x86_64 1.0.2 10.00 119.00 129.00 OK
r-release-osx-x86_64 1.0.2 ERROR
r-oldrel-windows-ix86+x86_64 1.0.2 10.00 114.00 124.00 OK

Check Details

Version: 1.0.2
Check: package dependencies
Result: ERROR
    Package required but not available: ‘strvalidator’
    
    See section ‘The DESCRIPTION file’ in the ‘Writing R Extensions’
    manual.
Flavors: r-devel-osx-x86_64, r-release-osx-x86_64