CRAN Package Check Results for Package pcrsim

Last updated on 2017-11-24 18:50:41 CET.

Flavor Version Tinstall Tcheck Ttotal Status Flags
r-devel-linux-x86_64-debian-clang 1.0.2 4.10 111.86 115.96 OK
r-devel-linux-x86_64-debian-gcc 1.0.2 3.68 95.84 99.53 OK
r-devel-linux-x86_64-fedora-clang 1.0.2 91.37 OK
r-devel-linux-x86_64-fedora-gcc 1.0.2 89.96 OK
r-devel-windows-ix86+x86_64 1.0.2 23.00 3.00 26.00 ERROR
r-patched-linux-x86_64 1.0.2 4.63 124.95 129.58 OK
r-patched-solaris-x86 1.0.2 148.40 OK
r-release-linux-x86_64 1.0.2 5.24 124.93 130.17 OK
r-release-windows-ix86+x86_64 1.0.2 32.00 5.00 37.00 ERROR
r-release-osx-x86_64 1.0.2 ERROR
r-oldrel-windows-ix86+x86_64 1.0.2 23.00 5.00 28.00 ERROR
r-oldrel-osx-x86_64 1.0.2 OK

Check Details

Version: 1.0.2
Check: whether package can be installed
Result: ERROR
    Installation failed.
Flavors: r-devel-windows-ix86+x86_64, r-release-windows-ix86+x86_64, r-oldrel-windows-ix86+x86_64

Version: 1.0.2
Check: package dependencies
Result: ERROR
    Package required but not available: ‘strvalidator’
    
    See section ‘The DESCRIPTION file’ in the ‘Writing R Extensions’
    manual.
Flavor: r-release-osx-x86_64