CRAN Package Check Results for Package pcse

Last updated on 2016-08-27 23:48:18.

Flavor Version Tinstall Tcheck Ttotal Status Flags
r-devel-linux-x86_64-debian-clang 1.9 0.60 14.30 14.90 NOTE
r-devel-linux-x86_64-debian-gcc 1.9 0.68 13.82 14.50 NOTE
r-devel-linux-x86_64-fedora-clang 1.9 25.35 NOTE
r-devel-linux-x86_64-fedora-gcc 1.9 24.41 NOTE
r-devel-osx-x86_64-clang 1.9 23.28 NOTE
r-devel-windows-ix86+x86_64 1.9 4.00 47.00 51.00 NOTE
r-patched-linux-x86_64 1.9 0.61 13.95 14.56 NOTE
r-patched-solaris-sparc 1.9 141.10 NOTE
r-patched-solaris-x86 1.9 32.10 NOTE
r-release-linux-x86_64 1.9 0.63 13.73 14.36 NOTE
r-release-osx-x86_64-mavericks 1.9 NOTE
r-release-windows-ix86+x86_64 1.9 3.00 44.00 47.00 NOTE
r-oldrel-windows-ix86+x86_64 1.9 3.00 24.00 27.00 OK

Check Details

Version: 1.9
Check: S3 generic/method consistency
Result: NOTE
    Found the following apparent S3 methods exported but not registered:
     summary.pcse vcovPC.default
    See section ‘Registering S3 methods’ in the ‘Writing R Extensions’
    manual.
Flavors: r-devel-linux-x86_64-debian-clang, r-devel-linux-x86_64-debian-gcc, r-devel-linux-x86_64-fedora-clang, r-devel-linux-x86_64-fedora-gcc, r-devel-osx-x86_64-clang, r-patched-linux-x86_64, r-patched-solaris-sparc, r-patched-solaris-x86, r-release-linux-x86_64

Version: 1.9
Check: R code for possible problems
Result: NOTE
    pcse : extractLMvar: no visible global function definition for
     ‘model.frame’
    pcse: no visible global function definition for ‘model.matrix’
    pcse: no visible global function definition for ‘na.omit’
    pcse: no visible global function definition for ‘resid’
    pcse: no visible global function definition for ‘pt’
    Undefined global functions or variables:
     model.frame model.matrix na.omit pt resid
    Consider adding
     importFrom("stats", "model.frame", "model.matrix", "na.omit", "pt",
     "resid")
    to your NAMESPACE file.
Flavors: r-devel-linux-x86_64-debian-clang, r-devel-linux-x86_64-debian-gcc, r-devel-linux-x86_64-fedora-clang, r-devel-linux-x86_64-fedora-gcc, r-devel-osx-x86_64-clang, r-devel-windows-ix86+x86_64, r-patched-linux-x86_64, r-patched-solaris-sparc, r-patched-solaris-x86, r-release-linux-x86_64, r-release-osx-x86_64-mavericks, r-release-windows-ix86+x86_64

Version: 1.9
Check: re-building of vignette outputs
Result: NOTE
    Error in re-building vignettes:
     ...
    Warning in grepl("(Rerun to get|biblatex.*\\(re\\)run)", readLines(log, :
     input string 399 is invalid in this locale
    Warning in grepl("(Rerun to get|biblatex.*\\(re\\)run)", readLines(log, :
     input string 400 is invalid in this locale
    Warning in grepl("(Rerun to get|biblatex.*\\(re\\)run)", readLines(log, :
     input string 408 is invalid in this locale
    Error in texi2dvi(file = file, pdf = TRUE, clean = clean, quiet = quiet, :
     Running 'texi2dvi' on 'pcse.tex' failed.
    LaTeX errors:
    ! Undefined control sequence.
    l.16 ...<cb>^^RB^^X<86><c1>^^X#<a2><a5><a5><a5><8f>^^_?r<ce>s<b9>^^\<e7>|ee<e5><fa><f5><eb><8c>1\<cd>
     f<b3><85>BA<8e><8a>1v<ef>޽^^NC?<e8>E<96><97><97><8f>o0?...
    The control sequence at the end of the top line
    of your error message was never \def'ed. If you have
    ! Undefined control sequence.
    l.19 ...<ba><ae>^^GA^^@<ad><a8><e5>gu<af>^^^O<e0><d4>4<ad>M7EQ<a4>n^^X^^AΣ<a5>\ZXW
     <9a><a6><95><cb>eιi<9a><ae><eb>b<b8><8e><e3>^^DA<c0>9<c7>^^B^...
    The control sequence at the end of the top line
    of your error message was never \def'ed. If you have
    ! Undefined control sequence.
    l.19 ...b<b8><8e><e3>^^DA<c0>9<c7>^^B^^VB^^@<ae><ae><eb>B7<c3>0<e2><f1>8<b6>^^G<d7>uGFF\<d7>
     E?݌<f9><ac><c0><f9><8d>0j^^O<e0>^^D~<a8>5u<98>^^\...
    The control sequence at the end of
    Calls: buildVignettes -> texi2pdf -> texi2dvi
    Execution halted
Flavor: r-release-osx-x86_64-mavericks