CRAN Package Check Results for Package pcse

Last updated on 2015-04-01 08:50:11.

Flavor Version Tinstall Tcheck Ttotal Status Flags
r-devel-linux-x86_64-debian-clang 1.9 0.60 13.78 14.38 NOTE
r-devel-linux-x86_64-debian-gcc 1.9 0.62 13.53 14.15 NOTE
r-devel-linux-x86_64-fedora-clang 1.9 28.42 NOTE
r-devel-linux-x86_64-fedora-gcc 1.9 28.61 NOTE
r-devel-osx-x86_64-clang 1.9 42.46 NOTE
r-prerel-windows-ix86+x86_64 1.9 4.00 22.00 26.00 OK
r-prerel-linux-x86_64 1.9 0.62 13.37 13.99 NOTE
r-prerel-solaris-sparc 1.9 188.70 OK
r-prerel-solaris-x86 1.9 40.30 OK
r-release-linux-x86_64 1.9 0.69 14.24 14.93 OK
r-release-osx-x86_64-mavericks 1.9 NOTE
r-release-osx-x86_64-snowleopard 1.9 NOTE
r-release-windows-ix86+x86_64 1.9 5.00 24.00 29.00 OK
r-oldrel-windows-ix86+x86_64 1.9 3.00 35.00 38.00 OK

Check Details

Version: 1.9
Check: S3 generic/method consistency
Result: NOTE
    Found the following apparent S3 methods exported but not registered:
     summary.pcse vcovPC.default
    See section ‘Registering S3 methods’ in the ‘Writing R Extensions’
    manual.
Flavors: r-devel-linux-x86_64-debian-clang, r-devel-linux-x86_64-debian-gcc, r-devel-linux-x86_64-fedora-clang, r-devel-linux-x86_64-fedora-gcc, r-devel-osx-x86_64-clang, r-prerel-linux-x86_64

Version: 1.9
Check: re-building of vignette outputs
Result: NOTE
    Error in re-building vignettes:
     ...
    Warning in pcse(aglUn.lm, groupN = aglUn$country, groupT = aglUn$year, pairwise = FALSE) :
     Caution! The number of CS observations per panel, 7, used to compute the vcov matrix is less than half theaverage number of obs per panel in the original data.You should consider using pairwise selection.
    Error in texi2dvi(file = file, pdf = TRUE, clean = clean, quiet = quiet, :
     Running 'texi2dvi' on 'pcse.tex' failed.
    LaTeX errors:
    ! Undefined control sequence.
    l.16 ...<cb>^^RB^^X<86><c1>^^X#<a2><a5><a5><a5><8f>^^_?r<ce>s<b9>^^\<e7>|ee<e5><fa><f5><eb><8c>1\<cd>
     f<b3><85>BA<8e><8a>1v<ef>޽^^NC?<e8>E<96><97><97><8f>o0?...
    The control sequence at the end of the top line
    of your error message was never \def'ed. If you have
    ! Undefined control sequence.
    l.19 ...<ba><ae>^^GA^^@<ad><a8><e5>gu<af>^^^O<e0><d4>4<ad>M7EQ<a4>n^^X^^AΣ<a5>\ZXW
     <9a><a6><95><cb>eιi<9a><ae><eb>b<b8><8e><e3>^^DA<c0>9<c7>^^B^...
    The control sequence at the end of the top line
    of your error message was never \def'ed. If you have
    ! Undefined control sequence.
    l.19 ...b<b8><8e><e3>^^DA<c0>9<c7>^^B^^VB^^@<ae><ae><eb>B7<c3>0<e2><f1>8<b6>^^G<d7>uGFF\<d7>
     E?݌<f9><ac><c0><f9><8d>0j^^O<e0>^^D~<a8>5u<98>^^\...
    The control sequence at the end of
    Calls: buildVignettes -> texi2pdf -> texi2dvi
    Execution halted
Flavor: r-release-osx-x86_64-mavericks

Version: 1.9
Check: re-building of vignette outputs
Result: NOTE
    Error in re-building vignettes:
     ...
    Warning in pcse(aglUn.lm, groupN = aglUn$country, groupT = aglUn$year, pairwise = FALSE) :
     Caution! The number of CS observations per panel, 7, used to compute the vcov matrix is less than half theaverage number of obs per panel in the original data.You should consider using pairwise selection.
    Error in texi2dvi(file = file, pdf = TRUE, clean = clean, quiet = quiet, :
     Running 'texi2dvi' on 'pcse.tex' failed.
    Messages:
    sh: gs: command not found
    !!! Error: Closing Ghostscript (exit status: 127)!
    /usr/bin/texi2dvi: thumbpdf exited with bad status, quitting.
    Calls: buildVignettes -> texi2pdf -> texi2dvi
    Execution halted
Flavor: r-release-osx-x86_64-snowleopard