CRAN Package Check Results for Package pcse

Last updated on 2014-07-24 16:48:03.

Flavor Version Tinstall Tcheck Ttotal Status Flags
r-devel-linux-x86_64-debian-clang 1.9 0.66 12.88 13.54 OK
r-devel-linux-x86_64-debian-gcc 1.9 0.60 12.52 13.12 OK
r-devel-linux-x86_64-fedora-clang 1.9 31.38 OK
r-devel-linux-x86_64-fedora-gcc 1.9 30.70 OK
r-devel-osx-x86_64-clang 1.9 36.87 OK
r-devel-windows-ix86+x86_64 1.9 3.00 23.00 26.00 OK
r-patched-linux-x86_64 1.9 0.62 12.70 13.32 OK
r-patched-solaris-sparc 1.9 160.00 OK
r-patched-solaris-x86 1.9 45.00 OK
r-release-linux-ix86 1.9 0.92 21.39 22.31 OK
r-release-linux-x86_64 1.9 0.60 13.14 13.74 OK
r-release-osx-x86_64-mavericks 1.9 OK
r-release-osx-x86_64-snowleopard 1.9 NOTE
r-release-windows-ix86+x86_64 1.9 4.00 21.00 25.00 OK
r-oldrel-windows-ix86+x86_64 1.9 3.00 35.00 38.00 OK

Check Details

Version: 1.9
Check: re-building of vignette outputs
Result: NOTE
    Error in re-building vignettes:
     ...
    Warning in pcse(aglUn.lm, groupN = aglUn$country, groupT = aglUn$year, pairwise = FALSE) :
     Caution! The number of CS observations per panel, 7, used to compute the vcov matrix is less than half theaverage number of obs per panel in the original data.You should consider using pairwise selection.
    Error in texi2dvi(file = file, pdf = TRUE, clean = clean, quiet = quiet, :
     Running 'texi2dvi' on 'pcse.tex' failed.
    Messages:
    sh: gs: command not found
    !!! Error: Closing Ghostscript (exit status: 127)!
    /usr/bin/texi2dvi: thumbpdf exited with bad status, quitting.
    Calls: buildVignettes -> texi2pdf -> texi2dvi
    Execution halted
Flavor: r-release-osx-x86_64-snowleopard