CRAN Package Check Results for Package pdc

Last updated on 2015-08-30 17:48:22.

Flavor Version Tinstall Tcheck Ttotal Status Flags
r-devel-linux-x86_64-debian-clang 1.0.2 5.65 11.21 16.86 NOTE
r-devel-linux-x86_64-debian-gcc 1.0.2 7.11 11.13 18.24 NOTE
r-devel-linux-x86_64-fedora-clang 1.0.2 32.48 NOTE
r-devel-linux-x86_64-fedora-gcc 1.0.2 33.80 NOTE
r-devel-osx-x86_64-clang 1.0.2 30.92 OK
r-devel-windows-ix86+x86_64 1.0.2 42.00 31.00 73.00 NOTE
r-patched-linux-x86_64 1.0.2 7.23 11.72 18.96 OK
r-patched-solaris-sparc 1.0.2 1860.20 OK
r-patched-solaris-x86 1.0.2 415.80 OK
r-release-linux-x86_64 1.0.2 7.10 11.77 18.87 OK
r-release-osx-x86_64-mavericks 1.0.2 OK
r-release-windows-ix86+x86_64 1.0.2 42.00 49.00 91.00 OK
r-oldrel-windows-ix86+x86_64 1.0.2 40.00 32.00 72.00 OK

Check Details

Version: 1.0.2
Check: R code for possible problems
Result: NOTE
    mdsPlot: no visible global function definition for ‘cmdscale’
    mdsPlot: no visible global function definition for ‘plot’
    mdsPlot: no visible global function definition for ‘chull’
    mdsPlot: no visible global function definition for ‘polygon’
    mdsPlot: no visible global function definition for ‘text’
    pdcDist: no visible global function definition for ‘as.dist’
    pdclust: no visible global function definition for ‘hclust’
    plot.mine: no visible global function definition for ‘heat.colors’
    plot.mine: no visible global function definition for ‘plot’
    plot.mine: no visible global function definition for ‘abline’
    plot.mine: no visible global function definition for ‘contour’
    plot.mine: no visible global function definition for ‘image’
    plot.mine: no visible global function definition for ‘points’
    plot.pdclust: no visible global function definition for ‘plot’
    plot.pdclust: no visible global function definition for ‘par’
    plot.pdclust: no visible global function definition for ‘as.dendrogram’
    plot.pdclust: no visible global function definition for ‘lines’
    ptext: no visible global function definition for ‘strwidth’
    ptext: no visible global function definition for ‘strheight’
    ptext: no visible global function definition for ‘text’
    rasterPlot: no visible global function definition for ‘par’
    rasterPlot: no visible global function definition for ‘plot’
    rasterPlot: no visible global function definition for ‘as.dendrogram’
    rasterPlot: no visible global function definition for ‘rasterImage’
    str.pdclust: no visible global function definition for ‘str’
    str.pdclust: no visible global function definition for ‘as.dendrogram’
    test.clusters: no visible global function definition for ‘pchisq’
    Undefined global functions or variables:
     abline as.dendrogram as.dist chull cmdscale contour hclust
     heat.colors image lines par pchisq plot points polygon rasterImage
     str strheight strwidth text
    Consider adding
     importFrom("grDevices", "chull", "heat.colors")
     importFrom("graphics", "abline", "contour", "image", "lines", "par",
     "plot", "points", "polygon", "rasterImage", "strheight",
     "strwidth", "text")
     importFrom("stats", "as.dendrogram", "as.dist", "cmdscale", "hclust",
     "pchisq")
     importFrom("utils", "str")
    to your NAMESPACE.
Flavors: r-devel-linux-x86_64-debian-clang, r-devel-linux-x86_64-debian-gcc, r-devel-linux-x86_64-fedora-clang, r-devel-linux-x86_64-fedora-gcc, r-devel-windows-ix86+x86_64