CRAN Package Check Results for Package pdc

Last updated on 2017-04-24 18:47:32.

Flavor Version Tinstall Tcheck Ttotal Status Flags
r-devel-linux-x86_64-debian-clang 1.0.3 28.62 16.28 44.89 NOTE
r-devel-linux-x86_64-debian-gcc 1.0.3 8.20 16.02 24.22 NOTE
r-devel-linux-x86_64-fedora-clang 1.0.3 103.53 NOTE --no-stop-on-test-error
r-devel-linux-x86_64-fedora-gcc 1.0.3 41.44 NOTE --no-stop-on-test-error
r-devel-windows-ix86+x86_64 1.0.3 OK
r-patched-linux-x86_64 1.0.3 7.99 16.16 24.15 NOTE
r-patched-solaris-sparc 1.0.3 309.50 OK
r-patched-solaris-x86 1.0.3 55.30 OK
r-release-linux-x86_64 1.0.3 7.64 16.20 23.84 NOTE
r-release-windows-ix86+x86_64 1.0.3 30.00 36.00 66.00 OK
r-release-osx-x86_64 1.0.3 OK
r-oldrel-windows-ix86+x86_64 1.0.3 31.00 35.00 66.00 OK
r-oldrel-osx-x86_64 1.0.3 OK

Check Details

Version: 1.0.3
Check: compiled code
Result: NOTE
    File ‘pdc/libs/pdc.so’:
     Found no calls to: ‘R_registerRoutines’, ‘R_useDynamicSymbols’
    
    It is good practice to register native routines and to disable symbol
    search.
    
    See ‘Writing portable packages’ in the ‘Writing R Extensions’ manual.
Flavors: r-devel-linux-x86_64-debian-clang, r-devel-linux-x86_64-debian-gcc, r-patched-linux-x86_64, r-release-linux-x86_64

Version: 1.0.3
Flags: --no-stop-on-test-error
Check: compiled code
Result: NOTE
    File ‘pdc/libs/pdc.so’:
     Found no calls to: ‘R_registerRoutines’, ‘R_useDynamicSymbols’
    
    It is good practice to register native routines and to disable symbol
    search.
    
    See ‘Writing portable packages’ in the ‘Writing R Extensions’ manual.
Flavors: r-devel-linux-x86_64-fedora-clang, r-devel-linux-x86_64-fedora-gcc