CRAN Package Check Results for Package pdc

Last updated on 2017-07-26 12:48:35.

Flavor Version Tinstall Tcheck Ttotal Status Flags
r-devel-linux-x86_64-debian-clang 1.0.3 26.20 23.12 49.32 NOTE
r-devel-linux-x86_64-debian-gcc 1.0.3 7.63 22.86 30.49 NOTE
r-devel-linux-x86_64-fedora-clang 1.0.3 106.68 NOTE
r-devel-linux-x86_64-fedora-gcc 1.0.3 40.65 NOTE
r-devel-windows-ix86+x86_64 1.0.3 36.00 41.00 77.00 OK
r-patched-linux-x86_64 1.0.3 7.95 22.30 30.26 NOTE
r-patched-solaris-x86 1.0.3 56.10 OK
r-release-linux-x86_64 1.0.3 8.04 22.57 30.61 NOTE
r-release-windows-ix86+x86_64 1.0.3 26.00 55.00 81.00 OK
r-release-osx-x86_64 1.0.3 OK
r-oldrel-windows-ix86+x86_64 1.0.3 28.00 39.00 67.00 OK
r-oldrel-osx-x86_64 1.0.3 OK

Check Details

Version: 1.0.3
Check: compiled code
Result: NOTE
    File ‘pdc/libs/pdc.so’:
     Found no calls to: ‘R_registerRoutines’, ‘R_useDynamicSymbols’
    
    It is good practice to register native routines and to disable symbol
    search.
    
    See ‘Writing portable packages’ in the ‘Writing R Extensions’ manual.
Flavors: r-devel-linux-x86_64-debian-clang, r-devel-linux-x86_64-debian-gcc, r-devel-linux-x86_64-fedora-clang, r-devel-linux-x86_64-fedora-gcc, r-patched-linux-x86_64, r-release-linux-x86_64