CRAN Package Check Results for Package pdc

Last updated on 2018-04-21 16:46:59 CEST.

Flavor Version Tinstall Tcheck Ttotal Status Flags
r-devel-linux-x86_64-debian-clang 1.0.3 14.01 22.65 36.66 NOTE
r-devel-linux-x86_64-debian-gcc 1.0.3 9.51 18.06 27.57 NOTE
r-devel-linux-x86_64-fedora-clang 1.0.3 50.87 NOTE
r-devel-linux-x86_64-fedora-gcc 1.0.3 39.91 NOTE
r-devel-windows-ix86+x86_64 1.0.3 40.00 61.00 101.00 OK
r-devel-osx-x86_64 1.0.3 OK
r-patched-linux-x86_64 1.0.3 10.04 22.17 32.21 NOTE
r-patched-solaris-x86 1.0.3 62.10 OK
r-release-linux-x86_64 1.0.3 9.77 23.53 33.30 NOTE
r-release-windows-ix86+x86_64 1.0.3 25.00 57.00 82.00 OK
r-release-osx-x86_64 1.0.3 OK
r-oldrel-windows-ix86+x86_64 1.0.3 36.00 46.00 82.00 OK

Check Details

Version: 1.0.3
Check: compiled code
Result: NOTE
    File ‘pdc/libs/pdc.so’:
     Found no calls to: ‘R_registerRoutines’, ‘R_useDynamicSymbols’
    
    It is good practice to register native routines and to disable symbol
    search.
    
    See ‘Writing portable packages’ in the ‘Writing R Extensions’ manual.
Flavors: r-devel-linux-x86_64-debian-clang, r-devel-linux-x86_64-debian-gcc, r-devel-linux-x86_64-fedora-clang, r-devel-linux-x86_64-fedora-gcc, r-patched-linux-x86_64, r-release-linux-x86_64