CRAN Package Check Results for Package pdc

Last updated on 2017-05-26 12:49:00.

Flavor Version Tinstall Tcheck Ttotal Status Flags
r-devel-linux-x86_64-debian-clang 1.0.3 26.52 16.12 42.64 NOTE
r-devel-linux-x86_64-debian-gcc 1.0.3 8.59 16.68 25.27 NOTE
r-devel-linux-x86_64-fedora-clang 1.0.3 126.30 NOTE
r-devel-linux-x86_64-fedora-gcc 1.0.3 40.76 NOTE
r-devel-windows-ix86+x86_64 1.0.3 28.00 52.00 80.00 OK
r-patched-linux-x86_64 1.0.3 9.22 16.33 25.54 NOTE
r-patched-solaris-sparc 1.0.3 309.50 OK
r-patched-solaris-x86 1.0.3 57.00 OK
r-release-linux-x86_64 1.0.3 7.95 15.87 23.82 NOTE
r-release-windows-ix86+x86_64 1.0.3 38.00 222.00 260.00 OK
r-release-osx-x86_64 1.0.3 OK
r-oldrel-windows-ix86+x86_64 1.0.3 41.00 36.00 77.00 OK
r-oldrel-osx-x86_64 1.0.3 OK

Check Details

Version: 1.0.3
Check: compiled code
Result: NOTE
    File ‘pdc/libs/pdc.so’:
     Found no calls to: ‘R_registerRoutines’, ‘R_useDynamicSymbols’
    
    It is good practice to register native routines and to disable symbol
    search.
    
    See ‘Writing portable packages’ in the ‘Writing R Extensions’ manual.
Flavors: r-devel-linux-x86_64-debian-clang, r-devel-linux-x86_64-debian-gcc, r-devel-linux-x86_64-fedora-clang, r-devel-linux-x86_64-fedora-gcc, r-patched-linux-x86_64, r-release-linux-x86_64