CRAN Package Check Results for Package pdc

Last updated on 2017-03-25 03:48:03.

Flavor Version Tinstall Tcheck Ttotal Status Flags
r-devel-linux-x86_64-debian-clang 1.0.3 27.96 16.41 44.37 NOTE
r-devel-linux-x86_64-debian-gcc 1.0.3 8.03 15.61 23.64 NOTE
r-devel-linux-x86_64-fedora-clang 1.0.3 104.50 NOTE --no-stop-on-test-error
r-devel-linux-x86_64-fedora-gcc 1.0.3 39.69 NOTE --no-stop-on-test-error
r-devel-macos-x86_64-clang 1.0.3 33.58 NOTE --no-stop-on-test-error
r-devel-windows-ix86+x86_64 1.0.3 29.00 60.00 89.00 OK
r-patched-linux-x86_64 1.0.3 7.46 13.17 20.63 OK
r-patched-solaris-sparc 1.0.3 309.50 OK
r-patched-solaris-x86 1.0.3 55.50 OK
r-release-linux-x86_64 1.0.3 7.70 12.93 20.63 OK
r-release-osx-x86_64-mavericks 1.0.3 OK
r-release-windows-ix86+x86_64 1.0.3 39.00 47.00 86.00 OK
r-oldrel-windows-ix86+x86_64 1.0.3 34.00 45.00 79.00 OK

Check Details

Version: 1.0.3
Check: compiled code
Result: NOTE
    File ‘pdc/libs/pdc.so’:
     Found no calls to: ‘R_registerRoutines’, ‘R_useDynamicSymbols’
    
    It is good practice to register native routines and to disable symbol
    search.
    
    See ‘Writing portable packages’ in the ‘Writing R Extensions’ manual.
Flavors: r-devel-linux-x86_64-debian-clang, r-devel-linux-x86_64-debian-gcc

Version: 1.0.3
Flags: --no-stop-on-test-error
Check: compiled code
Result: NOTE
    File ‘pdc/libs/pdc.so’:
     Found no calls to: ‘R_registerRoutines’, ‘R_useDynamicSymbols’
    
    It is good practice to register native routines and to disable symbol
    search.
    
    See ‘Writing portable packages’ in the ‘Writing R Extensions’ manual.
Flavors: r-devel-linux-x86_64-fedora-clang, r-devel-linux-x86_64-fedora-gcc, r-devel-macos-x86_64-clang