CRAN Package Check Results for Package pdc

Last updated on 2017-02-25 11:48:39.

Flavor Version Tinstall Tcheck Ttotal Status Flags
r-devel-linux-x86_64-debian-clang 1.0.3 6.68 16.18 22.86 NOTE
r-devel-linux-x86_64-debian-gcc 1.0.3 7.96 16.03 23.98 NOTE
r-devel-linux-x86_64-fedora-clang 1.0.3 44.34 NOTE --no-stop-on-test-error
r-devel-linux-x86_64-fedora-gcc 1.0.3 42.09 NOTE --no-stop-on-test-error
r-devel-macos-x86_64-clang 1.0.3 33.56 NOTE --no-stop-on-test-error
r-devel-windows-ix86+x86_64 1.0.3 34.00 50.00 84.00 OK
r-patched-linux-x86_64 1.0.3 8.35 12.98 21.32 OK
r-patched-solaris-sparc 1.0.3 1812.20 OK
r-patched-solaris-x86 1.0.3 400.90 OK
r-release-linux-x86_64 1.0.3 7.51 13.08 20.59 OK
r-release-osx-x86_64-mavericks 1.0.3 OK
r-release-windows-ix86+x86_64 1.0.3 34.00 143.00 177.00 OK
r-oldrel-windows-ix86+x86_64 1.0.3 52.00 82.00 134.00 OK

Check Details

Version: 1.0.3
Check: compiled code
Result: NOTE
    File ‘pdc/libs/pdc.so’:
     Found no calls to: ‘R_registerRoutines’, ‘R_useDynamicSymbols’
    
    It is good practice to register native routines and to disable symbol
    search.
    
    See ‘Writing portable packages’ in the ‘Writing R Extensions’ manual.
Flavors: r-devel-linux-x86_64-debian-clang, r-devel-linux-x86_64-debian-gcc

Version: 1.0.3
Flags: --no-stop-on-test-error
Check: compiled code
Result: NOTE
    File ‘pdc/libs/pdc.so’:
     Found no calls to: ‘R_registerRoutines’, ‘R_useDynamicSymbols’
    
    It is good practice to register native routines and to disable symbol
    search.
    
    See ‘Writing portable packages’ in the ‘Writing R Extensions’ manual.
Flavors: r-devel-linux-x86_64-fedora-clang, r-devel-linux-x86_64-fedora-gcc, r-devel-macos-x86_64-clang