CRAN Package Check Results for Package pdc

Last updated on 2014-04-24 03:47:50.

Flavor Version Tinstall Tcheck Ttotal Status Flags
r-devel-linux-x86_64-debian-clang 0.5 5.25 11.02 16.28 OK
r-devel-linux-x86_64-debian-gcc 0.5 7.52 11.14 18.66 OK
r-devel-linux-x86_64-fedora-clang 0.5 30.94 OK
r-devel-linux-x86_64-fedora-gcc 0.5 35.76 OK
r-devel-osx-x86_64-clang 0.5 30.77 OK
r-devel-osx-x86_64-gcc 0.5 OK
r-devel-windows-ix86+x86_64 0.5 29.00 21.00 50.00 OK
r-patched-linux-x86_64 0.5 8.09 11.27 19.36 OK
r-patched-solaris-sparc 0.5 1815.60 OK
r-patched-solaris-x86 0.5 360.10 OK
r-release-linux-ix86 0.5 12.00 24.00 36.00 OK
r-release-linux-x86_64 0.5 7.57 11.16 18.73 OK
r-release-osx-x86_64-mavericks 0.5 WARN
r-release-osx-x86_64-snowleopard 0.5 OK
r-release-windows-ix86+x86_64 0.5 31.00 22.00 53.00 OK
r-oldrel-windows-ix86+x86_64 0.5 30.00 22.00 52.00 OK

Check Details

Version: 0.5
Check: PDF version of manual
Result: WARNING
    LaTeX errors when creating PDF version.
    This typically indicates Rd problems.
    LaTeX errors found:
    ! LaTeX Error: File `upquote.sty' not found.
    
    Type X to quit or <RETURN> to proceed,
    or enter new name. (Default extension: sty)
    
    dd24706/Rd2.tex:8: ==> Fatal error occurred, no output PDF file produced!
Flavor: r-release-osx-x86_64-mavericks