CRAN Package Check Results for Package pdc

Last updated on 2015-07-05 22:47:38.

Flavor Version Tinstall Tcheck Ttotal Status Flags
r-devel-linux-x86_64-debian-clang 1.0.2 5.58 11.62 17.20 NOTE
r-devel-linux-x86_64-debian-gcc 1.0.2 7.05 11.06 18.11 NOTE
r-devel-linux-x86_64-fedora-clang 1.0.2 32.43 NOTE
r-devel-linux-x86_64-fedora-gcc 1.0.2 32.57 NOTE
r-devel-osx-x86_64-clang 1.0.2 30.75 OK
r-devel-windows-ix86+x86_64 1.0.2 40.00 41.00 81.00 NOTE
r-patched-linux-x86_64 1.0.2 7.16 12.77 19.93 OK
r-patched-solaris-sparc 1.0.2 1858.30 OK
r-patched-solaris-x86 1.0.2 340.20 OK
r-release-linux-x86_64 1.0.2 7.10 11.64 18.74 OK
r-release-osx-x86_64-mavericks 1.0.2 OK
r-release-windows-ix86+x86_64 1.0.2 37.00 44.00 81.00 OK
r-oldrel-windows-ix86+x86_64 1.0.2 38.00 30.00 68.00 OK

Check Details

Version: 1.0.2
Check: R code for possible problems
Result: NOTE
    mdsPlot: no visible global function definition for ‘cmdscale’
    mdsPlot: no visible global function definition for ‘plot’
    mdsPlot: no visible global function definition for ‘chull’
    mdsPlot: no visible global function definition for ‘polygon’
    mdsPlot: no visible global function definition for ‘text’
    pdcDist: no visible global function definition for ‘as.dist’
    pdclust: no visible global function definition for ‘hclust’
    plot.mine: no visible global function definition for ‘heat.colors’
    plot.mine: no visible global function definition for ‘plot’
    plot.mine: no visible global function definition for ‘abline’
    plot.mine: no visible global function definition for ‘contour’
    plot.mine: no visible global function definition for ‘image’
    plot.mine: no visible global function definition for ‘points’
    plot.pdclust: no visible global function definition for ‘plot’
    plot.pdclust: no visible global function definition for ‘par’
    plot.pdclust: no visible global function definition for ‘as.dendrogram’
    plot.pdclust: no visible global function definition for ‘lines’
    ptext: no visible global function definition for ‘strwidth’
    ptext: no visible global function definition for ‘strheight’
    ptext: no visible global function definition for ‘text’
    rasterPlot: no visible global function definition for ‘par’
    rasterPlot: no visible global function definition for ‘plot’
    rasterPlot: no visible global function definition for ‘as.dendrogram’
    rasterPlot: no visible global function definition for ‘rasterImage’
    str.pdclust: no visible global function definition for ‘str’
    str.pdclust: no visible global function definition for ‘as.dendrogram’
    test.clusters: no visible global function definition for ‘pchisq’
    Undefined global functions or variables:
     abline as.dendrogram as.dist chull cmdscale contour hclust
     heat.colors image lines par pchisq plot points polygon rasterImage
     str strheight strwidth text
Flavors: r-devel-linux-x86_64-debian-clang, r-devel-linux-x86_64-debian-gcc, r-devel-linux-x86_64-fedora-clang, r-devel-linux-x86_64-fedora-gcc, r-devel-windows-ix86+x86_64