CRAN Package Check Results for Package pdfCluster

Last updated on 2014-07-25 12:47:36.

Flavor Version Tinstall Tcheck Ttotal Status Flags
r-devel-linux-x86_64-debian-clang 1.0-2 1.58 26.01 27.59 OK
r-devel-linux-x86_64-debian-gcc 1.0-2 1.53 25.05 26.58 OK
r-devel-linux-x86_64-fedora-clang 1.0-2 56.27 OK
r-devel-linux-x86_64-fedora-gcc 1.0-2 53.41 OK
r-devel-osx-x86_64-clang 1.0-2 50.24 OK
r-devel-windows-ix86+x86_64 1.0-2 8.00 62.00 70.00 OK
r-patched-linux-x86_64 1.0-2 1.61 25.54 27.15 OK
r-patched-solaris-sparc 1.0-2 323.00 OK
r-patched-solaris-x86 1.0-2 71.20 OK
r-release-linux-ix86 1.0-2 2.20 36.82 39.02 OK
r-release-linux-x86_64 1.0-2 1.57 25.96 27.53 OK
r-release-osx-x86_64-mavericks 1.0-2 NOTE
r-release-osx-x86_64-snowleopard 1.0-2 OK
r-release-windows-ix86+x86_64 1.0-2 8.00 62.00 70.00 OK
r-oldrel-windows-ix86+x86_64 1.0-2 8.00 61.00 69.00 OK

Check Details

Version: 1.0-2
Check: Rd cross-references
Result: NOTE
    Package unavailable to check Rd xrefs: ‘spdep’
Flavor: r-release-osx-x86_64-mavericks