CRAN Package Check Results for Package pdfCluster

Last updated on 2014-10-25 14:50:59.

Flavor Version Tinstall Tcheck Ttotal Status Flags
r-devel-linux-x86_64-debian-clang 1.0-2 1.58 25.55 27.12 OK
r-devel-linux-x86_64-debian-gcc 1.0-2 1.61 25.04 26.64 OK
r-devel-linux-x86_64-fedora-clang 1.0-2 53.64 OK
r-devel-linux-x86_64-fedora-gcc 1.0-2 49.75 OK
r-devel-osx-x86_64-clang 1.0-2 49.14 OK
r-devel-windows-ix86+x86_64 1.0-2 8.00 57.00 65.00 OK
r-patched-linux-x86_64 1.0-2 1.57 26.37 27.94 OK
r-patched-solaris-sparc 1.0-2 341.90 OK
r-patched-solaris-x86 1.0-2 71.10 OK
r-release-linux-ix86 1.0-2 2.16 37.16 39.32 OK
r-release-linux-x86_64 1.0-2 1.65 26.31 27.96 OK
r-release-osx-x86_64-mavericks 1.0-2 NOTE
r-release-osx-x86_64-snowleopard 1.0-2 OK
r-release-windows-ix86+x86_64 1.0-2 8.00 59.00 67.00 OK
r-oldrel-windows-ix86+x86_64 1.0-2 10.00 67.00 77.00 OK

Check Details

Version: 1.0-2
Check: Rd cross-references
Result: NOTE
    Package unavailable to check Rd xrefs: ‘spdep’
Flavor: r-release-osx-x86_64-mavericks