CRAN Package Check Results for Package pdfCluster

Last updated on 2015-01-29 22:48:47.

Flavor Version Tinstall Tcheck Ttotal Status Flags
r-devel-linux-x86_64-debian-clang 1.0-2 1.44 24.98 26.42 NOTE
r-devel-linux-x86_64-debian-gcc 1.0-2 1.44 25.42 26.86 NOTE
r-devel-linux-x86_64-fedora-clang 1.0-2 53.31 NOTE
r-devel-linux-x86_64-fedora-gcc 1.0-2 51.54 NOTE
r-devel-osx-x86_64-clang 1.0-2 49.96 NOTE
r-devel-windows-ix86+x86_64 1.0-2 11.00 54.00 65.00 OK
r-patched-linux-x86_64 1.0-2 1.54 25.88 27.43 OK
r-patched-solaris-sparc 1.0-2 336.40 OK
r-patched-solaris-x86 1.0-2 70.70 OK
r-release-linux-ix86 1.0-2 2.08 35.09 37.17 OK
r-release-linux-x86_64 1.0-2 1.55 25.91 27.46 OK
r-release-osx-x86_64-mavericks 1.0-2 OK
r-release-osx-x86_64-snowleopard 1.0-2 OK
r-release-windows-ix86+x86_64 1.0-2 8.00 59.00 67.00 OK
r-oldrel-windows-ix86+x86_64 1.0-2 9.00 77.00 86.00 OK

Check Details

Version: 1.0-2
Check: S3 generic/method consistency
Result: NOTE
    Found the following apparent S3 methods exported but not registered:
     summary.dbs summary.kepdf summary.pdfCluster plot.dbs plot.kepdf
     plot.pdfCluster
    See section ‘Registering S3 methods’ in the ‘Writing R Extensions’
    manual.
Flavors: r-devel-linux-x86_64-debian-clang, r-devel-linux-x86_64-debian-gcc, r-devel-linux-x86_64-fedora-clang, r-devel-linux-x86_64-fedora-gcc, r-devel-osx-x86_64-clang