CRAN Package Check Results for Package pdfCluster

Last updated on 2014-09-22 15:48:35.

Flavor Version Tinstall Tcheck Ttotal Status Flags
r-devel-linux-x86_64-debian-clang 1.0-2 1.49 25.90 27.39 OK
r-devel-linux-x86_64-debian-gcc 1.0-2 1.49 25.48 26.97 OK
r-devel-linux-x86_64-fedora-clang 1.0-2 54.49 OK
r-devel-linux-x86_64-fedora-gcc 1.0-2 50.87 OK
r-devel-osx-x86_64-clang 1.0-2 50.69 OK
r-devel-windows-ix86+x86_64 1.0-2 7.00 60.00 67.00 OK
r-patched-linux-x86_64 1.0-2 1.64 25.92 27.56 OK
r-patched-solaris-sparc 1.0-2 341.90 OK
r-patched-solaris-x86 1.0-2 70.60 OK
r-release-linux-ix86 1.0-2 2.20 37.25 39.44 OK
r-release-linux-x86_64 1.0-2 1.65 26.49 28.14 OK
r-release-osx-x86_64-mavericks 1.0-2 NOTE
r-release-osx-x86_64-snowleopard 1.0-2 OK
r-release-windows-ix86+x86_64 1.0-2 7.00 60.00 67.00 OK
r-oldrel-windows-ix86+x86_64 1.0-2 9.00 62.00 71.00 OK

Check Details

Version: 1.0-2
Check: Rd cross-references
Result: NOTE
    Package unavailable to check Rd xrefs: ‘spdep’
Flavor: r-release-osx-x86_64-mavericks