CRAN Package Check Results for Package pdfCluster

Last updated on 2015-04-19 23:49:22.

Flavor Version Tinstall Tcheck Ttotal Status Flags
r-devel-linux-x86_64-debian-clang 1.0-2 1.44 24.61 26.05 NOTE
r-devel-linux-x86_64-debian-gcc 1.0-2 1.43 23.92 25.35 NOTE
r-devel-linux-x86_64-fedora-clang 1.0-2 48.07 NOTE
r-devel-linux-x86_64-fedora-gcc 1.0-2 46.61 NOTE
r-devel-osx-x86_64-clang 1.0-2 47.00 NOTE
r-devel-windows-ix86+x86_64 1.0-2 12.00 54.00 66.00 OK
r-patched-linux-x86_64 1.0-2 1.45 23.75 25.20 NOTE
r-patched-solaris-sparc 1.0-2 331.80 OK
r-patched-solaris-x86 1.0-2 62.90 OK
r-release-linux-x86_64 1.0-2 1.35 23.92 25.27 NOTE
r-release-osx-x86_64-mavericks 1.0-2 NOTE
r-release-osx-x86_64-snowleopard 1.0-2 NOTE
r-release-windows-ix86+x86_64 1.0-2 5.00 52.00 57.00 OK
r-oldrel-windows-ix86+x86_64 1.0-2 6.00 75.00 81.00 OK

Check Details

Version: 1.0-2
Check: S3 generic/method consistency
Result: NOTE
    Found the following apparent S3 methods exported but not registered:
     plot.dbs plot.kepdf plot.pdfCluster summary.dbs summary.kepdf
     summary.pdfCluster
    See section ‘Registering S3 methods’ in the ‘Writing R Extensions’
    manual.
Flavors: r-devel-linux-x86_64-debian-clang, r-devel-linux-x86_64-debian-gcc, r-devel-linux-x86_64-fedora-clang, r-devel-linux-x86_64-fedora-gcc, r-devel-osx-x86_64-clang, r-patched-linux-x86_64, r-release-linux-x86_64

Version: 1.0-2
Check: Rd cross-references
Result: NOTE
    Package unavailable to check Rd xrefs: ‘spdep’
Flavors: r-release-osx-x86_64-mavericks, r-release-osx-x86_64-snowleopard