CRAN Package Check Results for Package pdfCluster

Last updated on 2014-11-28 19:51:25.

Flavor Version Tinstall Tcheck Ttotal Status Flags
r-devel-linux-x86_64-debian-clang 1.0-2 1.60 25.90 27.50 OK
r-devel-linux-x86_64-debian-gcc 1.0-2 1.64 24.86 26.50 OK
r-devel-linux-x86_64-fedora-clang 1.0-2 56.00 OK
r-devel-linux-x86_64-fedora-gcc 1.0-2 53.14 OK
r-devel-osx-x86_64-clang 1.0-2 48.40 OK
r-devel-windows-ix86+x86_64 1.0-2 8.00 58.00 66.00 OK
r-patched-linux-x86_64 1.0-2 1.61 26.05 27.66 OK
r-patched-solaris-sparc 1.0-2 341.90 OK
r-patched-solaris-x86 1.0-2 70.00 OK
r-release-linux-ix86 1.0-2 2.08 35.96 38.03 OK
r-release-linux-x86_64 1.0-2 1.62 26.49 28.11 OK
r-release-osx-x86_64-mavericks 1.0-2 NOTE
r-release-osx-x86_64-snowleopard 1.0-2 OK
r-release-windows-ix86+x86_64 1.0-2 9.00 62.00 71.00 OK
r-oldrel-windows-ix86+x86_64 1.0-2 9.00 63.00 72.00 OK

Check Details

Version: 1.0-2
Check: Rd cross-references
Result: NOTE
    Package unavailable to check Rd xrefs: ‘spdep’
Flavor: r-release-osx-x86_64-mavericks