CRAN Package Check Results for Package pdfCluster

Last updated on 2015-07-04 23:47:25.

Flavor Version Tinstall Tcheck Ttotal Status Flags
r-devel-linux-x86_64-debian-clang 1.0-2 1.36 23.23 24.59 NOTE
r-devel-linux-x86_64-debian-gcc 1.0-2 1.40 22.56 23.96 NOTE
r-devel-linux-x86_64-fedora-clang 1.0-2 47.67 NOTE
r-devel-linux-x86_64-fedora-gcc 1.0-2 44.99 NOTE
r-devel-osx-x86_64-clang 1.0-2 43.17 NOTE
r-devel-windows-ix86+x86_64 1.0-2 15.00 59.00 74.00 NOTE
r-patched-linux-x86_64 1.0-2 1.37 23.10 24.48 NOTE
r-patched-solaris-sparc 1.0-2 330.60 NOTE
r-patched-solaris-x86 1.0-2 65.60 NOTE
r-release-linux-x86_64 1.0-2 1.54 24.00 25.54 NOTE
r-release-osx-x86_64-mavericks 1.0-2 OK
r-release-windows-ix86+x86_64 1.0-2 10.00 73.00 83.00 OK
r-oldrel-windows-ix86+x86_64 1.0-2 15.00 89.00 104.00 OK

Check Details

Version: 1.0-2
Check: S3 generic/method consistency
Result: NOTE
    Found the following apparent S3 methods exported but not registered:
     plot.dbs plot.kepdf plot.pdfCluster summary.dbs summary.kepdf
     summary.pdfCluster
    See section ‘Registering S3 methods’ in the ‘Writing R Extensions’
    manual.
Flavors: r-devel-linux-x86_64-debian-clang, r-devel-linux-x86_64-debian-gcc, r-devel-linux-x86_64-fedora-clang, r-devel-linux-x86_64-fedora-gcc, r-devel-osx-x86_64-clang, r-patched-linux-x86_64, r-patched-solaris-sparc, r-patched-solaris-x86, r-release-linux-x86_64

Version: 1.0-2
Check: R code for possible problems
Result: NOTE
    graph.del: no visible global function definition for ‘var’
    h.norm: no visible global function definition for ‘var’
    matrix.connected.C: no visible global function definition for ‘combn’
    num.con: no visible global function definition for ‘quantile’
    pdfClassification: no visible global function definition for ‘quantile’
    pdfCluster.data: no visible global function definition for ‘na.omit’
    plot.dbs: no visible global function definition for ‘median’
    plot.dbs: no visible global function definition for ‘segments’
    plot.dbs: no visible global function definition for ‘text’
    plot.dbs: no visible global function definition for ‘axis’
    plot.kepdf1d: no visible binding for global variable ‘extendrange’
    plot.kepdf1d: no visible global function definition for ‘lines’
    plot.kepdf1d: no visible global function definition for ‘rug’
    plot.kepdf2d: no visible binding for global variable ‘extendrange’
    plot.kepdf2d: no visible global function definition for ‘heat.colors’
    plot.kepdf2d: no visible global function definition for ‘image’
    plot.kepdf2d: no visible global function definition for ‘persp’
    plot.kepdf2d: no visible global function definition for ‘quantile’
    plot.kepdf2d: no visible global function definition for ‘contour’
    plot.kepdf2d: no visible global function definition for ‘points’
    plot.kepdfdd : textPanel: no visible global function definition for
     ‘text’
    plot.kepdfdd : localAxis: no visible global function definition for
     ‘Axis’
    plot.kepdfdd: no visible global function definition for ‘par’
    plot.kepdfdd: no visible global function definition for ‘text’
    plot.kepdfdd: no visible global function definition for ‘box’
    plot.kepdfdd: no visible global function definition for ‘axis’
    plot.kepdfdd: no visible global function definition for ‘mtext’
    plot.pdfCluster: no visible global function definition for ‘par’
    plot.pdfCluster: no visible global function definition for ‘axis’
    plot.pdfCluster: no visible global function definition for ‘title’
    plot.pdfCluster: no visible global function definition for ‘pairs’
    summary.kepdf: no visible global function definition for ‘quantile’
    summary.pdfCluster: no visible global function definition for ‘str’
    pdfCluster,data.frame: no visible global function definition for
     ‘na.omit’
    pdfCluster,matrix: no visible global function definition for ‘na.omit’
    pdfCluster,numeric: no visible global function definition for ‘na.omit’
    plot,dbs-missing: no visible global function definition for ‘median’
    plot,dbs-missing: no visible global function definition for ‘segments’
    plot,dbs-missing: no visible global function definition for ‘text’
    plot,dbs-missing: no visible global function definition for ‘axis’
    plot,pdfCluster-missing: no visible global function definition for
     ‘par’
    plot,pdfCluster-missing: no visible global function definition for
     ‘axis’
    plot,pdfCluster-missing: no visible global function definition for
     ‘title’
    plot,pdfCluster-missing: no visible global function definition for
     ‘pairs’
    show,pdfCluster: no visible global function definition for ‘str’
    summary,kepdf: no visible global function definition for ‘quantile’
    summary,pdfCluster: no visible global function definition for ‘str’
    Undefined global functions or variables:
     Axis axis box combn contour extendrange heat.colors image lines
     median mtext na.omit pairs par persp points quantile rug segments str
     text title var
Flavors: r-devel-linux-x86_64-debian-clang, r-devel-linux-x86_64-fedora-clang, r-devel-linux-x86_64-fedora-gcc, r-devel-windows-ix86+x86_64

Version: 1.0-2
Check: R code for possible problems
Result: NOTE
    graph.del: no visible global function definition for ‘var’
    h.norm: no visible global function definition for ‘var’
    matrix.connected.C: no visible global function definition for ‘combn’
    num.con: no visible global function definition for ‘quantile’
    pdfClassification: no visible global function definition for ‘quantile’
    pdfCluster.data: no visible global function definition for ‘na.omit’
    plot.dbs: no visible global function definition for ‘median’
    plot.dbs: no visible global function definition for ‘segments’
    plot.dbs: no visible global function definition for ‘text’
    plot.dbs: no visible global function definition for ‘axis’
    plot.kepdf1d: no visible binding for global variable ‘extendrange’
    plot.kepdf1d: no visible global function definition for ‘lines’
    plot.kepdf1d: no visible global function definition for ‘rug’
    plot.kepdf2d: no visible binding for global variable ‘extendrange’
    plot.kepdf2d: no visible global function definition for ‘heat.colors’
    plot.kepdf2d: no visible global function definition for ‘image’
    plot.kepdf2d: no visible global function definition for ‘persp’
    plot.kepdf2d: no visible global function definition for ‘quantile’
    plot.kepdf2d: no visible global function definition for ‘contour’
    plot.kepdf2d: no visible global function definition for ‘points’
    plot.kepdfdd : textPanel: no visible global function definition for
     ‘text’
    plot.kepdfdd : localAxis: no visible global function definition for
     ‘Axis’
    plot.kepdfdd: no visible global function definition for ‘par’
    plot.kepdfdd: no visible global function definition for ‘text’
    plot.kepdfdd: no visible global function definition for ‘box’
    plot.kepdfdd: no visible global function definition for ‘axis’
    plot.kepdfdd: no visible global function definition for ‘mtext’
    plot.pdfCluster: no visible global function definition for ‘par’
    plot.pdfCluster: no visible global function definition for ‘axis’
    plot.pdfCluster: no visible global function definition for ‘title’
    plot.pdfCluster: no visible global function definition for ‘pairs’
    summary.kepdf: no visible global function definition for ‘quantile’
    summary.pdfCluster: no visible global function definition for ‘str’
    pdfCluster,data.frame: no visible global function definition for
     ‘na.omit’
    pdfCluster,matrix: no visible global function definition for ‘na.omit’
    pdfCluster,numeric: no visible global function definition for ‘na.omit’
    show,pdfCluster: no visible global function definition for ‘str’
    summary,pdfCluster: no visible global function definition for ‘str’
    Undefined global functions or variables:
     Axis axis box combn contour extendrange heat.colors image lines
     median mtext na.omit pairs par persp points quantile rug segments str
     text title var
Flavor: r-devel-linux-x86_64-debian-gcc