CRAN Package Check Results for Package pdfCluster

Last updated on 2014-04-23 17:47:50.

Flavor Version Tinstall Tcheck Ttotal Status Flags
r-devel-linux-x86_64-debian-clang 1.0-1 1.67 27.08 28.75 NOTE
r-devel-linux-x86_64-debian-gcc 1.0-1 1.72 18.92 20.64 ERROR
r-devel-linux-x86_64-fedora-clang 1.0-1 55.79 NOTE
r-devel-linux-x86_64-fedora-gcc 1.0-1 54.26 NOTE
r-devel-osx-x86_64-clang 1.0-1 51.36 NOTE
r-devel-osx-x86_64-gcc 1.0-1 NOTE
r-devel-windows-ix86+x86_64 1.0-1 8.00 58.00 66.00 NOTE
r-patched-linux-x86_64 1.0-1 1.69 26.62 28.31 NOTE
r-patched-solaris-sparc 1.0-1 337.30 NOTE
r-patched-solaris-x86 1.0-1 71.70 NOTE
r-release-linux-ix86 1.0-1 3.00 50.00 53.00 NOTE
r-release-linux-x86_64 1.0-1 1.66 26.89 28.55 NOTE
r-release-osx-x86_64-mavericks 1.0-1 WARN
r-release-osx-x86_64-snowleopard 1.0-1 OK
r-release-windows-ix86+x86_64 1.0-1 8.00 59.00 67.00 NOTE
r-oldrel-windows-ix86+x86_64 1.0-1 8.00 61.00 69.00 OK

Check Details

Version: 1.0-1
Check: foreign function calls
Result: NOTE
    Calls with DUP = FALSE:
     .C("c_kepdfN", as.double(x), as.double(rec.hm/sqrt(2)), as.double(x),
     as.integer(nx), as.integer(ndim), as.integer(nx), double(nx),
     as.double(prodhm), DUP = FALSE, PACKAGE = "pdfCluster")
     .C("c_kepdft7", as.double(x), as.double(rec.hm), as.double(x),
     as.integer(nx), as.integer(ndim), as.integer(nx), double(nx),
     as.double(prodhm), DUP = FALSE, PACKAGE = "pdfCluster")
     .C("c_kepdfN", as.double(x), as.double(rec.hm/sqrt(2)), as.double(eval.points),
     as.integer(nx), as.integer(ndim), as.integer(neval), double(neval),
     as.double(prodhm), DUP = FALSE, PACKAGE = "pdfCluster")
     .C("c_kepdft7", as.double(x), as.double(rec.hm), as.double(eval.points),
     as.integer(nx), as.integer(ndim), as.integer(neval), double(neval),
     as.double(prodhm), DUP = FALSE, PACKAGE = "pdfCluster")
    DUP = FALSE is deprecated and may be disabled in future versions of R.
Flavors: r-devel-linux-x86_64-debian-clang, r-devel-linux-x86_64-debian-gcc, r-devel-linux-x86_64-fedora-clang, r-devel-linux-x86_64-fedora-gcc, r-devel-osx-x86_64-clang, r-devel-osx-x86_64-gcc, r-devel-windows-ix86+x86_64, r-patched-linux-x86_64, r-patched-solaris-sparc, r-patched-solaris-x86, r-release-linux-ix86, r-release-linux-x86_64, r-release-osx-x86_64-mavericks, r-release-windows-ix86+x86_64

Version: 1.0-1
Check: examples
Result: ERROR
    Running examples in ‘pdfCluster-Ex.R’ failed
    The error most likely occurred in:
    
    > ### Name: pdfClassification
    > ### Title: Classification of low density data
    > ### Aliases: pdfClassification
    > ### Keywords: cluster
    >
    > ### ** Examples
    >
    > # load data
    > data(wine)
    >
    > # select a subset of variables
    > x <- wine[, c(2,5,8)]
    >
    > #whole procedure, included the classification phase
    > cl <- pdfCluster(x)
    
     *** caught segfault ***
    address 0x30, cause 'memory not mapped'
    
    Traceback:
     1: as.vector(xt[(xt == i) %*% rep(1, ncx + 1) > 0, ])
     2: unique(as.vector(xt[(xt == i) %*% rep(1, ncx + 1) > 0, ]), FALSE)
     3: sort(unique(as.vector(xt[(xt == i) %*% rep(1, ncx + 1) > 0, ]), FALSE))
     4: graph.del(x, Q = Q)
     5: pdfCluster(x)
     6: pdfCluster(x)
    aborting ...
    Segmentation fault
Flavor: r-devel-linux-x86_64-debian-gcc

Version: 1.0-1
Check: Rd cross-references
Result: NOTE
    Package unavailable to check Rd xrefs: ‘spdep’
Flavors: r-devel-osx-x86_64-gcc, r-release-osx-x86_64-mavericks

Version: 1.0-1
Check: PDF version of manual
Result: WARNING
    LaTeX errors when creating PDF version.
    This typically indicates Rd problems.
    LaTeX errors found:
    ! LaTeX Error: File `upquote.sty' not found.
    
    Type X to quit or <RETURN> to proceed,
    or enter new name. (Default extension: sty)
    
    be4d90e/Rd2.tex:8: ==> Fatal error occurred, no output PDF file produced!
Flavor: r-release-osx-x86_64-mavericks