CRAN Package Check Results for Package pdfCluster

Last updated on 2014-12-22 03:49:00.

Flavor Version Tinstall Tcheck Ttotal Status Flags
r-devel-linux-x86_64-debian-clang 1.0-2 1.48 26.24 27.73 OK
r-devel-linux-x86_64-debian-gcc 1.0-2 1.47 24.65 26.12 OK
r-devel-linux-x86_64-fedora-clang 1.0-2 55.39 OK
r-devel-linux-x86_64-fedora-gcc 1.0-2 51.33 OK
r-devel-osx-x86_64-clang 1.0-2 48.60 OK
r-devel-windows-ix86+x86_64 1.0-2 9.00 60.00 69.00 OK
r-patched-linux-x86_64 1.0-2 1.55 25.54 27.09 OK
r-patched-solaris-sparc 1.0-2 341.90 OK
r-patched-solaris-x86 1.0-2 70.30 OK
r-release-linux-ix86 1.0-2 2.12 34.83 36.95 OK
r-release-linux-x86_64 1.0-2 1.61 25.97 27.58 OK
r-release-osx-x86_64-mavericks 1.0-2 NOTE
r-release-osx-x86_64-snowleopard 1.0-2 OK
r-release-windows-ix86+x86_64 1.0-2 9.00 62.00 71.00 OK
r-oldrel-windows-ix86+x86_64 1.0-2 9.00 60.00 69.00 OK

Check Details

Version: 1.0-2
Check: Rd cross-references
Result: NOTE
    Package unavailable to check Rd xrefs: ‘spdep’
Flavor: r-release-osx-x86_64-mavericks