CRAN Package Check Results for Package pdfCluster

Last updated on 2015-05-22 23:48:06.

Flavor Version Tinstall Tcheck Ttotal Status Flags
r-devel-linux-x86_64-debian-clang 1.0-2 1.49 23.70 25.19 NOTE
r-devel-linux-x86_64-debian-gcc 1.0-2 1.43 23.67 25.10 NOTE
r-devel-linux-x86_64-fedora-clang 1.0-2 47.93 NOTE
r-devel-linux-x86_64-fedora-gcc 1.0-2 46.22 NOTE
r-devel-osx-x86_64-clang 1.0-2 45.88 NOTE
r-devel-windows-ix86+x86_64 1.0-2 11.00 52.00 63.00 OK
r-patched-linux-x86_64 1.0-2 1.40 23.37 24.77 NOTE
r-patched-solaris-sparc 1.0-2 330.60 NOTE
r-patched-solaris-x86 1.0-2 65.90 NOTE
r-release-linux-x86_64 1.0-2 1.38 25.02 26.40 NOTE
r-release-osx-x86_64-mavericks 1.0-2 OK
r-release-osx-x86_64-snowleopard 1.0-2 NOTE
r-release-windows-ix86+x86_64 1.0-2 8.00 56.00 64.00 OK
r-oldrel-windows-ix86+x86_64 1.0-2 8.00 61.00 69.00 OK

Check Details

Version: 1.0-2
Check: S3 generic/method consistency
Result: NOTE
    Found the following apparent S3 methods exported but not registered:
     plot.dbs plot.kepdf plot.pdfCluster summary.dbs summary.kepdf
     summary.pdfCluster
    See section ‘Registering S3 methods’ in the ‘Writing R Extensions’
    manual.
Flavors: r-devel-linux-x86_64-debian-clang, r-devel-linux-x86_64-debian-gcc, r-devel-linux-x86_64-fedora-clang, r-devel-linux-x86_64-fedora-gcc, r-devel-osx-x86_64-clang, r-patched-linux-x86_64, r-patched-solaris-sparc, r-patched-solaris-x86, r-release-linux-x86_64

Version: 1.0-2
Check: Rd cross-references
Result: NOTE
    Package unavailable to check Rd xrefs: ‘spdep’
Flavor: r-release-osx-x86_64-snowleopard