CRAN Package Check Results for Package pdftools

Last updated on 2024-02-26 21:52:59 CET.

Flavor Version Tinstall Tcheck Ttotal Status Flags
r-devel-linux-x86_64-debian-clang 3.4.0 26.49 35.58 62.07 OK
r-devel-linux-x86_64-debian-gcc 3.4.0 20.76 28.07 48.83 OK
r-devel-linux-x86_64-fedora-clang 3.4.0 91.76 NOTE
r-devel-linux-x86_64-fedora-gcc 3.4.0 86.78 OK
r-devel-windows-x86_64 3.4.0 35.00 109.00 144.00 NOTE
r-patched-linux-x86_64 3.4.0 27.84 35.85 63.69 OK
r-release-linux-x86_64 3.4.0 27.13 35.80 62.93 OK
r-release-macos-arm64 3.4.0 126.00 NOTE
r-release-macos-x86_64 3.4.0 130.00 NOTE
r-release-windows-x86_64 3.4.0 44.00 133.00 177.00 NOTE
r-oldrel-macos-arm64 3.4.0 34.00 NOTE
r-oldrel-windows-x86_64 3.4.0 44.00 110.00 154.00 NOTE

Check Details

Version: 3.4.0
Check: package dependencies
Result: NOTE Package suggested but not available for checking: ‘tesseract’ Flavor: r-devel-linux-x86_64-fedora-clang

Version: 3.4.0
Check: installed package size
Result: NOTE installed size is 20.3Mb sub-directories of 1Mb or more: libs 7.4Mb share 12.8Mb Flavors: r-devel-windows-x86_64, r-release-macos-arm64, r-release-macos-x86_64, r-release-windows-x86_64, r-oldrel-macos-arm64, r-oldrel-windows-x86_64