CRAN Package Check Results for Package pdist

Last updated on 2018-05-21 02:46:53 CEST.

Flavor Version Tinstall Tcheck Ttotal Status Flags
r-devel-linux-x86_64-debian-clang 1.2 1.41 17.06 18.47 NOTE
r-devel-linux-x86_64-debian-gcc 1.2 1.03 14.81 15.84 NOTE
r-devel-linux-x86_64-fedora-clang 1.2 24.03 NOTE
r-devel-linux-x86_64-fedora-gcc 1.2 22.51 NOTE
r-devel-windows-ix86+x86_64 1.2 7.00 38.00 45.00 NOTE
r-patched-linux-x86_64 1.2 1.15 17.42 18.57 NOTE
r-patched-solaris-x86 1.2 40.90 NOTE
r-release-linux-x86_64 1.2 1.17 17.49 18.66 NOTE
r-release-windows-ix86+x86_64 1.2 7.00 36.00 43.00 NOTE
r-release-osx-x86_64 1.2 NOTE
r-oldrel-windows-ix86+x86_64 1.2 4.00 29.00 33.00 NOTE
r-oldrel-osx-x86_64 1.2 NOTE

Check Details

Version: 1.2
Check: dependencies in R code
Result: NOTE
    Package in Depends field not imported from: ‘methods’
     These packages need to be imported from (in the NAMESPACE file)
     for when this namespace is loaded but not attached.
Flavors: r-devel-linux-x86_64-debian-clang, r-devel-linux-x86_64-debian-gcc, r-devel-linux-x86_64-fedora-clang, r-devel-linux-x86_64-fedora-gcc, r-devel-windows-ix86+x86_64, r-patched-linux-x86_64, r-patched-solaris-x86, r-release-linux-x86_64, r-release-windows-ix86+x86_64, r-release-osx-x86_64, r-oldrel-windows-ix86+x86_64, r-oldrel-osx-x86_64

Version: 1.2
Check: R code for possible problems
Result: NOTE
    pdist: no visible global function definition for ‘dist’
    pdist: no visible global function definition for ‘new’
    Undefined global functions or variables:
     dist new
    Consider adding
     importFrom("methods", "new")
     importFrom("stats", "dist")
    to your NAMESPACE file (and ensure that your DESCRIPTION Imports field
    contains 'methods').
Flavors: r-devel-linux-x86_64-debian-clang, r-devel-linux-x86_64-debian-gcc, r-devel-linux-x86_64-fedora-clang, r-devel-linux-x86_64-fedora-gcc, r-devel-windows-ix86+x86_64, r-patched-linux-x86_64, r-patched-solaris-x86, r-release-linux-x86_64, r-release-windows-ix86+x86_64, r-release-osx-x86_64, r-oldrel-windows-ix86+x86_64, r-oldrel-osx-x86_64

Version: 1.2
Check: compiled code
Result: NOTE
    File ‘pdist/libs/pdist.so’:
     Found no calls to: ‘R_registerRoutines’, ‘R_useDynamicSymbols’
    
    It is good practice to register native routines and to disable symbol
    search.
    
    See ‘Writing portable packages’ in the ‘Writing R Extensions’ manual.
Flavors: r-devel-linux-x86_64-debian-clang, r-devel-linux-x86_64-debian-gcc, r-devel-linux-x86_64-fedora-clang, r-devel-linux-x86_64-fedora-gcc, r-patched-linux-x86_64, r-release-linux-x86_64