CRAN Package Check Results for Package pdist

Last updated on 2015-05-23 15:47:22.

Flavor Version Tinstall Tcheck Ttotal Status Flags
r-devel-linux-x86_64-debian-clang 1.2 0.80 9.38 10.19 NOTE
r-devel-linux-x86_64-debian-gcc 1.2 0.76 9.32 10.08 NOTE
r-devel-linux-x86_64-fedora-clang 1.2 19.86 NOTE
r-devel-linux-x86_64-fedora-gcc 1.2 18.59 NOTE
r-devel-osx-x86_64-clang 1.2 24.29 NOTE
r-devel-windows-ix86+x86_64 1.2 6.00 21.00 27.00 NOTE
r-patched-linux-x86_64 1.2 0.87 9.34 10.21 NOTE
r-patched-solaris-sparc 1.2 131.70 NOTE
r-patched-solaris-x86 1.2 31.30 NOTE
r-release-linux-x86_64 1.2 0.82 9.77 10.59 NOTE
r-release-osx-x86_64-mavericks 1.2 NOTE
r-release-osx-x86_64-snowleopard 1.2 NOTE
r-release-windows-ix86+x86_64 1.2 4.00 23.00 27.00 NOTE
r-oldrel-windows-ix86+x86_64 1.2 8.00 22.00 30.00 NOTE

Check Details

Version: 1.2
Check: dependencies in R code
Result: NOTE
    Package in Depends field not imported from: ‘methods’
     These packages need to be imported from (in the NAMESPACE file)
     for when this namespace is loaded but not attached.
Flavors: r-devel-linux-x86_64-debian-clang, r-devel-linux-x86_64-debian-gcc, r-devel-linux-x86_64-fedora-clang, r-devel-linux-x86_64-fedora-gcc, r-devel-osx-x86_64-clang, r-devel-windows-ix86+x86_64, r-patched-linux-x86_64, r-patched-solaris-sparc, r-patched-solaris-x86, r-release-linux-x86_64, r-release-osx-x86_64-mavericks, r-release-osx-x86_64-snowleopard, r-release-windows-ix86+x86_64, r-oldrel-windows-ix86+x86_64