CRAN Package Check Results for Package pdist

Last updated on 2017-03-23 23:50:59.

Flavor Version Tinstall Tcheck Ttotal Status Flags
r-devel-linux-x86_64-debian-clang 1.2 0.94 11.75 12.69 NOTE
r-devel-linux-x86_64-debian-gcc 1.2 0.91 11.50 12.41 NOTE
r-devel-linux-x86_64-fedora-clang 1.2 21.11 NOTE --no-stop-on-test-error
r-devel-linux-x86_64-fedora-gcc 1.2 20.49 NOTE --no-stop-on-test-error
r-devel-macos-x86_64-clang 1.2 19.10 NOTE --no-stop-on-test-error
r-devel-windows-ix86+x86_64 1.2 5.00 29.00 34.00 NOTE
r-patched-linux-x86_64 1.2 0.80 10.07 10.88 NOTE
r-patched-solaris-sparc 1.2 126.30 NOTE
r-patched-solaris-x86 1.2 30.40 NOTE
r-release-linux-x86_64 1.2 0.78 10.11 10.89 NOTE
r-release-osx-x86_64-mavericks 1.2 NOTE
r-release-windows-ix86+x86_64 1.2 4.00 29.00 33.00 NOTE
r-oldrel-windows-ix86+x86_64 1.2 7.00 26.00 33.00 NOTE

Check Details

Version: 1.2
Check: dependencies in R code
Result: NOTE
    Package in Depends field not imported from: ‘methods’
     These packages need to be imported from (in the NAMESPACE file)
     for when this namespace is loaded but not attached.
Flavors: r-devel-linux-x86_64-debian-clang, r-devel-linux-x86_64-debian-gcc, r-devel-windows-ix86+x86_64, r-patched-linux-x86_64, r-patched-solaris-sparc, r-patched-solaris-x86, r-release-linux-x86_64, r-release-osx-x86_64-mavericks, r-release-windows-ix86+x86_64, r-oldrel-windows-ix86+x86_64

Version: 1.2
Check: R code for possible problems
Result: NOTE
    pdist: no visible global function definition for ‘dist’
    pdist: no visible global function definition for ‘new’
    Undefined global functions or variables:
     dist new
    Consider adding
     importFrom("methods", "new")
     importFrom("stats", "dist")
    to your NAMESPACE file (and ensure that your DESCRIPTION Imports field
    contains 'methods').
Flavors: r-devel-linux-x86_64-debian-clang, r-devel-linux-x86_64-debian-gcc, r-devel-windows-ix86+x86_64, r-patched-linux-x86_64, r-patched-solaris-sparc, r-patched-solaris-x86, r-release-linux-x86_64, r-release-osx-x86_64-mavericks, r-release-windows-ix86+x86_64

Version: 1.2
Check: compiled code
Result: NOTE
    File ‘pdist/libs/pdist.so’:
     Found no calls to: ‘R_registerRoutines’, ‘R_useDynamicSymbols’
    
    It is good practice to register native routines and to disable symbol
    search.
    
    See ‘Writing portable packages’ in the ‘Writing R Extensions’ manual.
Flavors: r-devel-linux-x86_64-debian-clang, r-devel-linux-x86_64-debian-gcc

Version: 1.2
Flags: --no-stop-on-test-error
Check: dependencies in R code
Result: NOTE
    Package in Depends field not imported from: ‘methods’
     These packages need to be imported from (in the NAMESPACE file)
     for when this namespace is loaded but not attached.
Flavors: r-devel-linux-x86_64-fedora-clang, r-devel-linux-x86_64-fedora-gcc, r-devel-macos-x86_64-clang

Version: 1.2
Flags: --no-stop-on-test-error
Check: R code for possible problems
Result: NOTE
    pdist: no visible global function definition for ‘dist’
    pdist: no visible global function definition for ‘new’
    Undefined global functions or variables:
     dist new
    Consider adding
     importFrom("methods", "new")
     importFrom("stats", "dist")
    to your NAMESPACE file (and ensure that your DESCRIPTION Imports field
    contains 'methods').
Flavors: r-devel-linux-x86_64-fedora-clang, r-devel-linux-x86_64-fedora-gcc, r-devel-macos-x86_64-clang

Version: 1.2
Flags: --no-stop-on-test-error
Check: compiled code
Result: NOTE
    File ‘pdist/libs/pdist.so’:
     Found no calls to: ‘R_registerRoutines’, ‘R_useDynamicSymbols’
    
    It is good practice to register native routines and to disable symbol
    search.
    
    See ‘Writing portable packages’ in the ‘Writing R Extensions’ manual.
Flavors: r-devel-linux-x86_64-fedora-clang, r-devel-linux-x86_64-fedora-gcc, r-devel-macos-x86_64-clang