CRAN Package Check Results for Package pdist

Last updated on 2015-07-29 21:46:58.

Flavor Version Tinstall Tcheck Ttotal Status Flags
r-devel-linux-x86_64-debian-clang 1.2 0.73 9.83 10.56 NOTE
r-devel-linux-x86_64-debian-gcc 1.2 0.75 9.23 9.98 NOTE
r-devel-linux-x86_64-fedora-clang 1.2 19.31 NOTE
r-devel-linux-x86_64-fedora-gcc 1.2 18.14 NOTE
r-devel-osx-x86_64-clang 1.2 19.02 NOTE
r-devel-windows-ix86+x86_64 1.2 5.00 29.00 34.00 NOTE
r-patched-linux-x86_64 1.2 0.76 9.34 10.10 NOTE
r-patched-solaris-sparc 1.2 131.00 NOTE
r-patched-solaris-x86 1.2 31.40 NOTE
r-release-linux-x86_64 1.2 0.74 9.29 10.04 NOTE
r-release-osx-x86_64-mavericks 1.2 NOTE
r-release-windows-ix86+x86_64 1.2 5.00 24.00 29.00 NOTE
r-oldrel-windows-ix86+x86_64 1.2 8.00 22.00 30.00 NOTE

Check Details

Version: 1.2
Check: dependencies in R code
Result: NOTE
    Package in Depends field not imported from: ‘methods’
     These packages need to be imported from (in the NAMESPACE file)
     for when this namespace is loaded but not attached.
Flavors: r-devel-linux-x86_64-debian-clang, r-devel-linux-x86_64-debian-gcc, r-devel-linux-x86_64-fedora-clang, r-devel-linux-x86_64-fedora-gcc, r-devel-osx-x86_64-clang, r-devel-windows-ix86+x86_64, r-patched-linux-x86_64, r-patched-solaris-sparc, r-patched-solaris-x86, r-release-linux-x86_64, r-release-osx-x86_64-mavericks, r-release-windows-ix86+x86_64, r-oldrel-windows-ix86+x86_64

Version: 1.2
Check: R code for possible problems
Result: NOTE
    pdist: no visible global function definition for ‘dist’
    pdist: no visible global function definition for ‘new’
    Undefined global functions or variables:
     dist new
    Consider adding
     importFrom("methods", "new")
     importFrom("stats", "dist")
    to your NAMESPACE.
Flavors: r-devel-linux-x86_64-debian-clang, r-devel-linux-x86_64-debian-gcc, r-devel-linux-x86_64-fedora-clang, r-devel-linux-x86_64-fedora-gcc, r-devel-windows-ix86+x86_64