CRAN Package Check Results for Package pdist

Last updated on 2016-07-28 06:47:29.

Flavor Version Tinstall Tcheck Ttotal Status Flags
r-devel-linux-x86_64-debian-clang 1.2 1.02 11.19 12.21 NOTE
r-devel-linux-x86_64-debian-gcc 1.2 0.98 11.41 12.39 NOTE
r-devel-linux-x86_64-fedora-clang 1.2 16.57 NOTE
r-devel-linux-x86_64-fedora-gcc 1.2 15.98 NOTE
r-devel-osx-x86_64-clang 1.2 15.82 NOTE
r-devel-windows-ix86+x86_64 1.2 4.00 28.00 32.00 NOTE
r-patched-linux-x86_64 1.2 0.98 11.85 12.84 NOTE
r-patched-solaris-sparc 1.2 112.60 NOTE
r-patched-solaris-x86 1.2 26.30 NOTE
r-release-linux-x86_64 1.2 1.02 11.37 12.39 NOTE
r-release-osx-x86_64-mavericks 1.2 NOTE
r-release-windows-ix86+x86_64 1.2 6.00 34.00 40.00 NOTE
r-oldrel-windows-ix86+x86_64 1.2 5.00 23.00 28.00 NOTE

Check Details

Version: 1.2
Check: dependencies in R code
Result: NOTE
    Package in Depends field not imported from: ‘methods’
     These packages need to be imported from (in the NAMESPACE file)
     for when this namespace is loaded but not attached.
Flavors: r-devel-linux-x86_64-debian-clang, r-devel-linux-x86_64-debian-gcc, r-devel-linux-x86_64-fedora-clang, r-devel-linux-x86_64-fedora-gcc, r-devel-osx-x86_64-clang, r-devel-windows-ix86+x86_64, r-patched-linux-x86_64, r-patched-solaris-sparc, r-patched-solaris-x86, r-release-linux-x86_64, r-release-osx-x86_64-mavericks, r-release-windows-ix86+x86_64, r-oldrel-windows-ix86+x86_64

Version: 1.2
Check: R code for possible problems
Result: NOTE
    pdist: no visible global function definition for ‘dist’
    pdist: no visible global function definition for ‘new’
    Undefined global functions or variables:
     dist new
    Consider adding
     importFrom("methods", "new")
     importFrom("stats", "dist")
    to your NAMESPACE file (and ensure that your DESCRIPTION Imports field
    contains 'methods').
Flavors: r-devel-linux-x86_64-debian-clang, r-devel-linux-x86_64-debian-gcc, r-devel-linux-x86_64-fedora-clang, r-devel-linux-x86_64-fedora-gcc, r-devel-osx-x86_64-clang, r-devel-windows-ix86+x86_64, r-patched-linux-x86_64, r-patched-solaris-sparc, r-patched-solaris-x86, r-release-linux-x86_64, r-release-osx-x86_64-mavericks, r-release-windows-ix86+x86_64