CRAN Package Check Results for Package pdist

Last updated on 2014-08-22 13:46:58.

Flavor Version Tinstall Tcheck Ttotal Status Flags
r-devel-linux-x86_64-debian-clang 1.2 0.85 9.68 10.53 NOTE
r-devel-linux-x86_64-debian-gcc 1.2 0.78 9.46 10.24 NOTE
r-devel-linux-x86_64-fedora-clang 1.2 20.42 NOTE
r-devel-linux-x86_64-fedora-gcc 1.2 19.69 NOTE
r-devel-osx-x86_64-clang 1.2 22.93 NOTE
r-devel-windows-ix86+x86_64 1.2 5.00 23.00 28.00 NOTE
r-patched-linux-x86_64 1.2 0.81 9.67 10.48 NOTE
r-patched-solaris-sparc 1.2 124.70 NOTE
r-patched-solaris-x86 1.2 32.00 NOTE
r-release-linux-ix86 1.2 1.27 15.60 16.87 NOTE
r-release-linux-x86_64 1.2 0.94 9.73 10.67 NOTE
r-release-osx-x86_64-mavericks 1.2 NOTE
r-release-windows-ix86+x86_64 1.2 7.00 21.00 28.00 NOTE
r-oldrel-windows-ix86+x86_64 1.2 5.00 38.00 43.00 NOTE

Check Details

Version: 1.2
Check: dependencies in R code
Result: NOTE
    Package in Depends field not imported from: ‘methods’
     These packages need to be imported from (in the NAMESPACE file)
     for when this namespace is loaded but not attached.
    See the information on DESCRIPTION files in the chapter ‘Creating R
    packages’ of the ‘Writing R Extensions’ manual.
Flavors: r-devel-linux-x86_64-debian-clang, r-devel-linux-x86_64-debian-gcc, r-devel-linux-x86_64-fedora-clang, r-devel-linux-x86_64-fedora-gcc, r-devel-osx-x86_64-clang, r-devel-windows-ix86+x86_64, r-patched-linux-x86_64, r-patched-solaris-sparc, r-patched-solaris-x86, r-release-linux-ix86, r-release-linux-x86_64, r-release-osx-x86_64-mavericks, r-release-windows-ix86+x86_64, r-oldrel-windows-ix86+x86_64