CRAN Package Check Results for Package pdist

Last updated on 2014-12-20 01:49:23.

Flavor Version Tinstall Tcheck Ttotal Status Flags
r-devel-linux-x86_64-debian-clang 1.2 0.83 10.85 11.68 NOTE
r-devel-linux-x86_64-debian-gcc 1.2 0.89 10.13 11.02 NOTE
r-devel-linux-x86_64-fedora-clang 1.2 22.88 NOTE
r-devel-linux-x86_64-fedora-gcc 1.2 21.35 NOTE
r-devel-osx-x86_64-clang 1.2 24.03 NOTE
r-devel-windows-ix86+x86_64 1.2 9.00 22.00 31.00 NOTE
r-patched-linux-x86_64 1.2 0.87 10.17 11.04 NOTE
r-patched-solaris-sparc 1.2 124.70 NOTE
r-patched-solaris-x86 1.2 33.00 NOTE
r-release-linux-ix86 1.2 1.24 14.76 16.00 NOTE
r-release-linux-x86_64 1.2 0.82 10.54 11.36 NOTE
r-release-osx-x86_64-mavericks 1.2 NOTE
r-release-windows-ix86+x86_64 1.2 5.00 22.00 27.00 NOTE
r-oldrel-windows-ix86+x86_64 1.2 5.00 38.00 43.00 NOTE

Check Details

Version: 1.2
Check: dependencies in R code
Result: NOTE
    Package in Depends field not imported from: ‘methods’
     These packages need to be imported from (in the NAMESPACE file)
     for when this namespace is loaded but not attached.
    See the information on DESCRIPTION files in the chapter ‘Creating R
    packages’ of the ‘Writing R Extensions’ manual.
Flavors: r-devel-linux-x86_64-debian-clang, r-devel-linux-x86_64-debian-gcc, r-devel-linux-x86_64-fedora-clang, r-devel-linux-x86_64-fedora-gcc, r-devel-osx-x86_64-clang, r-devel-windows-ix86+x86_64, r-patched-linux-x86_64, r-patched-solaris-sparc, r-patched-solaris-x86, r-release-linux-ix86, r-release-linux-x86_64, r-release-osx-x86_64-mavericks, r-release-windows-ix86+x86_64, r-oldrel-windows-ix86+x86_64