CRAN Package Check Results for Package pdist

Last updated on 2015-03-31 03:48:37.

Flavor Version Tinstall Tcheck Ttotal Status Flags
r-devel-linux-x86_64-debian-clang 1.2 0.81 9.68 10.48 NOTE
r-devel-linux-x86_64-debian-gcc 1.2 0.75 9.33 10.08 NOTE
r-devel-linux-x86_64-fedora-clang 1.2 19.43 NOTE
r-devel-linux-x86_64-fedora-gcc 1.2 19.68 NOTE
r-devel-osx-x86_64-clang 1.2 27.33 NOTE
r-prerel-windows-ix86+x86_64 1.2 7.00 21.00 28.00 NOTE
r-prerel-linux-x86_64 1.2 0.82 9.36 10.18 NOTE
r-prerel-solaris-sparc 1.2 127.70 NOTE
r-prerel-solaris-x86 1.2 29.30 NOTE
r-release-linux-x86_64 1.2 0.80 10.24 11.04 NOTE
r-release-osx-x86_64-mavericks 1.2 NOTE
r-release-windows-ix86+x86_64 1.2 8.00 22.00 30.00 NOTE
r-oldrel-windows-ix86+x86_64 1.2 5.00 38.00 43.00 NOTE

Check Details

Version: 1.2
Check: dependencies in R code
Result: NOTE
    Package in Depends field not imported from: ‘methods’
     These packages need to be imported from (in the NAMESPACE file)
     for when this namespace is loaded but not attached.
Flavors: r-devel-linux-x86_64-debian-clang, r-devel-linux-x86_64-debian-gcc, r-devel-linux-x86_64-fedora-clang, r-devel-linux-x86_64-fedora-gcc, r-devel-osx-x86_64-clang, r-prerel-windows-ix86+x86_64, r-prerel-linux-x86_64, r-prerel-solaris-sparc, r-prerel-solaris-x86, r-release-linux-x86_64, r-release-windows-ix86+x86_64

Version: 1.2
Check: dependencies in R code
Result: NOTE
    Package in Depends field not imported from: ‘methods’
     These packages need to be imported from (in the NAMESPACE file)
     for when this namespace is loaded but not attached.
    See the information on DESCRIPTION files in the chapter ‘Creating R
    packages’ of the ‘Writing R Extensions’ manual.
Flavors: r-release-osx-x86_64-mavericks, r-oldrel-windows-ix86+x86_64