CRAN Package Check Results for Package pdist

Last updated on 2017-01-23 08:48:55.

Flavor Version Tinstall Tcheck Ttotal Status Flags
r-devel-linux-x86_64-debian-clang 1.2 0.99 12.02 13.01 NOTE
r-devel-linux-x86_64-debian-gcc 1.2 0.88 11.61 12.49 NOTE
r-devel-linux-x86_64-fedora-clang 1.2 20.69 NOTE --no-stop-on-test-error
r-devel-linux-x86_64-fedora-gcc 1.2 20.22 NOTE --no-stop-on-test-error
r-devel-macos-x86_64-clang 1.2 18.65 NOTE --no-stop-on-test-error
r-devel-windows-ix86+x86_64 1.2 5.00 31.00 36.00 NOTE
r-patched-linux-x86_64 1.2 0.76 9.86 10.62 NOTE
r-patched-solaris-sparc 1.2 113.20 NOTE
r-patched-solaris-x86 1.2 26.00 NOTE
r-release-linux-x86_64 1.2 0.84 9.92 10.76 NOTE
r-release-osx-x86_64-mavericks 1.2 NOTE
r-release-windows-ix86+x86_64 1.2 4.00 29.00 33.00 NOTE
r-oldrel-windows-ix86+x86_64 1.2 7.00 26.00 33.00 NOTE

Check Details

Version: 1.2
Check: dependencies in R code
Result: NOTE
    Package in Depends field not imported from: ‘methods’
     These packages need to be imported from (in the NAMESPACE file)
     for when this namespace is loaded but not attached.
Flavors: r-devel-linux-x86_64-debian-clang, r-devel-linux-x86_64-debian-gcc, r-devel-windows-ix86+x86_64, r-patched-linux-x86_64, r-patched-solaris-sparc, r-patched-solaris-x86, r-release-linux-x86_64, r-release-osx-x86_64-mavericks, r-release-windows-ix86+x86_64, r-oldrel-windows-ix86+x86_64

Version: 1.2
Check: R code for possible problems
Result: NOTE
    pdist: no visible global function definition for ‘dist’
    pdist: no visible global function definition for ‘new’
    Undefined global functions or variables:
     dist new
    Consider adding
     importFrom("methods", "new")
     importFrom("stats", "dist")
    to your NAMESPACE file (and ensure that your DESCRIPTION Imports field
    contains 'methods').
Flavors: r-devel-linux-x86_64-debian-clang, r-devel-linux-x86_64-debian-gcc, r-devel-windows-ix86+x86_64, r-patched-linux-x86_64, r-patched-solaris-sparc, r-patched-solaris-x86, r-release-linux-x86_64, r-release-osx-x86_64-mavericks, r-release-windows-ix86+x86_64

Version: 1.2
Flags: --no-stop-on-test-error
Check: dependencies in R code
Result: NOTE
    Package in Depends field not imported from: ‘methods’
     These packages need to be imported from (in the NAMESPACE file)
     for when this namespace is loaded but not attached.
Flavors: r-devel-linux-x86_64-fedora-clang, r-devel-linux-x86_64-fedora-gcc, r-devel-macos-x86_64-clang

Version: 1.2
Flags: --no-stop-on-test-error
Check: R code for possible problems
Result: NOTE
    pdist: no visible global function definition for ‘dist’
    pdist: no visible global function definition for ‘new’
    Undefined global functions or variables:
     dist new
    Consider adding
     importFrom("methods", "new")
     importFrom("stats", "dist")
    to your NAMESPACE file (and ensure that your DESCRIPTION Imports field
    contains 'methods').
Flavors: r-devel-linux-x86_64-fedora-clang, r-devel-linux-x86_64-fedora-gcc, r-devel-macos-x86_64-clang