Last updated on 2022-08-17 01:52:16 CEST.
Flavor | Version | Tinstall | Tcheck | Ttotal | Status | Flags |
---|---|---|---|---|---|---|
r-devel-linux-x86_64-debian-clang | 0.3.0 | 8.18 | 159.86 | 168.04 | NOTE | |
r-devel-linux-x86_64-debian-gcc | 0.3.0 | 6.39 | 118.71 | 125.10 | NOTE | |
r-devel-linux-x86_64-fedora-clang | 0.3.0 | 207.65 | NOTE | |||
r-devel-linux-x86_64-fedora-gcc | 0.3.0 | 200.70 | NOTE | |||
r-devel-windows-x86_64 | 0.3.0 | 86.00 | 209.00 | 295.00 | NOTE | |
r-patched-linux-x86_64 | 0.3.0 | 10.52 | 148.73 | 159.25 | NOTE | |
r-release-linux-x86_64 | 0.3.0 | 7.95 | 149.28 | 157.23 | NOTE | |
r-release-macos-arm64 | 0.3.0 | 50.00 | NOTE | |||
r-release-macos-x86_64 | 0.3.0 | 80.00 | NOTE | |||
r-release-windows-x86_64 | 0.3.0 | 101.00 | 199.00 | 300.00 | NOTE | |
r-oldrel-macos-arm64 | 0.3.0 | 57.00 | NOTE | |||
r-oldrel-macos-x86_64 | 0.3.0 | 111.00 | NOTE | |||
r-oldrel-windows-ix86+x86_64 | 0.3.0 | 17.00 | 194.00 | 211.00 | NOTE |
Version: 0.3.0
Check: LazyData
Result: NOTE
'LazyData' is specified without a 'data' directory
Flavors: r-devel-linux-x86_64-debian-clang, r-devel-linux-x86_64-debian-gcc, r-devel-linux-x86_64-fedora-clang, r-devel-linux-x86_64-fedora-gcc, r-devel-windows-x86_64, r-patched-linux-x86_64, r-release-linux-x86_64, r-release-macos-arm64, r-release-macos-x86_64, r-release-windows-x86_64, r-oldrel-macos-arm64, r-oldrel-macos-x86_64, r-oldrel-windows-ix86+x86_64