Last updated on 2021-03-08 13:46:54 CET.
Flavor | Version | Tinstall | Tcheck | Ttotal | Status | Flags |
---|---|---|---|---|---|---|
r-devel-linux-x86_64-debian-clang | 0.11 | 1.69 | 23.80 | 25.49 | NOTE | |
r-devel-linux-x86_64-debian-gcc | 0.11 | 1.41 | 18.68 | 20.09 | NOTE | |
r-devel-linux-x86_64-fedora-clang | 0.11 | 41.39 | OK | |||
r-devel-linux-x86_64-fedora-gcc | 0.11 | 30.91 | OK | |||
r-devel-windows-ix86+x86_64 | 0.11 | 5.00 | 30.00 | 35.00 | NOTE | |
r-devel-windows-x86_64-gcc10-UCRT | 0.11 | OK | ||||
r-patched-linux-x86_64 | 0.11 | 1.80 | 22.96 | 24.76 | NOTE | |
r-patched-solaris-x86 | 0.11 | 49.90 | OK | |||
r-release-linux-x86_64 | 0.11 | 2.06 | 23.23 | 25.29 | NOTE | |
r-release-macos-x86_64 | 0.11 | OK | ||||
r-release-windows-ix86+x86_64 | 0.11 | 5.00 | 29.00 | 34.00 | NOTE | |
r-oldrel-macos-x86_64 | 0.11 | OK | ||||
r-oldrel-windows-ix86+x86_64 | 0.11 | 3.00 | 28.00 | 31.00 | OK |
Version: 0.11
Check: package vignettes
Result: NOTE
Package vignette with placeholder title 'Vignette Title':
'peakPick-vignette.Rmd'
Flavors: r-devel-linux-x86_64-debian-clang, r-devel-linux-x86_64-debian-gcc, r-devel-windows-ix86+x86_64, r-patched-linux-x86_64, r-release-linux-x86_64, r-release-windows-ix86+x86_64