CRAN Package Check Results for Package pear

Last updated on 2014-04-19 11:48:55.

Flavor Version Tinstall Tcheck Ttotal Status Flags
r-devel-linux-x86_64-debian-clang 1.2 0.64 12.92 13.55 NOTE
r-devel-linux-x86_64-debian-gcc 1.2 0.67 13.12 13.78 NOTE
r-devel-linux-x86_64-fedora-clang 1.2 27.33 NOTE
r-devel-linux-x86_64-fedora-gcc 1.2 25.48 NOTE
r-devel-macosx-x86_64-clang 1.2 27.37 NOTE
r-devel-macosx-x86_64-gcc 1.2 NOTE
r-devel-windows-ix86+x86_64 1.2 2.00 20.00 22.00 NOTE
r-patched-linux-x86_64 1.2 0.64 13.12 13.76 NOTE
r-patched-solaris-sparc 1.2 154.30 NOTE
r-patched-solaris-x86 1.2 37.50 NOTE
r-release-linux-ix86 1.2 2.00 27.00 29.00 NOTE
r-release-linux-x86_64 1.2 0.66 13.09 13.75 NOTE
r-release-windows-ix86+x86_64 1.2 5.00 27.00 32.00 NOTE
r-oldrel-windows-ix86+x86_64 1.2 3.00 38.00 41.00 NOTE

Check Details

Version: 1.2
Check: installed files from ‘inst/doc’
Result: NOTE
    The following files should probably not be installed:
     ‘addendum.tex’, ‘slplot.tex’, ‘table1.tex’, ‘table3.tex’
    
    Consider the use of a .Rinstignore file: see ‘Writing R Extensions’,
    or move the vignette sources from ‘inst/doc’ to ‘vignettes’.
Flavors: r-devel-linux-x86_64-debian-clang, r-devel-linux-x86_64-debian-gcc, r-devel-linux-x86_64-fedora-clang, r-devel-linux-x86_64-fedora-gcc, r-devel-macosx-x86_64-clang, r-devel-macosx-x86_64-gcc, r-devel-windows-ix86+x86_64, r-patched-linux-x86_64, r-patched-solaris-sparc, r-patched-solaris-x86, r-release-linux-ix86, r-release-linux-x86_64, r-release-windows-ix86+x86_64, r-oldrel-windows-ix86+x86_64