CRAN Package Check Results for Package pear

Last updated on 2015-04-01 03:49:23.

Flavor Version Tinstall Tcheck Ttotal Status Flags
r-devel-linux-x86_64-debian-clang 1.2 0.60 12.33 12.93 NOTE
r-devel-linux-x86_64-debian-gcc 1.2 0.61 11.58 12.18 NOTE
r-devel-linux-x86_64-fedora-clang 1.2 24.55 NOTE
r-devel-linux-x86_64-fedora-gcc 1.2 26.04 NOTE
r-devel-osx-x86_64-clang 1.2 31.11 NOTE
r-prerel-windows-ix86+x86_64 1.2 5.00 20.00 25.00 NOTE
r-prerel-linux-x86_64 1.2 0.63 11.84 12.48 NOTE
r-prerel-solaris-sparc 1.2 170.40 NOTE
r-prerel-solaris-x86 1.2 34.20 NOTE
r-release-linux-x86_64 1.2 0.78 12.90 13.69 NOTE
r-release-osx-x86_64-mavericks 1.2 NOTE
r-release-windows-ix86+x86_64 1.2 5.00 23.00 28.00 NOTE
r-oldrel-windows-ix86+x86_64 1.2 3.00 38.00 41.00 NOTE

Check Details

Version: 1.2
Check: installed files from ‘inst/doc’
Result: NOTE
    The following files should probably not be installed:
     ‘addendum.tex’, ‘slplot.tex’, ‘table1.tex’, ‘table3.tex’
    
    Consider the use of a .Rinstignore file: see ‘Writing R Extensions’,
    or move the vignette sources from ‘inst/doc’ to ‘vignettes’.
Flavors: r-devel-linux-x86_64-debian-clang, r-devel-linux-x86_64-debian-gcc, r-devel-linux-x86_64-fedora-clang, r-devel-linux-x86_64-fedora-gcc, r-devel-osx-x86_64-clang, r-prerel-windows-ix86+x86_64, r-prerel-linux-x86_64, r-prerel-solaris-sparc, r-prerel-solaris-x86, r-release-linux-x86_64, r-release-osx-x86_64-mavericks, r-release-windows-ix86+x86_64, r-oldrel-windows-ix86+x86_64