CRAN Package Check Results for Package pear

Last updated on 2014-11-01 01:48:03.

Flavor Version Tinstall Tcheck Ttotal Status Flags
r-devel-linux-x86_64-debian-clang 1.2 0.64 12.72 13.36 NOTE
r-devel-linux-x86_64-debian-gcc 1.2 0.63 12.56 13.19 NOTE
r-devel-linux-x86_64-fedora-clang 1.2 26.37 NOTE
r-devel-linux-x86_64-fedora-gcc 1.2 24.87 NOTE
r-devel-osx-x86_64-clang 1.2 28.42 NOTE
r-devel-windows-ix86+x86_64 1.2 3.00 19.00 22.00 NOTE
r-patched-linux-x86_64 1.2 0.65 12.87 13.52 NOTE
r-patched-solaris-sparc 1.2 166.90 NOTE
r-patched-solaris-x86 1.2 37.40 NOTE
r-release-linux-ix86 1.2 0.94 18.96 19.89 NOTE
r-release-linux-x86_64 1.2 0.62 13.37 13.99 NOTE
r-release-osx-x86_64-mavericks 1.2 NOTE
r-release-windows-ix86+x86_64 1.2 4.00 21.00 25.00 NOTE
r-oldrel-windows-ix86+x86_64 1.2 3.00 38.00 41.00 NOTE

Check Details

Version: 1.2
Check: installed files from ‘inst/doc’
Result: NOTE
    The following files should probably not be installed:
     ‘addendum.tex’, ‘slplot.tex’, ‘table1.tex’, ‘table3.tex’
    
    Consider the use of a .Rinstignore file: see ‘Writing R Extensions’,
    or move the vignette sources from ‘inst/doc’ to ‘vignettes’.
Flavors: r-devel-linux-x86_64-debian-clang, r-devel-linux-x86_64-debian-gcc, r-devel-linux-x86_64-fedora-clang, r-devel-linux-x86_64-fedora-gcc, r-devel-osx-x86_64-clang, r-devel-windows-ix86+x86_64, r-patched-linux-x86_64, r-patched-solaris-sparc, r-patched-solaris-x86, r-release-linux-ix86, r-release-linux-x86_64, r-release-osx-x86_64-mavericks, r-release-windows-ix86+x86_64, r-oldrel-windows-ix86+x86_64