CRAN Package Check Results for Package pear

Last updated on 2015-07-04 06:47:42.

Flavor Version Tinstall Tcheck Ttotal Status Flags
r-devel-linux-x86_64-debian-clang 1.2 0.76 11.73 12.49 NOTE
r-devel-linux-x86_64-debian-gcc 1.2 0.70 11.18 11.89 NOTE
r-devel-linux-x86_64-fedora-clang 1.2 22.76 NOTE
r-devel-linux-x86_64-fedora-gcc 1.2 21.54 NOTE
r-devel-osx-x86_64-clang 1.2 23.13 NOTE
r-devel-windows-ix86+x86_64 1.2 3.00 28.00 31.00 NOTE
r-patched-linux-x86_64 1.2 0.60 12.74 13.34 NOTE
r-patched-solaris-sparc 1.2 167.50 NOTE
r-patched-solaris-x86 1.2 35.90 NOTE
r-release-linux-x86_64 1.2 0.58 12.31 12.89 NOTE
r-release-osx-x86_64-mavericks 1.2 NOTE
r-release-windows-ix86+x86_64 1.2 3.00 23.00 26.00 NOTE
r-oldrel-windows-ix86+x86_64 1.2 5.00 23.00 28.00 NOTE

Check Details

Version: 1.2
Check: R code for possible problems
Result: NOTE
    peacf: no visible global function definition for ‘is.ts’
    peacf: no visible global function definition for ‘cycle’
    peacf: no visible global function definition for ‘ts.intersect’
    peacf: no visible global function definition for ‘lag’
    peacf: no visible global function definition for ‘ts’
    peacf: no visible global function definition for ‘pchisq’
    peacf.plot: no visible global function definition for ‘plot’
    peacf.plot: no visible global function definition for ‘segments’
    peacf.plot: no visible global function definition for ‘title’
    pear: no visible global function definition for ‘cycle’
    pear: no visible global function definition for ‘pchisq’
    peboxplot: no visible global function definition for ‘cycle’
    peboxplot: no visible global function definition for ‘boxplot’
    peboxplot: no visible global function definition for ‘title’
    peplot: no visible global function definition for ‘par’
    peplot: no visible global function definition for ‘cycle’
    peplot: no visible global function definition for ‘plot’
    peplot: no visible global function definition for ‘identify’
    peplot: no visible global function definition for ‘mtext’
    Undefined global functions or variables:
     boxplot cycle identify is.ts lag mtext par pchisq plot segments title
     ts ts.intersect
Flavors: r-devel-linux-x86_64-debian-clang, r-devel-linux-x86_64-debian-gcc, r-devel-linux-x86_64-fedora-clang, r-devel-linux-x86_64-fedora-gcc

Version: 1.2
Check: installed files from ‘inst/doc’
Result: NOTE
    The following files should probably not be installed:
     ‘addendum.tex’, ‘slplot.tex’, ‘table1.tex’, ‘table3.tex’
    
    Consider the use of a .Rinstignore file: see ‘Writing R Extensions’,
    or move the vignette sources from ‘inst/doc’ to ‘vignettes’.
Flavors: r-devel-linux-x86_64-debian-clang, r-devel-linux-x86_64-debian-gcc, r-devel-linux-x86_64-fedora-clang, r-devel-linux-x86_64-fedora-gcc, r-devel-osx-x86_64-clang, r-devel-windows-ix86+x86_64, r-patched-linux-x86_64, r-patched-solaris-sparc, r-patched-solaris-x86, r-release-linux-x86_64, r-release-osx-x86_64-mavericks, r-release-windows-ix86+x86_64, r-oldrel-windows-ix86+x86_64