CRAN Package Check Results for Package pearson7

Last updated on 2016-05-31 05:47:37.

Flavor Version Tinstall Tcheck Ttotal Status Flags
r-devel-linux-x86_64-debian-gcc 1.0-1 0.64 9.05 9.69 NOTE
r-devel-linux-x86_64-fedora-clang 1.0-1 15.78 NOTE
r-devel-linux-x86_64-fedora-gcc 1.0-1 14.79 NOTE
r-devel-osx-x86_64-clang 1.0-1 19.62 NOTE
r-devel-windows-ix86+x86_64 1.0-1 2.00 24.00 26.00 NOTE
r-patched-linux-x86_64 1.0-1 0.54 8.85 9.39 NOTE
r-patched-solaris-sparc 1.0-1 102.10 NOTE
r-patched-solaris-x86 1.0-1 24.20 NOTE
r-release-linux-x86_64 1.0-1 0.56 8.89 9.45 NOTE
r-release-osx-x86_64-mavericks 1.0-1 NOTE
r-release-windows-ix86+x86_64 1.0-1 2.00 30.00 32.00 NOTE
r-oldrel-windows-ix86+x86_64 1.0-1 3.00 17.00 20.00 OK

Check Details

Version: 1.0-1
Check: R code for possible problems
Result: NOTE
    pearson7.fit: no visible global function definition for ‘median’
    rpearson7: no visible global function definition for ‘rnorm’
    rpearson7: no visible global function definition for ‘rexp’
    summary.pearson7: no visible global function definition for ‘qnorm’
    Undefined global functions or variables:
     median qnorm rexp rnorm
    Consider adding
     importFrom("stats", "median", "qnorm", "rexp", "rnorm")
    to your NAMESPACE file.
Flavors: r-devel-linux-x86_64-debian-gcc, r-devel-linux-x86_64-fedora-clang, r-devel-linux-x86_64-fedora-gcc, r-devel-osx-x86_64-clang, r-devel-windows-ix86+x86_64, r-patched-linux-x86_64, r-patched-solaris-sparc, r-patched-solaris-x86, r-release-linux-x86_64, r-release-osx-x86_64-mavericks, r-release-windows-ix86+x86_64