CRAN Package Check Results for Package pearson7

Last updated on 2015-07-29 10:47:51.

Flavor Version Tinstall Tcheck Ttotal Status Flags
r-devel-linux-x86_64-debian-clang 1.0-1 0.62 8.50 9.12 NOTE
r-devel-linux-x86_64-debian-gcc 1.0-1 0.51 8.57 9.08 NOTE
r-devel-linux-x86_64-fedora-clang 1.0-1 17.16 NOTE
r-devel-linux-x86_64-fedora-gcc 1.0-1 16.19 NOTE
r-devel-osx-x86_64-clang 1.0-1 16.99 OK
r-devel-windows-ix86+x86_64 1.0-1 3.00 25.00 28.00 NOTE
r-patched-linux-x86_64 1.0-1 0.54 8.89 9.43 OK
r-patched-solaris-sparc 1.0-1 122.10 OK
r-patched-solaris-x86 1.0-1 28.40 OK
r-release-linux-x86_64 1.0-1 0.57 8.82 9.39 OK
r-release-osx-x86_64-mavericks 1.0-1 OK
r-release-windows-ix86+x86_64 1.0-1 3.00 19.00 22.00 OK
r-oldrel-windows-ix86+x86_64 1.0-1 4.00 17.00 21.00 OK

Check Details

Version: 1.0-1
Check: R code for possible problems
Result: NOTE
    pearson7.fit: no visible global function definition for ‘median’
    rpearson7: no visible global function definition for ‘rnorm’
    rpearson7: no visible global function definition for ‘rexp’
    summary.pearson7: no visible global function definition for ‘qnorm’
    Undefined global functions or variables:
     median qnorm rexp rnorm
    Consider adding
     importFrom("stats", "median", "qnorm", "rexp", "rnorm")
    to your NAMESPACE.
Flavors: r-devel-linux-x86_64-debian-clang, r-devel-linux-x86_64-debian-gcc, r-devel-linux-x86_64-fedora-clang, r-devel-linux-x86_64-fedora-gcc, r-devel-windows-ix86+x86_64