CRAN Package Check Results for Package pearson7

Last updated on 2015-09-04 11:47:45.

Flavor Version Tinstall Tcheck Ttotal Status Flags
r-devel-linux-x86_64-debian-clang 1.0-1 0.58 8.56 9.14 NOTE
r-devel-linux-x86_64-debian-gcc 1.0-1 0.48 8.28 8.76 NOTE
r-devel-linux-x86_64-fedora-clang 1.0-1 16.86 NOTE
r-devel-linux-x86_64-fedora-gcc 1.0-1 15.69 NOTE
r-devel-osx-x86_64-clang 1.0-1 18.38 OK
r-devel-windows-ix86+x86_64 1.0-1 3.00 22.00 25.00 NOTE
r-patched-linux-x86_64 1.0-1 0.56 8.76 9.32 OK
r-patched-solaris-sparc 1.0-1 122.10 OK
r-patched-solaris-x86 1.0-1 27.50 OK
r-release-linux-x86_64 1.0-1 0.67 9.04 9.71 OK
r-release-osx-x86_64-mavericks 1.0-1 OK
r-release-windows-ix86+x86_64 1.0-1 3.00 17.00 20.00 OK
r-oldrel-windows-ix86+x86_64 1.0-1 4.00 17.00 21.00 OK

Check Details

Version: 1.0-1
Check: R code for possible problems
Result: NOTE
    pearson7.fit: no visible global function definition for ‘median’
    rpearson7: no visible global function definition for ‘rnorm’
    rpearson7: no visible global function definition for ‘rexp’
    summary.pearson7: no visible global function definition for ‘qnorm’
    Undefined global functions or variables:
     median qnorm rexp rnorm
    Consider adding
     importFrom("stats", "median", "qnorm", "rexp", "rnorm")
    to your NAMESPACE.
Flavors: r-devel-linux-x86_64-debian-clang, r-devel-linux-x86_64-debian-gcc, r-devel-linux-x86_64-fedora-clang, r-devel-linux-x86_64-fedora-gcc, r-devel-windows-ix86+x86_64