CRAN Package Check Results for Package pearson7

Last updated on 2016-02-14 06:47:09.

Flavor Version Tinstall Tcheck Ttotal Status Flags
r-devel-linux-x86_64-debian-gcc 1.0-1 0.56 7.86 8.41 NOTE
r-devel-linux-x86_64-fedora-clang 1.0-1 15.07 NOTE
r-devel-linux-x86_64-fedora-gcc 1.0-1 14.06 NOTE
r-devel-osx-x86_64-clang 1.0-1 18.85 NOTE
r-devel-windows-ix86+x86_64 1.0-1 4.00 23.00 27.00 NOTE
r-patched-linux-x86_64 1.0-1 0.69 8.51 9.20 OK
r-patched-solaris-sparc 1.0-1 100.10 OK
r-patched-solaris-x86 1.0-1 25.90 OK
r-release-linux-x86_64 1.0-1 0.60 8.63 9.23 OK
r-release-osx-x86_64-mavericks 1.0-1 OK
r-release-windows-ix86+x86_64 1.0-1 3.00 17.00 20.00 OK
r-oldrel-windows-ix86+x86_64 1.0-1 4.00 17.00 21.00 OK

Check Details

Version: 1.0-1
Check: R code for possible problems
Result: NOTE
    pearson7.fit: no visible global function definition for ‘median’
    rpearson7: no visible global function definition for ‘rnorm’
    rpearson7: no visible global function definition for ‘rexp’
    summary.pearson7: no visible global function definition for ‘qnorm’
    Undefined global functions or variables:
     median qnorm rexp rnorm
    Consider adding
     importFrom("stats", "median", "qnorm", "rexp", "rnorm")
    to your NAMESPACE file.
Flavors: r-devel-linux-x86_64-debian-gcc, r-devel-linux-x86_64-fedora-clang, r-devel-linux-x86_64-fedora-gcc, r-devel-osx-x86_64-clang, r-devel-windows-ix86+x86_64