CRAN Package Check Results for Package pec

Last updated on 2016-05-05 19:50:39.

Flavor Version Tinstall Tcheck Ttotal Status Flags
r-devel-linux-x86_64-debian-gcc 2.4.7 3.96 58.98 62.94 OK
r-devel-linux-x86_64-fedora-clang 2.4.7 122.36 OK
r-devel-linux-x86_64-fedora-gcc 2.4.7 115.43 OK
r-devel-osx-x86_64-clang 2.4.7 133.50 OK
r-devel-windows-ix86+x86_64 2.4.7 14.00 115.00 129.00 NOTE
r-patched-linux-x86_64 2.4.7 4.19 58.46 62.65 OK
r-patched-solaris-sparc 2.4.7 496.80 OK
r-patched-solaris-x86 2.4.7 148.70 OK
r-release-linux-x86_64 2.4.7 3.94 58.70 62.64 OK
r-release-osx-x86_64-mavericks 2.4.7 OK
r-release-windows-ix86+x86_64 2.4.7 14.00 115.00 129.00 NOTE
r-oldrel-windows-ix86+x86_64 2.4.7 26.00 164.00 190.00 NOTE

Check Details

Version: 2.4.7
Check: package dependencies
Result: NOTE
    Package suggested but not available for checking: 'doMC'
Flavors: r-devel-windows-ix86+x86_64, r-release-windows-ix86+x86_64, r-oldrel-windows-ix86+x86_64