CRAN Package Check Results for Package pec

Last updated on 2014-09-30 11:48:30.

Flavor Version Tinstall Tcheck Ttotal Status Flags
r-devel-linux-x86_64-debian-clang 2.3.7 2.17 38.38 40.55 OK
r-devel-linux-x86_64-debian-gcc 2.3.7 2.20 37.86 40.06 OK
r-devel-linux-x86_64-fedora-clang 2.3.7 77.13 OK
r-devel-linux-x86_64-fedora-gcc 2.3.7 73.20 OK
r-devel-osx-x86_64-clang 2.3.7 67.07 OK
r-devel-windows-ix86+x86_64 2.3.7 12.00 70.00 82.00 NOTE
r-patched-linux-x86_64 2.3.7 2.21 42.42 44.63 OK
r-patched-solaris-sparc 2.3.7 431.70 OK
r-patched-solaris-x86 2.3.7 110.80 OK
r-release-linux-ix86 2.3.7 3.10 53.85 56.96 OK
r-release-linux-x86_64 2.3.7 2.19 41.94 44.13 OK
r-release-osx-x86_64-mavericks 2.3.7 OK
r-release-osx-x86_64-snowleopard 2.3.7 OK
r-release-windows-ix86+x86_64 2.3.7 13.00 91.00 104.00 NOTE
r-oldrel-windows-ix86+x86_64 2.3.7 13.00 78.00 91.00 NOTE

Check Details

Version: 2.3.7
Check: package dependencies
Result: NOTE
    Package suggested but not available for checking: 'doMC'
Flavors: r-devel-windows-ix86+x86_64, r-release-windows-ix86+x86_64, r-oldrel-windows-ix86+x86_64