CRAN Package Check Results for Package pec

Last updated on 2020-02-18 06:47:38 CET.

Flavor Version Tinstall Tcheck Ttotal Status Flags
r-devel-linux-x86_64-debian-clang 2019.11.03 0.59 2.17 2.76 ERROR
r-devel-linux-x86_64-debian-gcc 2019.11.03 12.98 86.78 99.76 OK
r-devel-linux-x86_64-fedora-clang 2019.11.03 154.53 OK
r-devel-linux-x86_64-fedora-gcc 2019.11.03 147.51 OK
r-devel-windows-ix86+x86_64 2019.11.03 36.00 149.00 185.00 OK
r-devel-windows-ix86+x86_64-gcc8 2019.11.03 49.00 198.00 247.00 OK
r-patched-linux-x86_64 2019.11.03 13.17 99.26 112.43 OK
r-patched-solaris-x86 2019.11.03 183.30 OK
r-release-linux-x86_64 2019.11.03 12.63 98.20 110.83 OK
r-release-windows-ix86+x86_64 2019.11.03 30.00 139.00 169.00 OK
r-release-osx-x86_64 2019.11.03 OK
r-oldrel-windows-ix86+x86_64 2019.11.03 25.00 169.00 194.00 OK
r-oldrel-osx-x86_64 2019.11.03 OK

Check Details

Version: 2019.11.03
Check: package dependencies
Result: ERROR
    Package required but not available: 'rms'
    
    Package suggested but not available for checking: 'riskRegression'
    
    See section 'The DESCRIPTION file' in the 'Writing R Extensions'
    manual.
Flavor: r-devel-linux-x86_64-debian-clang