CRAN Package Check Results for Package pec

Last updated on 2016-09-26 23:48:20.

Flavor Version Tinstall Tcheck Ttotal Status Flags
r-devel-linux-x86_64-debian-clang 2.4.9 3.95 57.33 61.28 OK
r-devel-linux-x86_64-debian-gcc 2.4.9 3.82 57.43 61.26 OK
r-devel-linux-x86_64-fedora-clang 2.4.9 122.74 OK
r-devel-linux-x86_64-fedora-gcc 2.4.9 117.66 OK
r-devel-macos-x86_64-clang 2.4.9 98.78 OK
r-devel-windows-ix86+x86_64 2.4.9 20.00 159.00 179.00 NOTE
r-patched-linux-x86_64 2.4.9 5.08 55.97 61.05 OK
r-patched-solaris-sparc 2.4.9 734.00 OK
r-patched-solaris-x86 2.4.9 148.90 OK
r-release-linux-x86_64 2.4.9 4.20 58.07 62.27 OK
r-release-osx-x86_64-mavericks 2.4.9 OK
r-release-windows-ix86+x86_64 2.4.9 17.00 184.00 201.00 NOTE
r-oldrel-windows-ix86+x86_64 2.4.9 24.00 191.00 215.00 NOTE

Check Details

Version: 2.4.9
Check: package dependencies
Result: NOTE
    Package suggested but not available for checking: 'doMC'
Flavors: r-devel-windows-ix86+x86_64, r-release-windows-ix86+x86_64, r-oldrel-windows-ix86+x86_64