CRAN Package Check Results for Package pec

Last updated on 2016-07-30 14:49:50.

Flavor Version Tinstall Tcheck Ttotal Status Flags
r-devel-linux-x86_64-debian-clang 2.4.9 4.51 61.22 65.73 OK
r-devel-linux-x86_64-debian-gcc 2.4.9 4.79 60.38 65.17 OK
r-devel-linux-x86_64-fedora-clang 2.4.9 122.56 OK
r-devel-linux-x86_64-fedora-gcc 2.4.9 118.51 OK
r-devel-osx-x86_64-clang 2.4.9 101.59 OK
r-devel-windows-ix86+x86_64 2.4.9 17.00 134.00 151.00 NOTE
r-patched-linux-x86_64 2.4.9 4.06 58.99 63.05 OK
r-patched-solaris-sparc 2.4.9 734.00 OK
r-patched-solaris-x86 2.4.9 149.40 OK
r-release-linux-x86_64 2.4.9 4.89 67.81 72.71 OK
r-release-osx-x86_64-mavericks 2.4.9 OK
r-release-windows-ix86+x86_64 2.4.9 23.00 130.00 153.00 NOTE
r-oldrel-windows-ix86+x86_64 2.4.9 30.00 175.00 205.00 NOTE

Check Details

Version: 2.4.9
Check: package dependencies
Result: NOTE
    Package suggested but not available for checking: 'doMC'
Flavors: r-devel-windows-ix86+x86_64, r-release-windows-ix86+x86_64, r-oldrel-windows-ix86+x86_64