CRAN Package Check Results for Package pec

Last updated on 2017-02-25 11:48:39.

Flavor Version Tinstall Tcheck Ttotal Status Flags
r-devel-linux-x86_64-debian-clang 2.4.9 4.26 68.36 72.62 NOTE
r-devel-linux-x86_64-debian-gcc 2.4.9 4.36 70.13 74.49 NOTE
r-devel-linux-x86_64-fedora-clang 2.4.9 167.31 NOTE --no-stop-on-test-error
r-devel-linux-x86_64-fedora-gcc 2.4.9 144.93 NOTE --no-stop-on-test-error
r-devel-macos-x86_64-clang 2.4.9 117.28 NOTE --no-stop-on-test-error
r-devel-windows-ix86+x86_64 2.4.9 31.00 217.00 248.00 NOTE
r-patched-linux-x86_64 2.4.9 4.06 58.76 62.81 OK
r-patched-solaris-sparc 2.4.9 728.20 OK
r-patched-solaris-x86 2.4.9 151.70 OK
r-release-linux-x86_64 2.4.9 4.02 59.66 63.67 OK
r-release-osx-x86_64-mavericks 2.4.9 OK
r-release-windows-ix86+x86_64 2.4.9 30.00 175.00 205.00 NOTE
r-oldrel-windows-ix86+x86_64 2.4.9 32.00 166.00 198.00 NOTE

Check Details

Version: 2.4.9
Check: compiled code
Result: NOTE
    File ‘pec/libs/pec.so’:
     Found no calls to: ‘R_registerRoutines’, ‘R_useDynamicSymbols’
    
    It is good practice to register native routines and to disable symbol
    search.
    
    See ‘Writing portable packages’ in the ‘Writing R Extensions’ manual.
Flavors: r-devel-linux-x86_64-debian-clang, r-devel-linux-x86_64-debian-gcc

Version: 2.4.9
Flags: --no-stop-on-test-error
Check: compiled code
Result: NOTE
    File ‘pec/libs/pec.so’:
     Found no calls to: ‘R_registerRoutines’, ‘R_useDynamicSymbols’
    
    It is good practice to register native routines and to disable symbol
    search.
    
    See ‘Writing portable packages’ in the ‘Writing R Extensions’ manual.
Flavors: r-devel-linux-x86_64-fedora-clang, r-devel-linux-x86_64-fedora-gcc, r-devel-macos-x86_64-clang

Version: 2.4.9
Check: package dependencies
Result: NOTE
    Package suggested but not available for checking: 'doMC'
Flavors: r-devel-windows-ix86+x86_64, r-release-windows-ix86+x86_64, r-oldrel-windows-ix86+x86_64