CRAN Package Check Results for Package pec

Last updated on 2015-05-25 03:47:46.

Flavor Version Tinstall Tcheck Ttotal Status Flags
r-devel-linux-x86_64-debian-clang 2.4.4 1.72 32.44 34.15 NOTE
r-devel-linux-x86_64-debian-gcc 2.4.4 1.74 31.03 32.77 NOTE
r-devel-linux-x86_64-fedora-clang 2.4.4 65.44 NOTE
r-devel-linux-x86_64-fedora-gcc 2.4.4 61.89 NOTE
r-devel-osx-x86_64-clang 2.4.4 63.46 NOTE
r-devel-windows-ix86+x86_64 2.4.4 12.00 62.00 74.00 NOTE
r-patched-linux-x86_64 2.4.4 2.44 31.30 33.74 NOTE
r-patched-solaris-sparc 2.4.4 414.50 NOTE
r-patched-solaris-x86 2.4.4 83.40 NOTE
r-release-linux-x86_64 2.4.4 1.85 32.88 34.74 NOTE
r-release-osx-x86_64-mavericks 2.4.4 NOTE
r-release-osx-x86_64-snowleopard 2.4.4 ERROR
r-release-windows-ix86+x86_64 2.4.4 13.00 62.00 75.00 NOTE
r-oldrel-windows-ix86+x86_64 2.4.4 15.00 74.00 89.00 NOTE

Check Details

Version: 2.4.4
Check: dependencies in R code
Result: NOTE
    'library' or 'require' calls in package code:
     ‘crrstep’ ‘lava’ ‘party’ ‘riskRegression’
     Please use :: or requireNamespace() instead.
     See section 'Suggested packages' in the 'Writing R Extensions' manual.
Flavors: r-devel-linux-x86_64-debian-clang, r-devel-linux-x86_64-debian-gcc, r-devel-linux-x86_64-fedora-clang, r-devel-linux-x86_64-fedora-gcc, r-devel-osx-x86_64-clang, r-devel-windows-ix86+x86_64, r-patched-linux-x86_64, r-patched-solaris-sparc, r-patched-solaris-x86, r-release-linux-x86_64, r-release-osx-x86_64-mavericks, r-release-windows-ix86+x86_64, r-oldrel-windows-ix86+x86_64

Version: 2.4.4
Check: package dependencies
Result: NOTE
    Package suggested but not available for checking: 'doMC'
Flavors: r-devel-windows-ix86+x86_64, r-release-windows-ix86+x86_64, r-oldrel-windows-ix86+x86_64

Version: 2.4.4
Check: package dependencies
Result: ERROR
    Package required but not available: ‘rms’
    
    Packages suggested but not available for checking:
     ‘party’ ‘riskRegression’ ‘Hmisc’
    
    See section ‘The DESCRIPTION file’ in the ‘Writing R Extensions’
    manual.
Flavor: r-release-osx-x86_64-snowleopard