CRAN Package Check Results for Package pec

Last updated on 2014-11-27 09:48:00.

Flavor Version Tinstall Tcheck Ttotal Status Flags
r-devel-linux-x86_64-debian-clang 2.3.7 2.15 36.88 39.03 OK
r-devel-linux-x86_64-debian-gcc 2.3.7 2.64 36.45 39.10 OK
r-devel-linux-x86_64-fedora-clang 2.3.7 79.28 OK
r-devel-linux-x86_64-fedora-gcc 2.3.7 74.25 OK
r-devel-osx-x86_64-clang 2.3.7 68.58 OK
r-devel-windows-ix86+x86_64 2.3.7 12.00 67.00 79.00 NOTE
r-patched-linux-x86_64 2.3.7 2.23 36.90 39.14 OK
r-patched-solaris-sparc 2.3.7 431.70 OK
r-patched-solaris-x86 2.3.7 94.50 OK
r-release-linux-ix86 2.3.7 3.01 46.09 49.10 OK
r-release-linux-x86_64 2.3.7 2.20 37.71 39.91 OK
r-release-osx-x86_64-mavericks 2.3.7 OK
r-release-osx-x86_64-snowleopard 2.3.7 OK
r-release-windows-ix86+x86_64 2.3.7 12.00 72.00 84.00 NOTE
r-oldrel-windows-ix86+x86_64 2.3.7 12.00 80.00 92.00 NOTE

Check Details

Version: 2.3.7
Check: package dependencies
Result: NOTE
    Package suggested but not available for checking: 'doMC'
Flavors: r-devel-windows-ix86+x86_64, r-release-windows-ix86+x86_64, r-oldrel-windows-ix86+x86_64