CRAN Package Check Results for Package pec

Last updated on 2016-02-06 07:48:02.

Flavor Version Tinstall Tcheck Ttotal Status Flags
r-devel-linux-x86_64-debian-gcc 2.4.7 2.16 40.54 42.70 OK
r-devel-linux-x86_64-fedora-clang 2.4.7 79.08 OK
r-devel-linux-x86_64-fedora-gcc 2.4.7 75.40 OK
r-devel-osx-x86_64-clang 2.4.7 89.88 OK
r-devel-windows-ix86+x86_64 2.4.7 19.00 89.00 108.00 NOTE
r-patched-linux-x86_64 2.4.7 2.43 42.55 44.98 OK
r-patched-solaris-sparc 2.4.7 507.30 OK
r-patched-solaris-x86 2.4.7 107.50 OK
r-release-linux-x86_64 2.4.7 2.38 41.77 44.16 OK
r-release-osx-x86_64-mavericks 2.4.7 OK
r-release-windows-ix86+x86_64 2.4.7 17.00 133.00 150.00 NOTE
r-oldrel-windows-ix86+x86_64 2.4.7 22.00 148.00 170.00 NOTE

Check Details

Version: 2.4.7
Check: package dependencies
Result: NOTE
    Package suggested but not available for checking: 'doMC'
Flavors: r-devel-windows-ix86+x86_64, r-release-windows-ix86+x86_64, r-oldrel-windows-ix86+x86_64