CRAN Package Check Results for Package pec

Last updated on 2017-01-17 20:50:50.

Flavor Version Tinstall Tcheck Ttotal Status Flags
r-devel-linux-x86_64-debian-clang 2.4.9 4.30 66.90 71.20 OK
r-devel-linux-x86_64-debian-gcc 2.4.9 3.98 67.98 71.96 OK
r-devel-linux-x86_64-fedora-clang 2.4.9 147.63 OK --no-stop-on-test-error
r-devel-linux-x86_64-fedora-gcc 2.4.9 152.86 OK --no-stop-on-test-error
r-devel-macos-x86_64-clang 2.4.9 116.45 OK --no-stop-on-test-error
r-devel-windows-ix86+x86_64 2.4.9 23.00 192.00 215.00 NOTE
r-patched-linux-x86_64 2.4.9 3.96 56.31 60.28 OK
r-patched-solaris-sparc 2.4.9 728.20 OK
r-patched-solaris-x86 2.4.9 151.70 OK
r-release-linux-x86_64 2.4.9 8.82 57.02 65.84 OK
r-release-osx-x86_64-mavericks 2.4.9 OK
r-release-windows-ix86+x86_64 2.4.9 17.00 179.00 196.00 NOTE
r-oldrel-windows-ix86+x86_64 2.4.9 20.00 120.00 140.00 NOTE

Check Details

Version: 2.4.9
Check: package dependencies
Result: NOTE
    Package suggested but not available for checking: 'doMC'
Flavors: r-devel-windows-ix86+x86_64, r-release-windows-ix86+x86_64, r-oldrel-windows-ix86+x86_64