CRAN Package Check Results for Package pec

Last updated on 2016-06-27 21:47:14.

Flavor Version Tinstall Tcheck Ttotal Status Flags
r-devel-linux-x86_64-debian-gcc 2.4.9 4.38 58.38 62.76 OK
r-devel-linux-x86_64-fedora-clang 2.4.9 126.20 OK
r-devel-linux-x86_64-fedora-gcc 2.4.9 115.91 OK
r-devel-osx-x86_64-clang 2.4.9 100.23 OK
r-devel-windows-ix86+x86_64 2.4.9 15.00 110.00 125.00 NOTE
r-patched-linux-x86_64 2.4.9 4.54 59.60 64.14 OK
r-patched-solaris-sparc 2.4.9 734.00 OK
r-patched-solaris-x86 2.4.9 150.30 OK
r-release-linux-x86_64 2.4.9 4.12 57.49 61.62 OK
r-release-osx-x86_64-mavericks 2.4.9 OK
r-release-windows-ix86+x86_64 2.4.9 25.00 157.00 182.00 NOTE
r-oldrel-windows-ix86+x86_64 2.4.9 23.00 118.00 141.00 NOTE

Check Details

Version: 2.4.9
Check: package dependencies
Result: NOTE
    Package suggested but not available for checking: 'doMC'
Flavors: r-devel-windows-ix86+x86_64, r-release-windows-ix86+x86_64, r-oldrel-windows-ix86+x86_64