CRAN Package Check Results for Package pec

Last updated on 2016-12-06 10:51:08.

Flavor Version Tinstall Tcheck Ttotal Status Flags
r-devel-linux-x86_64-debian-clang 2.4.9 4.11 70.49 74.60 OK
r-devel-linux-x86_64-debian-gcc 2.4.9 4.54 67.91 72.45 OK
r-devel-linux-x86_64-fedora-clang 2.4.9 153.73 OK --no-stop-on-test-error
r-devel-linux-x86_64-fedora-gcc 2.4.9 153.68 OK --no-stop-on-test-error
r-devel-macos-x86_64-clang 2.4.9 117.87 OK --no-stop-on-test-error
r-devel-windows-ix86+x86_64 2.4.9 17.00 147.00 164.00 NOTE
r-patched-linux-x86_64 2.4.9 3.97 58.08 62.04 OK
r-patched-solaris-sparc 2.4.9 751.80 OK
r-patched-solaris-x86 2.4.9 150.70 OK
r-release-linux-x86_64 2.4.9 3.66 57.55 61.21 OK
r-release-osx-x86_64-mavericks 2.4.9 OK
r-release-windows-ix86+x86_64 2.4.9 19.00 163.00 182.00 NOTE
r-oldrel-windows-ix86+x86_64 2.4.9 29.00 171.00 200.00 NOTE

Check Details

Version: 2.4.9
Check: package dependencies
Result: NOTE
    Package suggested but not available for checking: 'doMC'
Flavors: r-devel-windows-ix86+x86_64, r-release-windows-ix86+x86_64, r-oldrel-windows-ix86+x86_64