CRAN Package Check Results for Package pec

Last updated on 2016-08-26 21:47:22.

Flavor Version Tinstall Tcheck Ttotal Status Flags
r-devel-linux-x86_64-debian-clang 2.4.9 4.45 61.85 66.30 OK
r-devel-linux-x86_64-debian-gcc 2.4.9 6.90 78.19 85.08 OK
r-devel-linux-x86_64-fedora-clang 2.4.9 121.84 OK
r-devel-linux-x86_64-fedora-gcc 2.4.9 118.14 OK
r-devel-osx-x86_64-clang 2.4.9 101.64 OK
r-devel-windows-ix86+x86_64 2.4.9 19.00 120.00 139.00 NOTE
r-patched-linux-x86_64 2.4.9 4.20 58.79 62.98 OK
r-patched-solaris-sparc 2.4.9 734.00 OK
r-patched-solaris-x86 2.4.9 149.40 OK
r-release-linux-x86_64 2.4.9 4.29 59.34 63.63 OK
r-release-osx-x86_64-mavericks 2.4.9 OK
r-release-windows-ix86+x86_64 2.4.9 25.00 133.00 158.00 NOTE
r-oldrel-windows-ix86+x86_64 2.4.9 21.00 138.00 159.00 NOTE

Check Details

Version: 2.4.9
Check: package dependencies
Result: NOTE
    Package suggested but not available for checking: 'doMC'
Flavors: r-devel-windows-ix86+x86_64, r-release-windows-ix86+x86_64, r-oldrel-windows-ix86+x86_64