CRAN Package Check Results for Package pedantics

Last updated on 2014-07-28 03:49:07.

Flavor Version Tinstall Tcheck Ttotal Status Flags
r-devel-linux-x86_64-debian-clang 1.5 5.12 58.10 63.22 OK
r-devel-linux-x86_64-debian-gcc 1.5 5.74 55.39 61.13 OK
r-devel-linux-x86_64-fedora-clang 1.5 149.97 OK
r-devel-linux-x86_64-fedora-gcc 1.5 135.49 OK
r-devel-osx-x86_64-clang 1.5 115.31 OK
r-devel-windows-ix86+x86_64 1.5 20.00 113.00 133.00 OK
r-patched-linux-x86_64 1.5 5.30 55.15 60.45 OK
r-patched-solaris-sparc 1.5 751.50 NOTE
r-patched-solaris-x86 1.5 180.30 NOTE
r-release-linux-ix86 1.5 6.83 69.07 75.90 OK
r-release-linux-x86_64 1.5 5.72 57.10 62.82 OK
r-release-osx-x86_64-mavericks 1.5 OK
r-release-osx-x86_64-snowleopard 1.5 OK
r-release-windows-ix86+x86_64 1.5 20.00 116.00 136.00 OK
r-oldrel-windows-ix86+x86_64 1.5 19.00 121.00 140.00 OK

Memtest notes: UBSAN

Check Details

Version: 1.5
Check: installed package size
Result: NOTE
     installed size is 27.1Mb
     sub-directories of 1Mb or more:
     libs 26.4Mb
Flavors: r-patched-solaris-sparc, r-patched-solaris-x86