CRAN Package Check Results for Package pedantics

Last updated on 2014-04-24 11:48:51.

Flavor Version Tinstall Tcheck Ttotal Status Flags
r-devel-linux-x86_64-debian-clang 1.5 5.44 57.95 63.39 OK
r-devel-linux-x86_64-debian-gcc 1.5 5.64 59.23 64.88 OK
r-devel-linux-x86_64-fedora-clang 1.5 145.42 OK
r-devel-linux-x86_64-fedora-gcc 1.5 139.24 OK
r-devel-osx-x86_64-clang 1.5 122.27 OK
r-devel-osx-x86_64-gcc 1.5 OK
r-devel-windows-ix86+x86_64 1.5 20.00 116.00 136.00 OK
r-patched-linux-x86_64 1.5 5.97 60.27 66.24 OK
r-patched-solaris-sparc 1.5 751.50 NOTE
r-patched-solaris-x86 1.5 185.50 NOTE
r-release-linux-ix86 1.5 9.00 96.00 105.00 OK
r-release-linux-x86_64 1.5 5.82 58.74 64.56 OK
r-release-osx-x86_64-mavericks 1.5 WARN
r-release-osx-x86_64-snowleopard 1.5 OK
r-release-windows-ix86+x86_64 1.5 19.00 119.00 138.00 OK
r-oldrel-windows-ix86+x86_64 1.5 20.00 122.00 142.00 OK

Memtest notes: UBSAN

Check Details

Version: 1.5
Check: installed package size
Result: NOTE
     installed size is 27.1Mb
     sub-directories of 1Mb or more:
     libs 26.4Mb
Flavors: r-patched-solaris-sparc, r-patched-solaris-x86

Version: 1.5
Check: PDF version of manual
Result: WARNING
    LaTeX errors when creating PDF version.
    This typically indicates Rd problems.
    LaTeX errors found:
    ! LaTeX Error: File `upquote.sty' not found.
    
    Type X to quit or <RETURN> to proceed,
    or enter new name. (Default extension: sty)
    
    3d73ad8/Rd2.tex:8: ==> Fatal error occurred, no output PDF file produced!
Flavor: r-release-osx-x86_64-mavericks