CRAN Package Check Results for Package pedantics

Last updated on 2015-03-05 17:49:12.

Flavor Version Tinstall Tcheck Ttotal Status Flags
r-devel-linux-x86_64-debian-clang 1.5 4.39 43.92 48.30 NOTE
r-devel-linux-x86_64-debian-gcc 1.5 4.21 42.28 46.49 NOTE
r-devel-linux-x86_64-fedora-clang 1.5 99.04 NOTE
r-devel-linux-x86_64-fedora-gcc 1.5 94.27 NOTE
r-devel-osx-x86_64-clang 1.5 94.37 NOTE
r-devel-windows-ix86+x86_64 1.5 16.00 92.00 108.00 NOTE
r-patched-linux-x86_64 1.5 6.11 57.12 63.23 NOTE
r-patched-solaris-sparc 1.5 788.30 NOTE
r-patched-solaris-x86 1.5 184.90 NOTE
r-release-linux-ix86 1.5 7.30 67.63 74.94 NOTE
r-release-linux-x86_64 1.5 5.74 56.45 62.19 NOTE
r-release-osx-x86_64-mavericks 1.5 NOTE
r-release-osx-x86_64-snowleopard 1.5 OK
r-release-windows-ix86+x86_64 1.5 19.00 121.00 140.00 NOTE
r-oldrel-windows-ix86+x86_64 1.5 18.00 129.00 147.00 OK

Memtest notes: UBSAN-clang-trunk UBSAN-gcc UBSAN

Check Details

Version: 1.5
Check: DESCRIPTION meta-information
Result: NOTE
    Malformed Description field: should contain one or more complete sentences.
Flavors: r-devel-linux-x86_64-debian-clang, r-devel-linux-x86_64-debian-gcc, r-devel-linux-x86_64-fedora-clang, r-devel-linux-x86_64-fedora-gcc, r-devel-osx-x86_64-clang, r-devel-windows-ix86+x86_64

Version: 1.5
Check: R code for possible problems
Result: NOTE
    genomesim : extractA: no visible global function definition for
     ‘is.genotype’
    genomesim : extractA : <anonymous>: no visible global function
     definition for ‘nallele’
    phensim: no visible global function definition for ‘rmvnorm’
Flavors: r-devel-linux-x86_64-debian-clang, r-devel-linux-x86_64-debian-gcc, r-devel-linux-x86_64-fedora-clang, r-devel-linux-x86_64-fedora-gcc, r-devel-osx-x86_64-clang, r-devel-windows-ix86+x86_64, r-patched-linux-x86_64, r-patched-solaris-sparc, r-patched-solaris-x86, r-release-linux-ix86, r-release-linux-x86_64, r-release-osx-x86_64-mavericks, r-release-windows-ix86+x86_64

Version: 1.5
Check: compiled code
Result: NOTE
    File ‘pedantics/libs/pedantics.so’:
     Found ‘rand’, possibly from ‘rand’ (C)
     Object: ‘pedantics.o’
    
    Compiled code should not call entry points which might terminate R nor
    write to stdout/stderr instead of to the console, nor the system RNG.
    
    See ‘Writing portable packages’ in the ‘Writing R Extensions’ manual.
Flavors: r-devel-linux-x86_64-debian-clang, r-devel-linux-x86_64-debian-gcc, r-devel-linux-x86_64-fedora-clang, r-devel-linux-x86_64-fedora-gcc, r-patched-linux-x86_64, r-patched-solaris-sparc, r-patched-solaris-x86

Version: 1.5
Check: compiled code
Result: NOTE
    File ‘pedantics/libs/pedantics.so’:
     Found ‘_rand’, possibly from ‘rand’ (C)
     Object: ‘pedantics.o’
    
    Compiled code should not call entry points which might terminate R nor
    write to stdout/stderr instead of to the console, nor the system RNG.
    
    See ‘Writing portable packages’ in the ‘Writing R Extensions’ manual.
Flavors: r-devel-osx-x86_64-clang, r-release-osx-x86_64-mavericks

Version: 1.5
Check: compiled code
Result: NOTE
    File 'pedantics/libs/i386/pedantics.dll':
     Found 'rand', possibly from 'rand' (C)
     Object: 'pedantics.o'
    File 'pedantics/libs/x64/pedantics.dll':
     Found 'rand', possibly from 'rand' (C)
     Object: 'pedantics.o'
    
    Compiled code should not call entry points which might terminate R nor
    write to stdout/stderr instead of to the console, nor the system RNG.
    
    See 'Writing portable packages' in the 'Writing R Extensions' manual.
Flavor: r-devel-windows-ix86+x86_64

Version: 1.5
Check: installed package size
Result: NOTE
     installed size is 27.1Mb
     sub-directories of 1Mb or more:
     libs 26.4Mb
Flavors: r-patched-solaris-sparc, r-patched-solaris-x86

Version: 1.5
Check: compiled code
Result: NOTE
    File ‘pedantics/libs/pedantics.so’:
     Found ‘rand’, possibly from ‘rand’ (C)
     Object: ‘pedantics.o’
    
    Compiled code should not call entry points which might terminate R nor
    write to stdout/stderr instead of to the console, nor the C RNG.
    
    See ‘Writing portable packages’ in the ‘Writing R Extensions’ manual.
Flavors: r-release-linux-ix86, r-release-linux-x86_64

Version: 1.5
Check: compiled code
Result: NOTE
    File 'pedantics/libs/i386/pedantics.dll':
     Found 'rand', possibly from 'rand' (C)
     Object: 'pedantics.o'
    File 'pedantics/libs/x64/pedantics.dll':
     Found 'rand', possibly from 'rand' (C)
     Object: 'pedantics.o'
    
    Compiled code should not call entry points which might terminate R nor
    write to stdout/stderr instead of to the console, nor the C RNG.
    
    See 'Writing portable packages' in the 'Writing R Extensions' manual.
Flavor: r-release-windows-ix86+x86_64