CRAN Package Check Results for Package pedantics

Last updated on 2014-11-23 01:48:10.

Flavor Version Tinstall Tcheck Ttotal Status Flags
r-devel-linux-x86_64-debian-clang 1.5 5.39 55.03 60.42 NOTE
r-devel-linux-x86_64-debian-gcc 1.5 5.40 54.64 60.04 NOTE
r-devel-linux-x86_64-fedora-clang 1.5 143.50 NOTE
r-devel-linux-x86_64-fedora-gcc 1.5 131.77 NOTE
r-devel-osx-x86_64-clang 1.5 117.65 NOTE
r-devel-windows-ix86+x86_64 1.5 19.00 113.00 132.00 NOTE
r-patched-linux-x86_64 1.5 5.62 56.25 61.87 NOTE
r-patched-solaris-sparc 1.5 737.90 NOTE
r-patched-solaris-x86 1.5 180.20 NOTE
r-release-linux-ix86 1.5 6.79 66.91 73.70 NOTE
r-release-linux-x86_64 1.5 5.35 56.62 61.97 NOTE
r-release-osx-x86_64-mavericks 1.5 OK
r-release-osx-x86_64-snowleopard 1.5 OK
r-release-windows-ix86+x86_64 1.5 30.00 127.00 157.00 NOTE
r-oldrel-windows-ix86+x86_64 1.5 18.00 124.00 142.00 OK

Memtest notes: UBSAN-gcc UBSAN

Check Details

Version: 1.5
Check: R code for possible problems
Result: NOTE
    genomesim : extractA: no visible global function definition for
     ‘is.genotype’
    genomesim : extractA : <anonymous>: no visible global function
     definition for ‘nallele’
    phensim: no visible global function definition for ‘rmvnorm’
Flavors: r-devel-linux-x86_64-debian-clang, r-devel-linux-x86_64-debian-gcc, r-devel-linux-x86_64-fedora-clang, r-devel-linux-x86_64-fedora-gcc, r-devel-osx-x86_64-clang, r-devel-windows-ix86+x86_64, r-patched-linux-x86_64, r-patched-solaris-sparc, r-patched-solaris-x86, r-release-linux-ix86, r-release-linux-x86_64, r-release-windows-ix86+x86_64

Version: 1.5
Check: compiled code
Result: NOTE
    File ‘pedantics/libs/pedantics.so’:
     Found ‘rand’, possibly from ‘rand’ (C)
     Object: ‘pedantics.o’
    
    Compiled code should not call entry points which might terminate R nor
    write to stdout/stderr instead of to the console, nor the C RNG.
    
    See ‘Writing portable packages’ in the ‘Writing R Extensions’ manual.
Flavors: r-devel-linux-x86_64-debian-clang, r-devel-linux-x86_64-debian-gcc, r-devel-linux-x86_64-fedora-clang, r-devel-linux-x86_64-fedora-gcc, r-patched-linux-x86_64, r-patched-solaris-sparc, r-patched-solaris-x86, r-release-linux-ix86, r-release-linux-x86_64

Version: 1.5
Check: compiled code
Result: NOTE
    File ‘pedantics/libs/pedantics.so’:
     Found ‘_rand’, possibly from ‘rand’ (C)
     Object: ‘pedantics.o’
    
    Compiled code should not call entry points which might terminate R nor
    write to stdout/stderr instead of to the console, nor the C RNG.
    
    See ‘Writing portable packages’ in the ‘Writing R Extensions’ manual.
Flavor: r-devel-osx-x86_64-clang

Version: 1.5
Check: compiled code
Result: NOTE
    File 'pedantics/libs/i386/pedantics.dll':
     Found 'rand', possibly from 'rand' (C)
     Object: 'pedantics.o'
    File 'pedantics/libs/x64/pedantics.dll':
     Found 'rand', possibly from 'rand' (C)
     Object: 'pedantics.o'
    
    Compiled code should not call entry points which might terminate R nor
    write to stdout/stderr instead of to the console, nor the C RNG.
    
    See 'Writing portable packages' in the 'Writing R Extensions' manual.
Flavors: r-devel-windows-ix86+x86_64, r-release-windows-ix86+x86_64

Version: 1.5
Check: installed package size
Result: NOTE
     installed size is 27.1Mb
     sub-directories of 1Mb or more:
     libs 26.4Mb
Flavors: r-patched-solaris-sparc, r-patched-solaris-x86