CRAN Package Check Results for Package pedantics

Last updated on 2015-05-30 11:50:29.

Flavor Version Tinstall Tcheck Ttotal Status Flags
r-devel-linux-x86_64-debian-clang 1.5 4.34 44.95 49.29 NOTE
r-devel-linux-x86_64-debian-gcc 1.5 4.56 44.11 48.67 NOTE
r-devel-linux-x86_64-fedora-clang 1.5 100.73 NOTE
r-devel-linux-x86_64-fedora-gcc 1.5 96.23 NOTE
r-devel-osx-x86_64-clang 1.5 93.55 NOTE
r-devel-windows-ix86+x86_64 1.5 17.00 97.00 114.00 NOTE
r-patched-linux-x86_64 1.5 4.91 43.64 48.55 NOTE
r-patched-solaris-sparc 1.5 591.20 NOTE
r-patched-solaris-x86 1.5 142.80 NOTE
r-release-linux-x86_64 1.5 4.48 44.22 48.70 NOTE
r-release-osx-x86_64-mavericks 1.5 NOTE
r-release-osx-x86_64-snowleopard 1.5 NOTE
r-release-windows-ix86+x86_64 1.5 15.00 95.00 110.00 NOTE
r-oldrel-windows-ix86+x86_64 1.5 23.00 131.00 154.00 NOTE

Memtest notes: UBSAN-gcc UBSAN

Check Details

Version: 1.5
Check: DESCRIPTION meta-information
Result: NOTE
    Malformed Description field: should contain one or more complete sentences.
Flavors: r-devel-linux-x86_64-debian-clang, r-devel-linux-x86_64-debian-gcc, r-devel-linux-x86_64-fedora-clang, r-devel-linux-x86_64-fedora-gcc, r-devel-osx-x86_64-clang, r-devel-windows-ix86+x86_64, r-patched-linux-x86_64, r-patched-solaris-sparc, r-patched-solaris-x86, r-release-linux-x86_64, r-release-osx-x86_64-mavericks, r-release-osx-x86_64-snowleopard, r-release-windows-ix86+x86_64

Version: 1.5
Check: R code for possible problems
Result: NOTE
    genomesim : extractA: no visible global function definition for
     ‘is.genotype’
    genomesim : extractA : <anonymous>: no visible global function
     definition for ‘nallele’
    phensim: no visible global function definition for ‘rmvnorm’
Flavors: r-devel-linux-x86_64-debian-clang, r-devel-linux-x86_64-debian-gcc, r-devel-linux-x86_64-fedora-clang, r-devel-linux-x86_64-fedora-gcc, r-devel-osx-x86_64-clang, r-devel-windows-ix86+x86_64, r-patched-linux-x86_64, r-patched-solaris-sparc, r-patched-solaris-x86, r-release-linux-x86_64, r-release-osx-x86_64-mavericks, r-release-osx-x86_64-snowleopard, r-release-windows-ix86+x86_64, r-oldrel-windows-ix86+x86_64

Version: 1.5
Check: compiled code
Result: NOTE
    File ‘pedantics/libs/pedantics.so’:
     Found ‘rand’, possibly from ‘rand’ (C)
     Object: ‘pedantics.o’
    
    Compiled code should not call entry points which might terminate R nor
    write to stdout/stderr instead of to the console, nor the system RNG.
    
    See ‘Writing portable packages’ in the ‘Writing R Extensions’ manual.
Flavors: r-devel-linux-x86_64-debian-clang, r-devel-linux-x86_64-debian-gcc, r-devel-linux-x86_64-fedora-clang, r-devel-linux-x86_64-fedora-gcc, r-patched-linux-x86_64, r-patched-solaris-sparc, r-patched-solaris-x86, r-release-linux-x86_64

Version: 1.5
Check: compiled code
Result: NOTE
    File ‘pedantics/libs/pedantics.so’:
     Found ‘_rand’, possibly from ‘rand’ (C)
     Object: ‘pedantics.o’
    
    Compiled code should not call entry points which might terminate R nor
    write to stdout/stderr instead of to the console, nor the system RNG.
    
    See ‘Writing portable packages’ in the ‘Writing R Extensions’ manual.
Flavors: r-devel-osx-x86_64-clang, r-release-osx-x86_64-mavericks, r-release-osx-x86_64-snowleopard

Version: 1.5
Check: compiled code
Result: NOTE
    File 'pedantics/libs/i386/pedantics.dll':
     Found 'rand', possibly from 'rand' (C)
     Object: 'pedantics.o'
    File 'pedantics/libs/x64/pedantics.dll':
     Found 'rand', possibly from 'rand' (C)
     Object: 'pedantics.o'
    
    Compiled code should not call entry points which might terminate R nor
    write to stdout/stderr instead of to the console, nor the system RNG.
    
    See 'Writing portable packages' in the 'Writing R Extensions' manual.
Flavors: r-devel-windows-ix86+x86_64, r-release-windows-ix86+x86_64, r-oldrel-windows-ix86+x86_64

Version: 1.5
Check: installed package size
Result: NOTE
     installed size is 27.1Mb
     sub-directories of 1Mb or more:
     libs 26.4Mb
Flavors: r-patched-solaris-sparc, r-patched-solaris-x86