CRAN Package Check Results for Package pedantics

Last updated on 2014-08-21 13:48:14.

Flavor Version Tinstall Tcheck Ttotal Status Flags
r-devel-linux-x86_64-debian-clang 1.5 5.32 55.38 60.70 OK
r-devel-linux-x86_64-debian-gcc 1.5 5.42 54.36 59.78 OK
r-devel-linux-x86_64-fedora-clang 1.5 141.77 NOTE
r-devel-linux-x86_64-fedora-gcc 1.5 146.08 NOTE
r-devel-osx-x86_64-clang 1.5 111.01 NOTE
r-devel-windows-ix86+x86_64 1.5 22.00 110.00 132.00 OK
r-patched-linux-x86_64 1.5 5.80 57.87 63.67 OK
r-patched-solaris-sparc 1.5 774.00 NOTE
r-patched-solaris-x86 1.5 180.50 NOTE
r-release-linux-ix86 1.5 6.76 69.72 76.48 OK
r-release-linux-x86_64 1.5 5.96 58.12 64.08 OK
r-release-osx-x86_64-mavericks 1.5 OK
r-release-osx-x86_64-snowleopard 1.5 OK
r-release-windows-ix86+x86_64 1.5 19.00 116.00 135.00 OK
r-oldrel-windows-ix86+x86_64 1.5 20.00 124.00 144.00 OK

Memtest notes: UBSAN

Check Details

Version: 1.5
Check: R code for possible problems
Result: NOTE
    genomesim : extractA: no visible global function definition for
     ‘is.genotype’
    genomesim : extractA : <anonymous>: no visible global function
     definition for ‘nallele’
    phensim: no visible global function definition for ‘rmvnorm’
Flavors: r-devel-linux-x86_64-fedora-clang, r-devel-linux-x86_64-fedora-gcc, r-devel-osx-x86_64-clang

Version: 1.5
Check: installed package size
Result: NOTE
     installed size is 27.1Mb
     sub-directories of 1Mb or more:
     libs 26.4Mb
Flavors: r-patched-solaris-sparc, r-patched-solaris-x86