CRAN Package Check Results for Package pedgene

Last updated on 2015-05-22 17:46:45.

Flavor Version Tinstall Tcheck Ttotal Status Flags
r-devel-linux-x86_64-debian-clang 2.1 2.88 42.72 45.60 OK
r-devel-linux-x86_64-debian-gcc 2.1 3.67 40.84 44.50 OK
r-devel-linux-x86_64-fedora-clang 2.1 91.45 OK
r-devel-linux-x86_64-fedora-gcc 2.1 87.05 OK
r-devel-osx-x86_64-clang 2.1 80.14 OK
r-devel-windows-ix86+x86_64 2.1 11.00 58.00 69.00 OK
r-patched-linux-x86_64 2.1 3.62 40.94 44.55 OK
r-patched-solaris-sparc 2.1 538.30 OK
r-patched-solaris-x86 2.1 126.60 OK
r-release-linux-x86_64 2.1 2.90 41.00 43.89 OK
r-release-osx-x86_64-mavericks 2.1 OK
r-release-osx-x86_64-snowleopard 2.1 ERROR
r-release-windows-ix86+x86_64 2.1 8.00 57.00 65.00 OK
r-oldrel-windows-ix86+x86_64 2.1 10.00 67.00 77.00 OK

Check Details

Version: 2.1
Check: package dependencies
Result: ERROR
    Package required but not available: ‘survey’
    
    See section ‘The DESCRIPTION file’ in the ‘Writing R Extensions’
    manual.
Flavor: r-release-osx-x86_64-snowleopard