Last updated on 2023-09-27 06:02:15 CEST.
Flavor | Version | Tinstall | Tcheck | Ttotal | Status | Flags |
---|---|---|---|---|---|---|
r-devel-linux-x86_64-debian-clang | 3.6 | 6.05 | 97.33 | 103.38 | NOTE | |
r-devel-linux-x86_64-debian-gcc | 3.6 | 7.39 | 74.21 | 81.60 | NOTE | |
r-devel-linux-x86_64-fedora-clang | 3.6 | 130.94 | NOTE | |||
r-devel-linux-x86_64-fedora-gcc | 3.6 | 138.41 | NOTE | |||
r-devel-windows-x86_64 | 3.6 | 10.00 | 101.00 | 111.00 | NOTE | |
r-patched-linux-x86_64 | 3.6 | 8.24 | 93.38 | 101.62 | NOTE | |
r-release-linux-x86_64 | 3.6 | 8.49 | 94.20 | 102.69 | NOTE | |
r-release-macos-arm64 | 3.6 | 53.00 | NOTE | |||
r-release-macos-x86_64 | 3.6 | 84.00 | NOTE | |||
r-release-windows-x86_64 | 3.6 | 11.00 | 107.00 | 118.00 | NOTE | |
r-oldrel-macos-arm64 | 3.6 | 44.00 | OK | |||
r-oldrel-macos-x86_64 | 3.6 | 58.00 | OK | |||
r-oldrel-windows-x86_64 | 3.6 | 12.00 | 119.00 | 131.00 | OK |
Version: 3.6
Check: Rd \usage sections
Result: NOTE
S3 methods shown with full name in documentation object 'format.relation':
‘format.relation’
The \usage entries for S3 methods should use the \method markup and not
their full name.
See chapter ‘Writing R documentation files’ in the ‘Writing R
Extensions’ manual.
Flavors: r-devel-linux-x86_64-debian-clang, r-devel-linux-x86_64-debian-gcc, r-devel-linux-x86_64-fedora-clang, r-devel-linux-x86_64-fedora-gcc, r-devel-windows-x86_64, r-patched-linux-x86_64, r-release-linux-x86_64, r-release-macos-arm64, r-release-macos-x86_64, r-release-windows-x86_64