CRAN Package Check Results for Package pedgene

Last updated on 2015-07-29 19:50:01.

Flavor Version Tinstall Tcheck Ttotal Status Flags
r-devel-linux-x86_64-debian-clang 2.1 2.92 40.20 43.12 NOTE
r-devel-linux-x86_64-debian-gcc 2.1 3.60 40.15 43.75 NOTE
r-devel-linux-x86_64-fedora-clang 2.1 88.73 NOTE
r-devel-linux-x86_64-fedora-gcc 2.1 85.94 NOTE
r-devel-osx-x86_64-clang 2.1 71.68 OK
r-devel-windows-ix86+x86_64 2.1 12.00 56.00 68.00 NOTE
r-patched-linux-x86_64 2.1 3.54 40.26 43.80 OK
r-patched-solaris-sparc 2.1 552.00 OK
r-patched-solaris-x86 2.1 128.00 OK
r-release-linux-x86_64 2.1 2.64 39.43 42.07 OK
r-release-osx-x86_64-mavericks 2.1 OK
r-release-windows-ix86+x86_64 2.1 11.00 95.00 106.00 OK
r-oldrel-windows-ix86+x86_64 2.1 15.00 104.00 119.00 OK

Check Details

Version: 2.1
Check: R code for possible problems
Result: NOTE
    pedgene: no visible global function definition for ‘sessionInfo’
    pedgene.stats: no visible binding for global variable ‘var’
    pedgene.stats: no visible global function definition for ‘dbeta’
    pedgene.stats: no visible global function definition for ‘cor’
    pedgene.stats: no visible global function definition for ‘pchisq’
    Undefined global functions or variables:
     cor dbeta pchisq sessionInfo var
    Consider adding
     importFrom("stats", "cor", "dbeta", "pchisq", "var")
     importFrom("utils", "sessionInfo")
    to your NAMESPACE.
Flavors: r-devel-linux-x86_64-debian-clang, r-devel-linux-x86_64-debian-gcc, r-devel-linux-x86_64-fedora-clang, r-devel-linux-x86_64-fedora-gcc, r-devel-windows-ix86+x86_64