CRAN Package Check Results for Package pedigree

Last updated on 2015-01-29 22:48:47.

Flavor Version Tinstall Tcheck Ttotal Status Flags
r-devel-linux-x86_64-debian-clang 1.4 4.40 38.31 42.70 NOTE
r-devel-linux-x86_64-debian-gcc 1.4 4.39 38.41 42.80 NOTE
r-devel-linux-x86_64-fedora-clang 1.4 112.69 NOTE
r-devel-linux-x86_64-fedora-gcc 1.4 108.04 NOTE
r-devel-osx-x86_64-clang 1.4 95.96 NOTE
r-devel-windows-ix86+x86_64 1.4 19.00 81.00 100.00 NOTE
r-patched-linux-x86_64 1.4 4.92 43.21 48.12 NOTE
r-patched-solaris-sparc 1.4 631.00 NOTE
r-patched-solaris-x86 1.4 150.10 NOTE
r-release-linux-ix86 1.4 5.84 51.84 57.69 NOTE
r-release-linux-x86_64 1.4 5.04 43.55 48.60 NOTE
r-release-osx-x86_64-mavericks 1.4 NOTE
r-release-windows-ix86+x86_64 1.4 17.00 96.00 113.00 NOTE
r-oldrel-windows-ix86+x86_64 1.4 16.00 93.00 109.00 NOTE

Check Details

Version: 1.4
Check: dependencies in R code
Result: NOTE
    Package in Depends field not imported from: ‘reshape’
     These packages need to be imported from (in the NAMESPACE file)
     for when this namespace is loaded but not attached.
Flavors: r-devel-linux-x86_64-debian-clang, r-devel-linux-x86_64-debian-gcc, r-devel-linux-x86_64-fedora-clang, r-devel-linux-x86_64-fedora-gcc, r-devel-osx-x86_64-clang, r-devel-windows-ix86+x86_64

Version: 1.4
Check: dependencies in R code
Result: NOTE
    Package in Depends field not imported from: ‘reshape’
     These packages need to be imported from (in the NAMESPACE file)
     for when this namespace is loaded but not attached.
    See the information on DESCRIPTION files in the chapter ‘Creating R
    packages’ of the ‘Writing R Extensions’ manual.
Flavors: r-patched-linux-x86_64, r-patched-solaris-sparc, r-patched-solaris-x86, r-release-linux-ix86, r-release-linux-x86_64, r-release-osx-x86_64-mavericks, r-release-windows-ix86+x86_64, r-oldrel-windows-ix86+x86_64