CRAN Package Check Results for Package pedigree

Last updated on 2014-08-30 11:51:31.

Flavor Version Tinstall Tcheck Ttotal Status Flags
r-devel-linux-x86_64-debian-clang 1.4 4.49 42.94 47.42 NOTE
r-devel-linux-x86_64-debian-gcc 1.4 4.65 41.14 45.80 NOTE
r-devel-linux-x86_64-fedora-clang 1.4 115.06 NOTE
r-devel-linux-x86_64-fedora-gcc 1.4 107.21 NOTE
r-devel-osx-x86_64-clang 1.4 90.78 NOTE
r-devel-windows-ix86+x86_64 1.4 20.00 82.00 102.00 NOTE
r-patched-linux-x86_64 1.4 4.95 43.88 48.82 NOTE
r-patched-solaris-sparc 1.4 627.80 NOTE
r-patched-solaris-x86 1.4 148.00 NOTE
r-release-linux-ix86 1.4 6.02 53.40 59.42 NOTE
r-release-linux-x86_64 1.4 4.86 44.18 49.04 NOTE
r-release-osx-x86_64-mavericks 1.4 NOTE
r-release-windows-ix86+x86_64 1.4 16.00 130.00 146.00 NOTE
r-oldrel-windows-ix86+x86_64 1.4 16.00 126.00 142.00 NOTE

Check Details

Version: 1.4
Check: dependencies in R code
Result: NOTE
    Package in Depends field not imported from: ‘reshape’
     These packages need to be imported from (in the NAMESPACE file)
     for when this namespace is loaded but not attached.
    See the information on DESCRIPTION files in the chapter ‘Creating R
    packages’ of the ‘Writing R Extensions’ manual.
Flavors: r-devel-linux-x86_64-debian-clang, r-devel-linux-x86_64-debian-gcc, r-devel-linux-x86_64-fedora-clang, r-devel-linux-x86_64-fedora-gcc, r-devel-osx-x86_64-clang, r-devel-windows-ix86+x86_64, r-patched-linux-x86_64, r-patched-solaris-sparc, r-patched-solaris-x86, r-release-linux-ix86, r-release-linux-x86_64, r-release-osx-x86_64-mavericks, r-release-windows-ix86+x86_64, r-oldrel-windows-ix86+x86_64