CRAN Package Check Results for Package pedigree

Last updated on 2014-09-20 23:48:07.

Flavor Version Tinstall Tcheck Ttotal Status Flags
r-devel-linux-x86_64-debian-clang 1.4 4.65 41.28 45.93 NOTE
r-devel-linux-x86_64-debian-gcc 1.4 4.74 41.93 46.67 NOTE
r-devel-linux-x86_64-fedora-clang 1.4 115.00 NOTE
r-devel-linux-x86_64-fedora-gcc 1.4 106.49 NOTE
r-devel-osx-x86_64-clang 1.4 92.31 NOTE
r-devel-windows-ix86+x86_64 1.4 13.00 76.00 89.00 NOTE
r-patched-linux-x86_64 1.4 5.06 44.50 49.57 NOTE
r-patched-solaris-sparc 1.4 627.80 NOTE
r-patched-solaris-x86 1.4 146.10 NOTE
r-release-linux-ix86 1.4 6.04 54.33 60.37 NOTE
r-release-linux-x86_64 1.4 4.88 43.70 48.58 NOTE
r-release-osx-x86_64-mavericks 1.4 NOTE
r-release-windows-ix86+x86_64 1.4 16.00 88.00 104.00 NOTE
r-oldrel-windows-ix86+x86_64 1.4 14.00 87.00 101.00 NOTE

Check Details

Version: 1.4
Check: dependencies in R code
Result: NOTE
    Package in Depends field not imported from: ‘reshape’
     These packages need to be imported from (in the NAMESPACE file)
     for when this namespace is loaded but not attached.
    See the information on DESCRIPTION files in the chapter ‘Creating R
    packages’ of the ‘Writing R Extensions’ manual.
Flavors: r-devel-linux-x86_64-debian-clang, r-devel-linux-x86_64-debian-gcc, r-devel-linux-x86_64-fedora-clang, r-devel-linux-x86_64-fedora-gcc, r-devel-osx-x86_64-clang, r-devel-windows-ix86+x86_64, r-patched-linux-x86_64, r-patched-solaris-sparc, r-patched-solaris-x86, r-release-linux-ix86, r-release-linux-x86_64, r-release-osx-x86_64-mavericks, r-release-windows-ix86+x86_64, r-oldrel-windows-ix86+x86_64