CRAN Package Check Results for Package pedigree

Last updated on 2016-06-24 21:47:10.

Flavor Version Tinstall Tcheck Ttotal Status Flags
r-devel-linux-x86_64-debian-gcc 1.4 4.18 33.84 38.02 NOTE
r-devel-linux-x86_64-fedora-clang 1.4 77.37 NOTE
r-devel-linux-x86_64-fedora-gcc 1.4 69.59 NOTE
r-devel-osx-x86_64-clang 1.4 58.24 NOTE
r-devel-windows-ix86+x86_64 1.4 20.00 98.00 118.00 NOTE
r-patched-linux-x86_64 1.4 4.08 33.40 37.48 NOTE
r-patched-solaris-sparc 1.4 437.70 NOTE
r-patched-solaris-x86 1.4 95.30 NOTE
r-release-linux-x86_64 1.4 4.10 33.79 37.89 NOTE
r-release-osx-x86_64-mavericks 1.4 NOTE
r-release-windows-ix86+x86_64 1.4 18.00 68.00 86.00 NOTE
r-oldrel-windows-ix86+x86_64 1.4 22.00 107.00 129.00 NOTE

Check Details

Version: 1.4
Check: DESCRIPTION meta-information
Result: NOTE
    Malformed Description field: should contain one or more complete sentences.
Flavors: r-devel-linux-x86_64-debian-gcc, r-devel-linux-x86_64-fedora-clang, r-devel-linux-x86_64-fedora-gcc, r-devel-osx-x86_64-clang, r-devel-windows-ix86+x86_64, r-patched-linux-x86_64, r-patched-solaris-sparc, r-patched-solaris-x86, r-release-linux-x86_64, r-release-osx-x86_64-mavericks, r-release-windows-ix86+x86_64, r-oldrel-windows-ix86+x86_64

Version: 1.4
Check: dependencies in R code
Result: NOTE
    Package in Depends field not imported from: ‘reshape’
     These packages need to be imported from (in the NAMESPACE file)
     for when this namespace is loaded but not attached.
Flavors: r-devel-linux-x86_64-debian-gcc, r-devel-linux-x86_64-fedora-clang, r-devel-linux-x86_64-fedora-gcc, r-devel-osx-x86_64-clang, r-devel-windows-ix86+x86_64, r-patched-linux-x86_64, r-patched-solaris-sparc, r-patched-solaris-x86, r-release-linux-x86_64, r-release-osx-x86_64-mavericks, r-release-windows-ix86+x86_64, r-oldrel-windows-ix86+x86_64

Version: 1.4
Check: R code for possible problems
Result: NOTE
    blup: no visible global function definition for ‘model.matrix’
    blup: no visible global function definition for ‘model.frame’
    blup: no visible global function definition for ‘read.table’
    calcG: no visible global function definition for ‘as’
    gblup: no visible global function definition for ‘model.matrix’
    gblup: no visible global function definition for ‘model.frame’
    Undefined global functions or variables:
     as model.frame model.matrix read.table
    Consider adding
     importFrom("methods", "as")
     importFrom("stats", "model.frame", "model.matrix")
     importFrom("utils", "read.table")
    to your NAMESPACE file (and ensure that your DESCRIPTION Imports field
    contains 'methods').
Flavors: r-devel-linux-x86_64-debian-gcc, r-devel-linux-x86_64-fedora-clang, r-devel-linux-x86_64-fedora-gcc, r-devel-osx-x86_64-clang, r-devel-windows-ix86+x86_64, r-patched-linux-x86_64, r-patched-solaris-sparc, r-patched-solaris-x86, r-release-linux-x86_64, r-release-osx-x86_64-mavericks, r-release-windows-ix86+x86_64