CRAN Package Check Results for Package pedigree

Last updated on 2014-11-28 12:46:53.

Flavor Version Tinstall Tcheck Ttotal Status Flags
r-devel-linux-x86_64-debian-clang 1.4 4.44 42.89 47.33 NOTE
r-devel-linux-x86_64-debian-gcc 1.4 4.78 40.59 45.37 NOTE
r-devel-linux-x86_64-fedora-clang 1.4 119.44 NOTE
r-devel-linux-x86_64-fedora-gcc 1.4 111.64 NOTE
r-devel-osx-x86_64-clang 1.4 94.83 NOTE
r-devel-windows-ix86+x86_64 1.4 14.00 84.00 98.00 NOTE
r-patched-linux-x86_64 1.4 4.82 44.04 48.86 NOTE
r-patched-solaris-sparc 1.4 627.80 NOTE
r-patched-solaris-x86 1.4 147.00 NOTE
r-release-linux-ix86 1.4 5.70 51.32 57.02 NOTE
r-release-linux-x86_64 1.4 5.02 43.11 48.13 NOTE
r-release-osx-x86_64-mavericks 1.4 NOTE
r-release-windows-ix86+x86_64 1.4 19.00 88.00 107.00 NOTE
r-oldrel-windows-ix86+x86_64 1.4 15.00 93.00 108.00 NOTE

Check Details

Version: 1.4
Check: dependencies in R code
Result: NOTE
    Package in Depends field not imported from: ‘reshape’
     These packages need to be imported from (in the NAMESPACE file)
     for when this namespace is loaded but not attached.
    See the information on DESCRIPTION files in the chapter ‘Creating R
    packages’ of the ‘Writing R Extensions’ manual.
Flavors: r-devel-linux-x86_64-debian-clang, r-devel-linux-x86_64-debian-gcc, r-devel-linux-x86_64-fedora-clang, r-devel-linux-x86_64-fedora-gcc, r-devel-osx-x86_64-clang, r-devel-windows-ix86+x86_64, r-patched-linux-x86_64, r-patched-solaris-sparc, r-patched-solaris-x86, r-release-linux-ix86, r-release-linux-x86_64, r-release-osx-x86_64-mavericks, r-release-windows-ix86+x86_64, r-oldrel-windows-ix86+x86_64