CRAN Package Check Results for Package pedigree

Last updated on 2015-05-24 08:48:37.

Flavor Version Tinstall Tcheck Ttotal Status Flags
r-devel-linux-x86_64-debian-clang 1.4 3.86 35.09 38.94 NOTE
r-devel-linux-x86_64-debian-gcc 1.4 3.96 33.92 37.88 NOTE
r-devel-linux-x86_64-fedora-clang 1.4 85.63 NOTE
r-devel-linux-x86_64-fedora-gcc 1.4 80.00 NOTE
r-devel-osx-x86_64-clang 1.4 74.44 NOTE
r-devel-windows-ix86+x86_64 1.4 13.00 72.00 85.00 NOTE
r-patched-linux-x86_64 1.4 3.96 34.64 38.60 NOTE
r-patched-solaris-sparc 1.4 504.60 NOTE
r-patched-solaris-x86 1.4 114.30 NOTE
r-release-linux-x86_64 1.4 3.96 34.34 38.30 NOTE
r-release-osx-x86_64-mavericks 1.4 NOTE
r-release-osx-x86_64-snowleopard 1.4 NOTE
r-release-windows-ix86+x86_64 1.4 16.00 68.00 84.00 NOTE
r-oldrel-windows-ix86+x86_64 1.4 17.00 132.00 149.00 NOTE

Check Details

Version: 1.4
Check: DESCRIPTION meta-information
Result: NOTE
    Malformed Description field: should contain one or more complete sentences.
Flavors: r-devel-linux-x86_64-debian-clang, r-devel-linux-x86_64-debian-gcc, r-devel-linux-x86_64-fedora-clang, r-devel-linux-x86_64-fedora-gcc, r-devel-osx-x86_64-clang, r-devel-windows-ix86+x86_64, r-patched-linux-x86_64, r-patched-solaris-sparc, r-patched-solaris-x86, r-release-linux-x86_64, r-release-osx-x86_64-mavericks, r-release-osx-x86_64-snowleopard, r-release-windows-ix86+x86_64

Version: 1.4
Check: dependencies in R code
Result: NOTE
    Package in Depends field not imported from: ‘reshape’
     These packages need to be imported from (in the NAMESPACE file)
     for when this namespace is loaded but not attached.
Flavors: r-devel-linux-x86_64-debian-clang, r-devel-linux-x86_64-debian-gcc, r-devel-linux-x86_64-fedora-clang, r-devel-linux-x86_64-fedora-gcc, r-devel-osx-x86_64-clang, r-devel-windows-ix86+x86_64, r-patched-linux-x86_64, r-patched-solaris-sparc, r-patched-solaris-x86, r-release-linux-x86_64, r-release-osx-x86_64-mavericks, r-release-osx-x86_64-snowleopard, r-release-windows-ix86+x86_64, r-oldrel-windows-ix86+x86_64