CRAN Package Check Results for Package pedigree

Last updated on 2014-12-20 09:53:51.

Flavor Version Tinstall Tcheck Ttotal Status Flags
r-devel-linux-x86_64-debian-clang 1.4 4.60 42.52 47.12 NOTE
r-devel-linux-x86_64-debian-gcc 1.4 4.94 40.08 45.02 NOTE
r-devel-linux-x86_64-fedora-clang 1.4 117.89 NOTE
r-devel-linux-x86_64-fedora-gcc 1.4 107.94 NOTE
r-devel-osx-x86_64-clang 1.4 95.60 NOTE
r-devel-windows-ix86+x86_64 1.4 16.00 83.00 99.00 NOTE
r-patched-linux-x86_64 1.4 5.14 43.25 48.39 NOTE
r-patched-solaris-sparc 1.4 627.80 NOTE
r-patched-solaris-x86 1.4 149.00 NOTE
r-release-linux-ix86 1.4 5.75 51.57 57.32 NOTE
r-release-linux-x86_64 1.4 4.84 46.78 51.61 NOTE
r-release-osx-x86_64-mavericks 1.4 NOTE
r-release-windows-ix86+x86_64 1.4 18.00 92.00 110.00 NOTE
r-oldrel-windows-ix86+x86_64 1.4 16.00 92.00 108.00 NOTE

Check Details

Version: 1.4
Check: dependencies in R code
Result: NOTE
    Package in Depends field not imported from: ‘reshape’
     These packages need to be imported from (in the NAMESPACE file)
     for when this namespace is loaded but not attached.
    See the information on DESCRIPTION files in the chapter ‘Creating R
    packages’ of the ‘Writing R Extensions’ manual.
Flavors: r-devel-linux-x86_64-debian-clang, r-devel-linux-x86_64-debian-gcc, r-devel-linux-x86_64-fedora-clang, r-devel-linux-x86_64-fedora-gcc, r-devel-osx-x86_64-clang, r-devel-windows-ix86+x86_64, r-patched-linux-x86_64, r-patched-solaris-sparc, r-patched-solaris-x86, r-release-linux-ix86, r-release-linux-x86_64, r-release-osx-x86_64-mavericks, r-release-windows-ix86+x86_64, r-oldrel-windows-ix86+x86_64