CRAN Package Check Results for Package pedigree

Last updated on 2014-07-25 17:48:05.

Flavor Version Tinstall Tcheck Ttotal Status Flags
r-devel-linux-x86_64-debian-clang 1.4 4.70 43.97 48.67 NOTE
r-devel-linux-x86_64-debian-gcc 1.4 4.74 42.13 46.87 NOTE
r-devel-linux-x86_64-fedora-clang 1.4 122.24 NOTE
r-devel-linux-x86_64-fedora-gcc 1.4 111.52 NOTE
r-devel-osx-x86_64-clang 1.4 93.31 NOTE
r-devel-windows-ix86+x86_64 1.4 15.00 84.00 99.00 NOTE
r-patched-linux-x86_64 1.4 4.99 43.40 48.40 NOTE
r-patched-solaris-sparc 1.4 606.20 NOTE
r-patched-solaris-x86 1.4 148.80 NOTE
r-release-linux-ix86 1.4 6.11 53.27 59.38 NOTE
r-release-linux-x86_64 1.4 4.92 42.89 47.82 NOTE
r-release-osx-x86_64-mavericks 1.4 NOTE
r-release-windows-ix86+x86_64 1.4 16.00 88.00 104.00 NOTE
r-oldrel-windows-ix86+x86_64 1.4 15.00 92.00 107.00 NOTE

Check Details

Version: 1.4
Check: dependencies in R code
Result: NOTE
    Package in Depends field not imported from: ‘reshape’
     These packages need to be imported from (in the NAMESPACE file)
     for when this namespace is loaded but not attached.
    See the information on DESCRIPTION files in the chapter ‘Creating R
    packages’ of the ‘Writing R Extensions’ manual.
Flavors: r-devel-linux-x86_64-debian-clang, r-devel-linux-x86_64-debian-gcc, r-devel-linux-x86_64-fedora-clang, r-devel-linux-x86_64-fedora-gcc, r-devel-osx-x86_64-clang, r-devel-windows-ix86+x86_64, r-patched-linux-x86_64, r-patched-solaris-sparc, r-patched-solaris-x86, r-release-linux-ix86, r-release-linux-x86_64, r-release-osx-x86_64-mavericks, r-release-windows-ix86+x86_64, r-oldrel-windows-ix86+x86_64