CRAN Package Check Results for Package pedigree

Last updated on 2015-08-28 10:49:12.

Flavor Version Tinstall Tcheck Ttotal Status Flags
r-devel-linux-x86_64-debian-clang 1.4 3.38 32.68 36.07 NOTE
r-devel-linux-x86_64-debian-gcc 1.4 3.79 32.34 36.13 NOTE
r-devel-linux-x86_64-fedora-clang 1.4 75.76 NOTE
r-devel-linux-x86_64-fedora-gcc 1.4 71.67 NOTE
r-devel-osx-x86_64-clang 1.4 65.02 NOTE
r-devel-windows-ix86+x86_64 1.4 17.00 98.00 115.00 NOTE
r-patched-linux-x86_64 1.4 3.83 34.28 38.11 NOTE
r-patched-solaris-sparc 1.4 493.40 NOTE
r-patched-solaris-x86 1.4 117.60 NOTE
r-release-linux-x86_64 1.4 3.86 34.30 38.16 NOTE
r-release-osx-x86_64-mavericks 1.4 NOTE
r-release-windows-ix86+x86_64 1.4 17.00 87.00 104.00 NOTE
r-oldrel-windows-ix86+x86_64 1.4 24.00 111.00 135.00 NOTE

Check Details

Version: 1.4
Check: DESCRIPTION meta-information
Result: NOTE
    Malformed Description field: should contain one or more complete sentences.
Flavors: r-devel-linux-x86_64-debian-clang, r-devel-linux-x86_64-debian-gcc, r-devel-linux-x86_64-fedora-clang, r-devel-linux-x86_64-fedora-gcc, r-devel-osx-x86_64-clang, r-devel-windows-ix86+x86_64, r-patched-linux-x86_64, r-patched-solaris-sparc, r-patched-solaris-x86, r-release-linux-x86_64, r-release-osx-x86_64-mavericks, r-release-windows-ix86+x86_64

Version: 1.4
Check: dependencies in R code
Result: NOTE
    Package in Depends field not imported from: ‘reshape’
     These packages need to be imported from (in the NAMESPACE file)
     for when this namespace is loaded but not attached.
Flavors: r-devel-linux-x86_64-debian-clang, r-devel-linux-x86_64-debian-gcc, r-devel-linux-x86_64-fedora-clang, r-devel-linux-x86_64-fedora-gcc, r-devel-osx-x86_64-clang, r-devel-windows-ix86+x86_64, r-patched-linux-x86_64, r-patched-solaris-sparc, r-patched-solaris-x86, r-release-linux-x86_64, r-release-osx-x86_64-mavericks, r-release-windows-ix86+x86_64, r-oldrel-windows-ix86+x86_64

Version: 1.4
Check: R code for possible problems
Result: NOTE
    blup: no visible global function definition for ‘model.matrix’
    blup: no visible global function definition for ‘model.frame’
    blup: no visible global function definition for ‘read.table’
    calcG: no visible global function definition for ‘as’
    gblup: no visible global function definition for ‘model.matrix’
    gblup: no visible global function definition for ‘model.frame’
    Undefined global functions or variables:
     as model.frame model.matrix read.table
    Consider adding
     importFrom("methods", "as")
     importFrom("stats", "model.frame", "model.matrix")
     importFrom("utils", "read.table")
    to your NAMESPACE (and ensure that your DESCRIPTION Imports field
    contains 'methods').
Flavors: r-devel-linux-x86_64-debian-clang, r-devel-linux-x86_64-debian-gcc, r-devel-linux-x86_64-fedora-clang, r-devel-linux-x86_64-fedora-gcc, r-devel-windows-ix86+x86_64