CRAN Package Check Results for Package pedigree

Last updated on 2015-03-05 08:49:18.

Flavor Version Tinstall Tcheck Ttotal Status Flags
r-devel-linux-x86_64-debian-clang 1.4 3.70 35.13 38.82 NOTE
r-devel-linux-x86_64-debian-gcc 1.4 3.89 34.50 38.38 NOTE
r-devel-linux-x86_64-fedora-clang 1.4 82.20 NOTE
r-devel-linux-x86_64-fedora-gcc 1.4 75.94 NOTE
r-devel-osx-x86_64-clang 1.4 79.06 NOTE
r-devel-windows-ix86+x86_64 1.4 13.00 73.00 86.00 NOTE
r-patched-linux-x86_64 1.4 4.98 43.19 48.17 NOTE
r-patched-solaris-sparc 1.4 641.80 NOTE
r-patched-solaris-x86 1.4 151.60 NOTE
r-release-linux-ix86 1.4 6.31 52.01 58.32 NOTE
r-release-linux-x86_64 1.4 5.19 43.80 48.99 NOTE
r-release-osx-x86_64-mavericks 1.4 NOTE
r-release-windows-ix86+x86_64 1.4 17.00 88.00 105.00 NOTE
r-oldrel-windows-ix86+x86_64 1.4 17.00 96.00 113.00 NOTE

Check Details

Version: 1.4
Check: DESCRIPTION meta-information
Result: NOTE
    Malformed Description field: should contain one or more complete sentences.
Flavors: r-devel-linux-x86_64-debian-clang, r-devel-linux-x86_64-debian-gcc, r-devel-linux-x86_64-fedora-clang, r-devel-linux-x86_64-fedora-gcc, r-devel-osx-x86_64-clang, r-devel-windows-ix86+x86_64

Version: 1.4
Check: dependencies in R code
Result: NOTE
    Package in Depends field not imported from: ‘reshape’
     These packages need to be imported from (in the NAMESPACE file)
     for when this namespace is loaded but not attached.
Flavors: r-devel-linux-x86_64-debian-clang, r-devel-linux-x86_64-debian-gcc, r-devel-linux-x86_64-fedora-clang, r-devel-linux-x86_64-fedora-gcc, r-devel-osx-x86_64-clang, r-devel-windows-ix86+x86_64, r-patched-linux-x86_64, r-patched-solaris-sparc, r-patched-solaris-x86

Version: 1.4
Check: dependencies in R code
Result: NOTE
    Package in Depends field not imported from: ‘reshape’
     These packages need to be imported from (in the NAMESPACE file)
     for when this namespace is loaded but not attached.
    See the information on DESCRIPTION files in the chapter ‘Creating R
    packages’ of the ‘Writing R Extensions’ manual.
Flavors: r-release-linux-ix86, r-release-linux-x86_64, r-release-osx-x86_64-mavericks, r-release-windows-ix86+x86_64, r-oldrel-windows-ix86+x86_64