CRAN Package Check Results for Package pedigree

Last updated on 2016-08-26 06:47:28.

Flavor Version Tinstall Tcheck Ttotal Status Flags
r-devel-linux-x86_64-debian-clang 1.4 3.88 34.78 38.65 NOTE
r-devel-linux-x86_64-debian-gcc 1.4 6.08 44.11 50.19 NOTE
r-devel-linux-x86_64-fedora-clang 1.4 75.64 NOTE
r-devel-linux-x86_64-fedora-gcc 1.4 72.84 NOTE
r-devel-osx-x86_64-clang 1.4 60.42 NOTE
r-devel-windows-ix86+x86_64 1.4 17.00 72.00 89.00 NOTE
r-patched-linux-x86_64 1.4 3.89 32.62 36.51 NOTE
r-patched-solaris-sparc 1.4 437.70 NOTE
r-patched-solaris-x86 1.4 96.50 NOTE
r-release-linux-x86_64 1.4 3.89 33.64 37.53 NOTE
r-release-osx-x86_64-mavericks 1.4 NOTE
r-release-windows-ix86+x86_64 1.4 12.00 76.00 88.00 NOTE
r-oldrel-windows-ix86+x86_64 1.4 13.00 105.00 118.00 NOTE

Check Details

Version: 1.4
Check: DESCRIPTION meta-information
Result: NOTE
    Malformed Description field: should contain one or more complete sentences.
Flavors: r-devel-linux-x86_64-debian-clang, r-devel-linux-x86_64-debian-gcc, r-devel-linux-x86_64-fedora-clang, r-devel-linux-x86_64-fedora-gcc, r-devel-osx-x86_64-clang, r-devel-windows-ix86+x86_64, r-patched-linux-x86_64, r-patched-solaris-sparc, r-patched-solaris-x86, r-release-linux-x86_64, r-release-osx-x86_64-mavericks, r-release-windows-ix86+x86_64, r-oldrel-windows-ix86+x86_64

Version: 1.4
Check: dependencies in R code
Result: NOTE
    Package in Depends field not imported from: ‘reshape’
     These packages need to be imported from (in the NAMESPACE file)
     for when this namespace is loaded but not attached.
Flavors: r-devel-linux-x86_64-debian-clang, r-devel-linux-x86_64-debian-gcc, r-devel-linux-x86_64-fedora-clang, r-devel-linux-x86_64-fedora-gcc, r-devel-osx-x86_64-clang, r-devel-windows-ix86+x86_64, r-patched-linux-x86_64, r-patched-solaris-sparc, r-patched-solaris-x86, r-release-linux-x86_64, r-release-osx-x86_64-mavericks, r-release-windows-ix86+x86_64, r-oldrel-windows-ix86+x86_64

Version: 1.4
Check: R code for possible problems
Result: NOTE
    blup: no visible global function definition for ‘model.matrix’
    blup: no visible global function definition for ‘model.frame’
    blup: no visible global function definition for ‘read.table’
    calcG: no visible global function definition for ‘as’
    gblup: no visible global function definition for ‘model.matrix’
    gblup: no visible global function definition for ‘model.frame’
    Undefined global functions or variables:
     as model.frame model.matrix read.table
    Consider adding
     importFrom("methods", "as")
     importFrom("stats", "model.frame", "model.matrix")
     importFrom("utils", "read.table")
    to your NAMESPACE file (and ensure that your DESCRIPTION Imports field
    contains 'methods').
Flavors: r-devel-linux-x86_64-debian-clang, r-devel-linux-x86_64-debian-gcc, r-devel-linux-x86_64-fedora-clang, r-devel-linux-x86_64-fedora-gcc, r-devel-osx-x86_64-clang, r-devel-windows-ix86+x86_64, r-patched-linux-x86_64, r-patched-solaris-sparc, r-patched-solaris-x86, r-release-linux-x86_64, r-release-osx-x86_64-mavericks, r-release-windows-ix86+x86_64