CRAN Package Check Results for Package pedigree

Last updated on 2014-10-23 13:47:55.

Flavor Version Tinstall Tcheck Ttotal Status Flags
r-devel-linux-x86_64-debian-clang 1.4 4.50 41.36 45.85 NOTE
r-devel-linux-x86_64-debian-gcc 1.4 4.66 40.85 45.51 NOTE
r-devel-linux-x86_64-fedora-clang 1.4 116.45 NOTE
r-devel-linux-x86_64-fedora-gcc 1.4 107.19 NOTE
r-devel-osx-x86_64-clang 1.4 99.06 NOTE
r-devel-windows-ix86+x86_64 1.4 15.00 82.00 97.00 NOTE
r-patched-linux-x86_64 1.4 5.43 43.34 48.77 NOTE
r-patched-solaris-sparc 1.4 627.80 NOTE
r-patched-solaris-x86 1.4 147.60 NOTE
r-release-linux-ix86 1.4 5.96 54.05 60.01 NOTE
r-release-linux-x86_64 1.4 4.93 43.69 48.62 NOTE
r-release-osx-x86_64-mavericks 1.4 NOTE
r-release-windows-ix86+x86_64 1.4 16.00 82.00 98.00 NOTE
r-oldrel-windows-ix86+x86_64 1.4 16.00 86.00 102.00 NOTE

Check Details

Version: 1.4
Check: dependencies in R code
Result: NOTE
    Package in Depends field not imported from: ‘reshape’
     These packages need to be imported from (in the NAMESPACE file)
     for when this namespace is loaded but not attached.
    See the information on DESCRIPTION files in the chapter ‘Creating R
    packages’ of the ‘Writing R Extensions’ manual.
Flavors: r-devel-linux-x86_64-debian-clang, r-devel-linux-x86_64-debian-gcc, r-devel-linux-x86_64-fedora-clang, r-devel-linux-x86_64-fedora-gcc, r-devel-osx-x86_64-clang, r-devel-windows-ix86+x86_64, r-patched-linux-x86_64, r-patched-solaris-sparc, r-patched-solaris-x86, r-release-linux-ix86, r-release-linux-x86_64, r-release-osx-x86_64-mavericks, r-release-windows-ix86+x86_64, r-oldrel-windows-ix86+x86_64