CRAN Package Check Results for Package pedigreemm

Last updated on 2014-04-16 11:47:23.

Flavor Version Tinstall Tcheck Ttotal Status Flags
r-devel-linux-x86_64-debian-clang 0.3-1 5.87 58.90 64.77 OK
r-devel-linux-x86_64-debian-gcc 0.3-1 5.82 58.17 63.99 OK
r-devel-linux-x86_64-fedora-clang 0.3-1 149.68 OK
r-devel-linux-x86_64-fedora-gcc 0.3-1 144.16 OK
r-devel-macosx-x86_64-clang 0.3-1 121.28 OK
r-devel-macosx-x86_64-gcc 0.3-1 OK
r-devel-windows-ix86+x86_64 0.3-1 16.00 104.00 120.00 OK
r-patched-linux-x86_64 0.3-1 5.74 57.59 63.34 OK
r-patched-solaris-sparc 0.3-1 774.20 OK
r-patched-solaris-x86 0.3-1 186.00 OK
r-release-linux-ix86 0.3-1 12.00 91.00 103.00 OK
r-release-linux-x86_64 0.3-1 5.86 57.36 63.22 OK
r-release-macosx-x86_64 0.3-1 ERROR
r-release-windows-ix86+x86_64 0.3-1 17.00 105.00 122.00 OK
r-oldrel-windows-ix86+x86_64 0.3-1 17.00 103.00 120.00 OK

Check Details

Version: 0.3-1
Check: whether package can be installed
Result: ERROR
    Installation failed.
    See ‘/Volumes/XT3/Builds/R-dev-web/QA/Simon/packages/snowleopard-x86_64/results/3.1/pedigreemm.Rcheck/00install.out’ for details.
Flavor: r-release-macosx-x86_64