Last updated on 2023-05-29 07:54:19 CEST.
Flavor | Version | Tinstall | Tcheck | Ttotal | Status | Flags |
---|---|---|---|---|---|---|
r-devel-linux-x86_64-debian-clang | 0.12.1 | 24.57 | 52.70 | 77.27 | NOTE | |
r-devel-linux-x86_64-debian-gcc | 0.12.1 | 15.11 | 39.88 | 54.99 | NOTE | |
r-devel-linux-x86_64-fedora-clang | 0.12.1 | 105.03 | NOTE | |||
r-devel-linux-x86_64-fedora-gcc | 0.12.1 | 100.80 | NOTE | |||
r-devel-windows-x86_64 | 0.12.1 | 21.00 | 81.00 | 102.00 | NOTE | |
r-patched-linux-x86_64 | 0.12.1 | 18.10 | 50.24 | 68.34 | NOTE | |
r-release-linux-x86_64 | 0.12.1 | 15.47 | 49.61 | 65.08 | NOTE | |
r-release-macos-arm64 | 0.12.1 | 31.00 | NOTE | |||
r-release-macos-x86_64 | 0.12.1 | 46.00 | NOTE | |||
r-release-windows-x86_64 | 0.12.1 | 25.00 | 97.00 | 122.00 | OK | |
r-oldrel-macos-arm64 | 0.12.1 | 25.00 | OK | |||
r-oldrel-macos-x86_64 | 0.12.1 | 40.00 | OK | |||
r-oldrel-windows-x86_64 | 0.12.1 | 23.00 | 94.00 | 117.00 | OK |
Version: 0.12.1
Check: package dependencies
Result: NOTE
Package suggested but not available for checking: ‘georob’
Flavors: r-devel-linux-x86_64-debian-clang, r-devel-linux-x86_64-debian-gcc, r-devel-linux-x86_64-fedora-clang, r-devel-linux-x86_64-fedora-gcc, r-devel-windows-x86_64, r-patched-linux-x86_64, r-release-linux-x86_64, r-release-macos-arm64
Version: 0.12.1
Check: package dependencies
Result: NOTE
Packages suggested but not available for checking:
'car', 'fields', 'georob', 'gstat'
Flavor: r-release-macos-x86_64
Version: 0.12.1
Check: Rd cross-references
Result: NOTE
Packages unavailable to check Rd xrefs: ‘fields’, ‘gstat’, ‘car’
Flavor: r-release-macos-x86_64