CRAN Package Check Results for Package pedometrics

Last updated on 2022-08-14 11:53:07 CEST.

Flavor Version Tinstall Tcheck Ttotal Status Flags
r-devel-linux-x86_64-debian-clang 0.12.1 19.00 52.33 71.33 NOTE
r-devel-linux-x86_64-debian-gcc 0.12.1 13.97 39.74 53.71 NOTE
r-devel-linux-x86_64-fedora-clang 0.12.1 113.28 NOTE
r-devel-linux-x86_64-fedora-gcc 0.12.1 105.66 NOTE
r-devel-windows-x86_64 0.12.1 39.00 99.00 138.00 OK
r-patched-linux-x86_64 0.12.1 15.20 48.25 63.45 NOTE
r-release-linux-x86_64 0.12.1 15.33 49.44 64.77 NOTE
r-release-macos-arm64 0.12.1 25.00 OK
r-release-macos-x86_64 0.12.1 40.00 OK
r-release-windows-x86_64 0.12.1 41.00 103.00 144.00 OK
r-oldrel-macos-arm64 0.12.1 23.00 OK
r-oldrel-macos-x86_64 0.12.1 41.00 OK
r-oldrel-windows-ix86+x86_64 0.12.1 52.00 111.00 163.00 OK

Additional issues

noSuggests

Check Details

Version: 0.12.1
Check: package dependencies
Result: NOTE
    Package suggested but not available for checking: 'georob'
Flavors: r-devel-linux-x86_64-debian-clang, r-devel-linux-x86_64-debian-gcc, r-devel-linux-x86_64-fedora-clang, r-devel-linux-x86_64-fedora-gcc, r-patched-linux-x86_64, r-release-linux-x86_64