CRAN Package Check Results for Package pegas

Last updated on 2015-05-28 12:48:01.

Flavor Version Tinstall Tcheck Ttotal Status Flags
r-devel-linux-x86_64-debian-clang 0.8 2.54 37.05 39.59 OK
r-devel-linux-x86_64-debian-gcc 0.8 2.54 36.71 39.25 OK
r-devel-linux-x86_64-fedora-clang 0.8 81.45 OK
r-devel-linux-x86_64-fedora-gcc 0.8 77.76 OK
r-devel-osx-x86_64-clang 0.8 80.75 OK
r-devel-windows-ix86+x86_64 0.8 12.00 76.00 88.00 OK
r-patched-linux-x86_64 0.8 2.66 36.68 39.34 OK
r-patched-solaris-sparc 0.8 491.20 OK
r-patched-solaris-x86 0.8 119.10 OK
r-release-linux-x86_64 0.8 2.67 36.94 39.62 OK
r-release-osx-x86_64-mavericks 0.8 OK
r-release-osx-x86_64-snowleopard 0.7 ERROR
r-release-windows-ix86+x86_64 0.8 11.00 74.00 85.00 OK
r-oldrel-windows-ix86+x86_64 0.8 19.00 112.00 131.00 OK

Check Details

Version: 0.7
Check: package dependencies
Result: ERROR
    Package required but not available: ‘adegenet’
    
    See section ‘The DESCRIPTION file’ in the ‘Writing R Extensions’
    manual.
Flavor: r-release-osx-x86_64-snowleopard