Last updated on 2021-03-06 01:48:23 CET.
Flavor | Version | Tinstall | Tcheck | Ttotal | Status | Flags |
---|---|---|---|---|---|---|
r-devel-linux-x86_64-debian-clang | 0.14 | 25.49 | 219.19 | 244.68 | OK | |
r-devel-linux-x86_64-debian-gcc | 0.14 | 24.15 | 167.06 | 191.21 | OK | |
r-devel-linux-x86_64-fedora-clang | 0.14 | 307.03 | NOTE | |||
r-devel-linux-x86_64-fedora-gcc | 0.14 | 308.47 | OK | |||
r-devel-windows-ix86+x86_64 | 0.14 | 60.00 | 258.00 | 318.00 | OK | |
r-patched-linux-x86_64 | 0.14 | OK | ||||
r-patched-solaris-x86 | 0.14 | 428.20 | OK | |||
r-release-linux-x86_64 | 0.14 | 26.70 | 202.03 | 228.73 | OK | |
r-release-macos-x86_64 | 0.14 | OK | ||||
r-release-windows-ix86+x86_64 | 0.14 | 41.00 | 303.00 | 344.00 | OK | |
r-oldrel-macos-x86_64 | 0.14 | OK | ||||
r-oldrel-windows-ix86+x86_64 | 0.14 | 38.00 | 249.00 | 287.00 | OK |
Version: 0.14
Check: Rd cross-references
Result: NOTE
Undeclared packages ‘ade4’, ‘vegan’ in Rd xrefs
Flavor: r-devel-linux-x86_64-fedora-clang