CRAN Package Check Results for Package pegas

Last updated on 2014-04-24 17:49:49.

Flavor Version Tinstall Tcheck Ttotal Status Flags
r-devel-linux-x86_64-debian-clang 0.5-1 4.99 52.43 57.42 OK
r-devel-linux-x86_64-debian-gcc 0.5-1 2.84 51.99 54.84 OK
r-devel-linux-x86_64-fedora-clang 0.5-1 120.97 OK
r-devel-linux-x86_64-fedora-gcc 0.5-1 117.52 OK
r-devel-osx-x86_64-clang 0.5-1 121.19 OK
r-devel-osx-x86_64-gcc 0.5-1 ERROR
r-devel-windows-ix86+x86_64 0.5-1 10.00 76.00 86.00 OK
r-patched-linux-x86_64 0.5-1 2.81 54.78 57.59 OK
r-patched-solaris-sparc 0.5-1 435.90 OK
r-patched-solaris-x86 0.5-1 143.90 OK
r-release-linux-ix86 0.5-1 5.00 93.00 98.00 OK
r-release-linux-x86_64 0.5-1 2.73 51.58 54.31 OK
r-release-osx-x86_64-mavericks 0.5-1 WARN
r-release-osx-x86_64-snowleopard 0.5-1 OK
r-release-windows-ix86+x86_64 0.5-1 10.00 88.00 98.00 OK
r-oldrel-windows-ix86+x86_64 0.5-1 11.00 86.00 97.00 OK

Check Details

Version: 0.5-1
Check: package dependencies
Result: ERROR
    Package required but not available: ‘adegenet’
    
    See the information on DESCRIPTION files in the chapter ‘Creating R
    packages’ of the ‘Writing R Extensions’ manual.
Flavor: r-devel-osx-x86_64-gcc

Version: 0.5-1
Check: PDF version of manual
Result: WARNING
    LaTeX errors when creating PDF version.
    This typically indicates Rd problems.
    LaTeX errors found:
    ! LaTeX Error: File `upquote.sty' not found.
    
    Type X to quit or <RETURN> to proceed,
    or enter new name. (Default extension: sty)
    
    39165d/Rd2.tex:8: ==> Fatal error occurred, no output PDF file produced!
Flavor: r-release-osx-x86_64-mavericks