CRAN Package Check Results for Package penDvine

Last updated on 2016-06-25 08:46:49.

Flavor Version Tinstall Tcheck Ttotal Status Flags
r-devel-linux-x86_64-debian-gcc 0.2.4 3.24 40.33 43.57 OK
r-devel-linux-x86_64-fedora-clang 0.2.4 89.19 OK
r-devel-linux-x86_64-fedora-gcc 0.2.4 80.87 OK
r-devel-osx-x86_64-clang 0.2.4 68.53 OK
r-devel-windows-ix86+x86_64 0.2.4 10.00 97.00 107.00 FAIL
r-patched-linux-x86_64 0.2.4 3.27 40.91 44.18 OK
r-patched-solaris-sparc 0.2.4 514.50 OK
r-patched-solaris-x86 0.2.4 111.20 OK
r-release-linux-x86_64 0.2.4 2.91 41.99 44.91 OK
r-release-osx-x86_64-mavericks 0.2.4 OK
r-release-windows-ix86+x86_64 0.2.4 10.00 76.00 86.00 OK
r-oldrel-windows-ix86+x86_64 0.2.4 12.00 99.00 111.00 OK

Check Details

Version: 0.2.4
Check: examples
Result: FAIL
    
Flavor: r-devel-windows-ix86+x86_64