CRAN Package Check Results for Package penDvine

Last updated on 2014-04-23 12:48:24.

Flavor Version Tinstall Tcheck Ttotal Status Flags
r-devel-linux-x86_64-debian-clang 0.2.2 3.85 46.06 49.91 NOTE
r-devel-linux-x86_64-debian-gcc 0.2.2 3.92 46.65 50.57 NOTE
r-devel-linux-x86_64-fedora-clang 0.2.2 117.37 NOTE
r-devel-linux-x86_64-fedora-gcc 0.2.2 111.21 NOTE
r-devel-osx-x86_64-clang 0.2.2 93.52 NOTE
r-devel-osx-x86_64-gcc 0.2.2 ERROR
r-devel-windows-ix86+x86_64 0.2.2 11.00 66.00 77.00 NOTE
r-patched-linux-x86_64 0.2.2 3.98 45.94 49.92 NOTE
r-patched-solaris-sparc 0.2.2 601.30 NOTE
r-patched-solaris-x86 0.2.2 143.10 NOTE
r-release-linux-ix86 0.2.2 6.00 74.00 80.00 NOTE
r-release-linux-x86_64 0.2.2 3.86 45.81 49.67 NOTE
r-release-osx-x86_64-mavericks 0.2.2 WARN
r-release-osx-x86_64-snowleopard 0.2.2 NOTE
r-release-windows-ix86+x86_64 0.2.2 10.00 65.00 75.00 NOTE
r-oldrel-windows-ix86+x86_64 0.2.2 10.00 77.00 87.00 NOTE

Check Details

Version: 0.2.2
Check: dependencies in R code
Result: NOTE
    'library' or 'require' calls to packages already attached by Depends:
     ‘Matrix’ ‘TSP’ ‘fda’ ‘lattice’ ‘quadprog’
     Please remove these calls from your code.
    See the information on DESCRIPTION files in the chapter ‘Creating R
    packages’ of the ‘Writing R Extensions’ manual.
Flavors: r-devel-linux-x86_64-debian-clang, r-devel-linux-x86_64-debian-gcc, r-devel-linux-x86_64-fedora-clang, r-devel-linux-x86_64-fedora-gcc, r-devel-osx-x86_64-clang, r-devel-windows-ix86+x86_64, r-patched-linux-x86_64, r-patched-solaris-sparc, r-patched-solaris-x86, r-release-linux-ix86, r-release-linux-x86_64, r-release-osx-x86_64-mavericks, r-release-osx-x86_64-snowleopard, r-release-windows-ix86+x86_64, r-oldrel-windows-ix86+x86_64

Version: 0.2.2
Check: R code for possible problems
Result: NOTE
    distr.func.help: no visible global function definition for ‘obj’
Flavors: r-devel-linux-x86_64-debian-clang, r-devel-linux-x86_64-debian-gcc, r-devel-linux-x86_64-fedora-clang, r-devel-linux-x86_64-fedora-gcc, r-devel-osx-x86_64-clang, r-devel-windows-ix86+x86_64, r-patched-linux-x86_64, r-patched-solaris-sparc, r-patched-solaris-x86, r-release-linux-ix86, r-release-linux-x86_64, r-release-osx-x86_64-snowleopard, r-release-windows-ix86+x86_64, r-oldrel-windows-ix86+x86_64

Version: 0.2.2
Check: top-level files
Result: NOTE
    Non-standard file/directory found at top level:
     ‘R.css’
Flavors: r-devel-linux-x86_64-fedora-clang, r-devel-linux-x86_64-fedora-gcc

Version: 0.2.2
Check: package dependencies
Result: ERROR
    Packages required but not available: ‘TSP’ ‘fda’
    
    See the information on DESCRIPTION files in the chapter ‘Creating R
    packages’ of the ‘Writing R Extensions’ manual.
Flavor: r-devel-osx-x86_64-gcc

Version: 0.2.2
Check: package dependencies
Result: NOTE
    Package suggested but not available for checking: ‘doParallel’
Flavor: r-release-osx-x86_64-mavericks

Version: 0.2.2
Check: R code for possible problems
Result: NOTE
    Dvine: no visible global function definition for ‘registerDoParallel’
    Dvine: no visible global function definition for ‘%dopar%’
    Dvine: no visible global function definition for ‘foreach’
    Dvine: no visible global function definition for ‘%do%’
    cal.Dvine: no visible global function definition for ‘%dopar%’
    cal.Dvine: no visible global function definition for ‘foreach’
    distr.func.help: no visible global function definition for ‘obj’
    order.Dvine: no visible global function definition for ‘%dopar%’
    order.Dvine: no visible global function definition for ‘foreach’
Flavor: r-release-osx-x86_64-mavericks

Version: 0.2.2
Check: PDF version of manual
Result: WARNING
    LaTeX errors when creating PDF version.
    This typically indicates Rd problems.
    LaTeX errors found:
    ! LaTeX Error: File `upquote.sty' not found.
    
    Type X to quit or <RETURN> to proceed,
    or enter new name. (Default extension: sty)
    
    4582dc8/Rd2.tex:8: ==> Fatal error occurred, no output PDF file produced!
Flavor: r-release-osx-x86_64-mavericks