CRAN Package Check Results for Package penDvine

Last updated on 2015-05-24 03:48:08.

Flavor Version Tinstall Tcheck Ttotal Status Flags
r-devel-linux-x86_64-debian-clang 0.2.2 3.18 36.99 40.17 NOTE
r-devel-linux-x86_64-debian-gcc 0.2.2 2.75 37.20 39.94 NOTE
r-devel-linux-x86_64-fedora-clang 0.2.2 83.91 NOTE
r-devel-linux-x86_64-fedora-gcc 0.2.2 78.02 NOTE
r-devel-osx-x86_64-clang 0.2.2 75.22 NOTE
r-devel-windows-ix86+x86_64 0.2.2 8.00 54.00 62.00 NOTE
r-patched-linux-x86_64 0.2.2 2.76 36.34 39.10 NOTE
r-patched-solaris-sparc 0.2.2 483.40 NOTE
r-patched-solaris-x86 0.2.2 112.50 NOTE
r-release-linux-x86_64 0.2.2 2.88 36.90 39.78 NOTE
r-release-osx-x86_64-mavericks 0.2.2 NOTE
r-release-osx-x86_64-snowleopard 0.2.2 ERROR
r-release-windows-ix86+x86_64 0.2.2 7.00 50.00 57.00 NOTE
r-oldrel-windows-ix86+x86_64 0.2.2 12.00 65.00 77.00 NOTE

Check Details

Version: 0.2.2
Check: top-level files
Result: NOTE
    Non-standard file/directory found at top level:
     ‘R.css’
Flavors: r-devel-linux-x86_64-debian-clang, r-devel-linux-x86_64-debian-gcc, r-devel-linux-x86_64-fedora-clang, r-devel-linux-x86_64-fedora-gcc, r-patched-linux-x86_64, r-release-linux-x86_64

Version: 0.2.2
Check: dependencies in R code
Result: NOTE
    'library' or 'require' calls to packages already attached by Depends:
     ‘Matrix’ ‘TSP’ ‘fda’ ‘lattice’ ‘quadprog’
     Please remove these calls from your code.
    'library' or 'require' call to ‘doParallel’ in package code.
     Please use :: or requireNamespace() instead.
     See section 'Suggested packages' in the 'Writing R Extensions' manual.
Flavors: r-devel-linux-x86_64-debian-clang, r-devel-linux-x86_64-debian-gcc, r-devel-linux-x86_64-fedora-clang, r-devel-linux-x86_64-fedora-gcc, r-devel-osx-x86_64-clang, r-devel-windows-ix86+x86_64, r-patched-linux-x86_64, r-patched-solaris-sparc, r-patched-solaris-x86, r-release-linux-x86_64, r-release-osx-x86_64-mavericks, r-release-windows-ix86+x86_64, r-oldrel-windows-ix86+x86_64

Version: 0.2.2
Check: S3 generic/method consistency
Result: NOTE
    Found the following apparent S3 methods exported but not registered:
     plot.paircopula
    See section ‘Registering S3 methods’ in the ‘Writing R Extensions’
    manual.
Flavors: r-devel-linux-x86_64-debian-clang, r-devel-linux-x86_64-debian-gcc, r-devel-linux-x86_64-fedora-clang, r-devel-linux-x86_64-fedora-gcc, r-devel-osx-x86_64-clang, r-patched-linux-x86_64, r-patched-solaris-sparc, r-patched-solaris-x86, r-release-linux-x86_64

Version: 0.2.2
Check: R code for possible problems
Result: NOTE
    Dvine: no visible global function definition for ‘registerDoParallel’
    Dvine: no visible global function definition for ‘%dopar%’
    Dvine: no visible global function definition for ‘foreach’
    Dvine: no visible global function definition for ‘%do%’
    cal.Dvine: no visible global function definition for ‘%dopar%’
    cal.Dvine: no visible global function definition for ‘foreach’
    distr.func.help: no visible global function definition for ‘obj’
    order.Dvine: no visible global function definition for ‘%dopar%’
    order.Dvine: no visible global function definition for ‘foreach’
Flavors: r-devel-linux-x86_64-debian-clang, r-devel-linux-x86_64-debian-gcc, r-devel-linux-x86_64-fedora-clang, r-devel-linux-x86_64-fedora-gcc, r-devel-osx-x86_64-clang, r-devel-windows-ix86+x86_64, r-patched-linux-x86_64, r-patched-solaris-sparc, r-patched-solaris-x86, r-release-linux-x86_64, r-release-osx-x86_64-mavericks, r-release-windows-ix86+x86_64, r-oldrel-windows-ix86+x86_64

Version: 0.2.2
Check: package dependencies
Result: ERROR
    Package required but not available: ‘fda’
    
    See section ‘The DESCRIPTION file’ in the ‘Writing R Extensions’
    manual.
Flavor: r-release-osx-x86_64-snowleopard