CRAN Package Check Results for Package penDvine

Last updated on 2014-07-26 16:48:41.

Flavor Version Tinstall Tcheck Ttotal Status Flags
r-devel-linux-x86_64-debian-clang 0.2.2 3.75 44.38 48.13 NOTE
r-devel-linux-x86_64-debian-gcc 0.2.2 3.66 45.56 49.22 NOTE
r-devel-linux-x86_64-fedora-clang 0.2.2 119.20 NOTE
r-devel-linux-x86_64-fedora-gcc 0.2.2 106.21 NOTE
r-devel-osx-x86_64-clang 0.2.2 91.24 NOTE
r-devel-windows-ix86+x86_64 0.2.2 10.00 61.00 71.00 NOTE
r-patched-linux-x86_64 0.2.2 3.72 43.80 47.53 NOTE
r-patched-solaris-sparc 0.2.2 601.30 NOTE
r-patched-solaris-x86 0.2.2 141.90 NOTE
r-release-linux-ix86 0.2.2 4.39 54.18 58.56 NOTE
r-release-linux-x86_64 0.2.2 3.93 45.42 49.35 NOTE
r-release-osx-x86_64-mavericks 0.2.2 NOTE
r-release-osx-x86_64-snowleopard 0.2.2 NOTE
r-release-windows-ix86+x86_64 0.2.2 11.00 61.00 72.00 NOTE
r-oldrel-windows-ix86+x86_64 0.2.2 10.00 58.00 68.00 NOTE

Check Details

Version: 0.2.2
Check: dependencies in R code
Result: NOTE
    'library' or 'require' calls to packages already attached by Depends:
     ‘Matrix’ ‘TSP’ ‘fda’ ‘lattice’ ‘quadprog’
     Please remove these calls from your code.
    See the information on DESCRIPTION files in the chapter ‘Creating R
    packages’ of the ‘Writing R Extensions’ manual.
Flavors: r-devel-linux-x86_64-debian-clang, r-devel-linux-x86_64-debian-gcc, r-devel-linux-x86_64-fedora-clang, r-devel-linux-x86_64-fedora-gcc, r-devel-osx-x86_64-clang, r-devel-windows-ix86+x86_64, r-patched-linux-x86_64, r-patched-solaris-sparc, r-patched-solaris-x86, r-release-linux-ix86, r-release-linux-x86_64, r-release-osx-x86_64-mavericks, r-release-osx-x86_64-snowleopard, r-release-windows-ix86+x86_64, r-oldrel-windows-ix86+x86_64

Version: 0.2.2
Check: R code for possible problems
Result: NOTE
    distr.func.help: no visible global function definition for ‘obj’
Flavors: r-devel-linux-x86_64-debian-clang, r-devel-linux-x86_64-debian-gcc, r-devel-linux-x86_64-fedora-clang, r-devel-linux-x86_64-fedora-gcc, r-devel-osx-x86_64-clang, r-devel-windows-ix86+x86_64, r-patched-linux-x86_64, r-patched-solaris-sparc, r-patched-solaris-x86, r-release-linux-ix86, r-release-linux-x86_64, r-release-osx-x86_64-mavericks, r-release-osx-x86_64-snowleopard, r-release-windows-ix86+x86_64, r-oldrel-windows-ix86+x86_64

Version: 0.2.2
Check: top-level files
Result: NOTE
    Non-standard file/directory found at top level:
     ‘R.css’
Flavors: r-devel-linux-x86_64-fedora-clang, r-devel-linux-x86_64-fedora-gcc