CRAN Package Check Results for Package penDvine

Last updated on 2018-10-16 11:48:14 CEST.

Flavor Version Tinstall Tcheck Ttotal Status Flags
r-devel-linux-x86_64-debian-clang 0.2.4 5.45 75.95 81.40 OK
r-devel-linux-x86_64-debian-gcc 0.2.4 6.44 59.17 65.61 OK
r-devel-linux-x86_64-fedora-clang 0.2.4 98.99 OK
r-devel-linux-x86_64-fedora-gcc 0.2.4 100.39 OK
r-devel-windows-ix86+x86_64 0.2.4 15.00 87.00 102.00 ERROR
r-patched-linux-x86_64 0.2.4 6.54 64.55 71.09 OK
r-patched-solaris-x86 0.2.4 126.00 OK
r-release-linux-x86_64 0.2.4 4.51 65.64 70.15 OK
r-release-windows-ix86+x86_64 0.2.4 15.00 104.00 119.00 OK
r-release-osx-x86_64 0.2.4 OK
r-oldrel-windows-ix86+x86_64 0.2.4 12.00 80.00 92.00 OK
r-oldrel-osx-x86_64 0.2.4 OK

Check Details

Version: 0.2.4
Check: examples
Result: ERROR
    Running examples in 'penDvine-Ex.R' failed
    The error most likely occurred in:
    
    > ### Name: penDvine-package
    > ### Title: The package 'penDvine' offers routines for estimating densities
    > ### and copula distribution of D-vines.
    > ### Aliases: penDvine-package
    >
    > ### ** Examples
    >
    > #This examples describes the estimation of a D-vine to winddata,
    > #available in this package. After the margins are prepared, we estimate a
    > #D-vine using B-splines with 9 (K+1) marginal knots and penalizing second (m=2)
    > #order differences (pen=1) of the basis coefficients.
    >
    > data(Winddata)
    > ex.data<-Winddata[c(1:100),c(1:4)] #examplary subdata for fast calculation
    > wind.example<-Dvine(ex.data,K=7,pen=1,lambda=100,order.Dvine=FALSE,base="B-spline",m=2,cores=2)
    >
    >
    >
    > ### * <FOOTER>
    > ###
    > cleanEx()
    Error: connections left open:
     <-CRANwin.fb05.statistik.uni-dortmund.de:11462 (sockconn)
     <-CRANwin.fb05.statistik.uni-dortmund.de:11462 (sockconn)
    Execution halted
Flavor: r-devel-windows-ix86+x86_64