CRAN Package Check Results for Package penDvine

Last updated on 2018-07-21 02:47:44 CEST.

Flavor Version Tinstall Tcheck Ttotal Status Flags
r-devel-linux-x86_64-debian-clang 0.2.4 6.48 73.75 80.23 OK
r-devel-linux-x86_64-debian-gcc 0.2.4 5.69 58.47 64.16 OK
r-devel-linux-x86_64-fedora-clang 0.2.4 93.88 OK
r-devel-linux-x86_64-fedora-gcc 0.2.4 92.06 OK
r-devel-windows-ix86+x86_64 0.2.4 10.00 116.00 126.00 ERROR
r-patched-linux-x86_64 0.2.4 OK
r-patched-solaris-x86 0.2.4 130.10 OK
r-release-linux-x86_64 0.2.4 6.82 65.26 72.08 OK
r-release-windows-ix86+x86_64 0.2.4 15.00 98.00 113.00 OK
r-release-osx-x86_64 0.2.4 OK
r-oldrel-windows-ix86+x86_64 0.2.4 9.00 100.00 109.00 OK
r-oldrel-osx-x86_64 0.2.4 OK

Check Details

Version: 0.2.4
Check: examples
Result: ERROR
    Running examples in 'penDvine-Ex.R' failed
    The error most likely occurred in:
    
    > ### Name: penDvine-package
    > ### Title: The package 'penDvine' offers routines for estimating densities
    > ### and copula distribution of D-vines.
    > ### Aliases: penDvine-package
    >
    > ### ** Examples
    >
    > #This examples describes the estimation of a D-vine to winddata,
    > #available in this package. After the margins are prepared, we estimate a
    > #D-vine using B-splines with 9 (K+1) marginal knots and penalizing second (m=2)
    > #order differences (pen=1) of the basis coefficients.
    >
    > data(Winddata)
    > ex.data<-Winddata[c(1:100),c(1:4)] #examplary subdata for fast calculation
    > wind.example<-Dvine(ex.data,K=7,pen=1,lambda=100,order.Dvine=FALSE,base="B-spline",m=2,cores=2)
    >
    >
    >
    > ### * <FOOTER>
    > ###
    > cleanEx()
    Error: connections left open:
     <-CRANwin.fb05.statistik.uni-dortmund.de:11615 (sockconn)
     <-CRANwin.fb05.statistik.uni-dortmund.de:11615 (sockconn)
    Execution halted
Flavor: r-devel-windows-ix86+x86_64