CRAN Package Check Results for Package penDvine

Last updated on 2014-10-30 12:51:39.

Flavor Version Tinstall Tcheck Ttotal Status Flags
r-devel-linux-x86_64-debian-clang 0.2.2 3.47 44.82 48.30 NOTE
r-devel-linux-x86_64-debian-gcc 0.2.2 3.86 42.34 46.20 NOTE
r-devel-linux-x86_64-fedora-clang 0.2.2 110.93 NOTE
r-devel-linux-x86_64-fedora-gcc 0.2.2 105.51 NOTE
r-devel-osx-x86_64-clang 0.2.2 91.61 NOTE
r-devel-windows-ix86+x86_64 0.2.2 10.00 60.00 70.00 NOTE
r-patched-linux-x86_64 0.2.2 4.26 45.06 49.32 NOTE
r-patched-solaris-sparc 0.2.2 618.40 NOTE
r-patched-solaris-x86 0.2.2 140.00 NOTE
r-release-linux-ix86 0.2.2 4.43 55.53 59.96 NOTE
r-release-linux-x86_64 0.2.2 3.84 46.80 50.64 NOTE
r-release-osx-x86_64-mavericks 0.2.2 NOTE
r-release-osx-x86_64-snowleopard 0.2.2 NOTE
r-release-windows-ix86+x86_64 0.2.2 9.00 64.00 73.00 NOTE
r-oldrel-windows-ix86+x86_64 0.2.2 11.00 59.00 70.00 NOTE

Check Details

Version: 0.2.2
Check: top-level files
Result: NOTE
    Non-standard file/directory found at top level:
     ‘R.css’
Flavors: r-devel-linux-x86_64-debian-clang, r-devel-linux-x86_64-debian-gcc, r-devel-linux-x86_64-fedora-clang, r-devel-linux-x86_64-fedora-gcc, r-patched-linux-x86_64, r-release-linux-x86_64

Version: 0.2.2
Check: dependencies in R code
Result: NOTE
    'library' or 'require' calls to packages already attached by Depends:
     ‘Matrix’ ‘TSP’ ‘fda’ ‘lattice’ ‘quadprog’
     Please remove these calls from your code.
    See the information on DESCRIPTION files in the chapter ‘Creating R
    packages’ of the ‘Writing R Extensions’ manual.
Flavors: r-devel-linux-x86_64-debian-clang, r-devel-linux-x86_64-debian-gcc, r-devel-linux-x86_64-fedora-clang, r-devel-linux-x86_64-fedora-gcc, r-devel-osx-x86_64-clang, r-devel-windows-ix86+x86_64, r-patched-linux-x86_64, r-patched-solaris-sparc, r-patched-solaris-x86, r-release-linux-ix86, r-release-linux-x86_64, r-release-osx-x86_64-mavericks, r-release-osx-x86_64-snowleopard, r-release-windows-ix86+x86_64, r-oldrel-windows-ix86+x86_64

Version: 0.2.2
Check: R code for possible problems
Result: NOTE
    Dvine: no visible global function definition for ‘registerDoParallel’
    Dvine: no visible global function definition for ‘%dopar%’
    Dvine: no visible global function definition for ‘foreach’
    Dvine: no visible global function definition for ‘%do%’
    cal.Dvine: no visible global function definition for ‘%dopar%’
    cal.Dvine: no visible global function definition for ‘foreach’
    distr.func.help: no visible global function definition for ‘obj’
    order.Dvine: no visible global function definition for ‘%dopar%’
    order.Dvine: no visible global function definition for ‘foreach’
Flavors: r-devel-linux-x86_64-debian-clang, r-devel-linux-x86_64-debian-gcc, r-devel-linux-x86_64-fedora-clang, r-devel-linux-x86_64-fedora-gcc, r-devel-osx-x86_64-clang, r-devel-windows-ix86+x86_64, r-patched-linux-x86_64, r-patched-solaris-sparc, r-patched-solaris-x86

Version: 0.2.2
Check: R code for possible problems
Result: NOTE
    distr.func.help: no visible global function definition for ‘obj’
Flavors: r-release-linux-ix86, r-release-linux-x86_64, r-release-osx-x86_64-mavericks, r-release-osx-x86_64-snowleopard, r-release-windows-ix86+x86_64, r-oldrel-windows-ix86+x86_64