CRAN Package Check Results for Package penPHcure

Last updated on 2022-12-08 19:49:42 CET.

Flavor Version Tinstall Tcheck Ttotal Status Flags
r-devel-linux-x86_64-debian-clang 1.0.2 181.83 96.28 278.11 OK
r-devel-linux-x86_64-debian-gcc 1.0.2 128.52 78.99 207.51 OK
r-devel-linux-x86_64-fedora-clang 1.0.2 398.56 OK
r-devel-linux-x86_64-fedora-gcc 1.0.2 353.24 OK
r-devel-windows-x86_64 1.0.2 138.00 141.00 279.00 OK
r-patched-linux-x86_64 1.0.2 131.08 93.25 224.33 OK
r-release-linux-x86_64 1.0.2 144.18 94.81 238.99 OK
r-release-macos-arm64 1.0.2 80.00 NOTE
r-release-macos-x86_64 1.0.2 104.00 NOTE
r-release-windows-x86_64 1.0.2 134.00 133.00 267.00 OK
r-oldrel-macos-arm64 1.0.2 85.00 NOTE
r-oldrel-macos-x86_64 1.0.2 138.00 NOTE
r-oldrel-windows-ix86+x86_64 1.0.2 432.00 149.00 581.00 OK

Check Details

Version: 1.0.2
Check: installed package size
Result: NOTE
     installed size is 6.5Mb
     sub-directories of 1Mb or more:
     libs 6.3Mb
Flavors: r-release-macos-arm64, r-release-macos-x86_64, r-oldrel-macos-arm64, r-oldrel-macos-x86_64