CRAN Package Check Results for Package penRvine

Last updated on 2018-02-23 12:47:29 CET.

Flavor Version Tinstall Tcheck Ttotal Status Flags
r-devel-linux-x86_64-debian-clang 0.2 7.68 75.19 82.87 WARN
r-devel-linux-x86_64-debian-gcc 0.2 7.95 59.53 67.48 WARN
r-devel-linux-x86_64-fedora-clang 0.2 107.52 WARN
r-devel-linux-x86_64-fedora-gcc 0.2 103.27 WARN
r-devel-windows-ix86+x86_64 0.2 17.00 106.00 123.00 WARN
r-patched-linux-x86_64 0.2 5.65 77.98 83.63 OK
r-patched-solaris-x86 0.2 151.20 OK
r-release-linux-x86_64 0.2 5.46 78.22 83.68 OK
r-release-windows-ix86+x86_64 0.2 15.00 115.00 130.00 OK
r-release-osx-x86_64 0.2 OK
r-oldrel-windows-ix86+x86_64 0.2 9.00 104.00 113.00 OK
r-oldrel-osx-x86_64 0.2 OK

Check Details

Version: 0.2
Check: whether package can be installed
Result: WARN
    Found the following significant warnings:
     Note: break may be used in wrong context: no loop is visible
Flavors: r-devel-linux-x86_64-debian-clang, r-devel-linux-x86_64-debian-gcc, r-devel-linux-x86_64-fedora-clang, r-devel-linux-x86_64-fedora-gcc, r-devel-windows-ix86+x86_64