CRAN Package Check Results for Package penalized

Last updated on 2015-03-29 17:51:41.

Flavor Version Tinstall Tcheck Ttotal Status Flags
r-devel-linux-x86_64-debian-clang 0.9-45 1.00 64.20 65.20 OK
r-devel-linux-x86_64-debian-gcc 0.9-45 0.96 64.23 65.19 OK
r-devel-linux-x86_64-fedora-clang 0.9-45 130.19 OK
r-devel-linux-x86_64-fedora-gcc 0.9-45 138.58 OK
r-devel-osx-x86_64-clang 0.9-45 124.81 OK
r-prerel-windows-ix86+x86_64 0.9-45 5.00 89.00 94.00 OK
r-prerel-linux-x86_64 0.9-45 0.95 65.57 66.52 OK
r-prerel-solaris-sparc 0.9-45 806.50 OK
r-prerel-solaris-x86 0.9-45 171.10 OK
r-release-linux-x86_64 0.9-45 1.06 74.81 75.87 OK
r-release-osx-x86_64-mavericks 0.9-45 WARN
r-release-osx-x86_64-snowleopard 0.9-45 OK
r-release-windows-ix86+x86_64 0.9-45 6.00 103.00 109.00 OK
r-oldrel-windows-ix86+x86_64 0.9-45 5.00 102.00 107.00 OK

Check Details

Version: 0.9-45
Check: running R code from vignettes
Result: WARN
    Errors in running code in vignettes:
    when running code in ‘penalized.Rnw’
     ...
    + fusedl = chr)
    
    
    > library(globaltest)
    Error in loadNamespace(j <- i[[1L]], c(lib.loc, .libPaths()), versionCheck = vI[[j]]) :
     there is no package called ‘annotate’
    
     When sourcing ‘penalized.R’:
    Error: package or namespace load failed for ‘globaltest’
    Execution halted
Flavor: r-release-osx-x86_64-mavericks

Version: 0.9-45
Check: re-building of vignette outputs
Result: NOTE
    Error in re-building vignettes:
     ...
    Loading required package: survival
    Loading required package: splines
    Welcome to penalized. For extended examples, see vignette("penalized").
    Error in loadNamespace(j <- i[[1L]], c(lib.loc, .libPaths()), versionCheck = vI[[j]]) :
     there is no package called ‘annotate’
    
    Error: processing vignette 'penalized.Rnw' failed with diagnostics:
     chunk 31 (label = globaltest)
    Error : package or namespace load failed for ‘globaltest’
    Execution halted
Flavor: r-release-osx-x86_64-mavericks