CRAN Package Check Results for Package penalized

Last updated on 2019-04-22 16:54:16 CEST.

Flavor Version Tinstall Tcheck Ttotal Status Flags
r-devel-linux-x86_64-debian-clang 0.9-51 72.74 103.88 176.62 OK
r-devel-linux-x86_64-debian-gcc 0.9-51 61.14 79.60 140.74 OK
r-devel-linux-x86_64-fedora-clang 0.9-51 240.86 NOTE
r-devel-linux-x86_64-fedora-gcc 0.9-51 218.64 OK
r-devel-windows-ix86+x86_64 0.9-51 169.00 135.00 304.00 OK
r-patched-linux-x86_64 0.9-51 68.94 102.58 171.52 OK
r-patched-solaris-x86 0.9-51 271.60 OK
r-release-linux-x86_64 0.9-51 66.24 98.52 164.76 OK
r-release-windows-ix86+x86_64 0.9-51 137.00 191.00 328.00 OK
r-release-osx-x86_64 0.9-51 NOTE
r-oldrel-windows-ix86+x86_64 0.9-51 124.00 199.00 323.00 OK
r-oldrel-osx-x86_64 0.9-51 OK

Check Details

Version: 0.9-51
Check: installed package size
Result: NOTE
     installed size is 5.3Mb
     sub-directories of 1Mb or more:
     libs 4.4Mb
Flavors: r-devel-linux-x86_64-fedora-clang, r-release-osx-x86_64