CRAN Package Check Results for Package penalized

Last updated on 2015-05-25 03:47:46.

Flavor Version Tinstall Tcheck Ttotal Status Flags
r-devel-linux-x86_64-debian-clang 0.9-45 0.96 64.77 65.74 OK
r-devel-linux-x86_64-debian-gcc 0.9-45 0.95 64.44 65.39 OK
r-devel-linux-x86_64-fedora-clang 0.9-45 129.31 OK
r-devel-linux-x86_64-fedora-gcc 0.9-45 123.77 OK
r-devel-osx-x86_64-clang 0.9-45 114.54 OK
r-devel-windows-ix86+x86_64 0.9-45 4.00 90.00 94.00 OK
r-patched-linux-x86_64 0.9-45 0.96 63.10 64.06 OK
r-patched-solaris-sparc 0.9-45 781.40 OK
r-patched-solaris-x86 0.9-45 172.50 OK
r-release-linux-x86_64 0.9-45 0.96 67.48 68.44 OK
r-release-osx-x86_64-mavericks 0.9-45 WARN
r-release-osx-x86_64-snowleopard 0.9-45 WARN
r-release-windows-ix86+x86_64 0.9-45 2.00 121.00 123.00 OK
r-oldrel-windows-ix86+x86_64 0.9-45 6.00 103.00 109.00 OK

Check Details

Version: 0.9-45
Check: running R code from vignettes
Result: WARN
    Errors in running code in vignettes:
    when running code in ‘penalized.Rnw’
     ...
    + fusedl = chr)
    
    
    > library(globaltest)
    Error in loadNamespace(j <- i[[1L]], c(lib.loc, .libPaths()), versionCheck = vI[[j]]) :
     there is no package called ‘annotate’
    
     When sourcing ‘penalized.R’:
    Error: package or namespace load failed for ‘globaltest’
    Execution halted
Flavor: r-release-osx-x86_64-mavericks

Version: 0.9-45
Check: re-building of vignette outputs
Result: NOTE
    Error in re-building vignettes:
     ...
    Loading required package: survival
    Welcome to penalized. For extended examples, see vignette("penalized").
    Error in loadNamespace(j <- i[[1L]], c(lib.loc, .libPaths()), versionCheck = vI[[j]]) :
     there is no package called ‘annotate’
    
    Error: processing vignette 'penalized.Rnw' failed with diagnostics:
     chunk 31 (label = globaltest)
    Error : package or namespace load failed for ‘globaltest’
    Execution halted
Flavor: r-release-osx-x86_64-mavericks

Version: 0.9-45
Check: package dependencies
Result: NOTE
    Package suggested but not available for checking: ‘globaltest’
Flavor: r-release-osx-x86_64-snowleopard

Version: 0.9-45
Check: running R code from vignettes
Result: WARN
    Errors in running code in vignettes:
    when running code in ‘penalized.Rnw’
     ...
    
    > fit <- penalized(response, X, lambda1 = 2, lambda2 = 2,
    + fusedl = chr)
    
    
    > library(globaltest)
    
     When sourcing ‘penalized.R’:
    Error: there is no package called ‘globaltest’
    Execution halted
Flavor: r-release-osx-x86_64-snowleopard

Version: 0.9-45
Check: re-building of vignette outputs
Result: NOTE
    Error in re-building vignettes:
     ...
    Loading required package: survival
    Welcome to penalized. For extended examples, see vignette("penalized").
    
    Error: processing vignette 'penalized.Rnw' failed with diagnostics:
     chunk 31 (label = globaltest)
    Error in library(globaltest) : there is no package called ‘globaltest’
    Execution halted
Flavor: r-release-osx-x86_64-snowleopard