CRAN Package Check Results for Package penalized

Last updated on 2017-04-24 18:47:32.

Flavor Version Tinstall Tcheck Ttotal Status Flags
r-devel-linux-x86_64-debian-clang 0.9-50 43.32 68.95 112.27 NOTE
r-devel-linux-x86_64-debian-gcc 0.9-50 47.43 68.19 115.61 NOTE
r-devel-linux-x86_64-fedora-clang 0.9-50 253.01 NOTE --no-stop-on-test-error
r-devel-linux-x86_64-fedora-gcc 0.9-50 234.18 NOTE --no-stop-on-test-error
r-devel-windows-ix86+x86_64 0.9-50 OK
r-patched-linux-x86_64 0.9-50 40.73 68.15 108.88 NOTE
r-patched-solaris-sparc 0.9-50 1248.50 OK
r-patched-solaris-x86 0.9-50 253.60 OK
r-release-linux-x86_64 0.9-50 40.10 68.60 108.70 NOTE
r-release-windows-ix86+x86_64 0.9-50 122.00 143.00 265.00 OK
r-release-osx-x86_64 0.9-50 WARN
r-oldrel-windows-ix86+x86_64 0.9-50 119.00 128.00 247.00 OK
r-oldrel-osx-x86_64 0.9-50 OK

Check Details

Version: 0.9-50
Check: compiled code
Result: NOTE
    File ‘penalized/libs/penalized.so’:
     Found no calls to: ‘R_registerRoutines’, ‘R_useDynamicSymbols’
    
    It is good practice to register native routines and to disable symbol
    search.
    
    See ‘Writing portable packages’ in the ‘Writing R Extensions’ manual.
Flavors: r-devel-linux-x86_64-debian-clang, r-devel-linux-x86_64-debian-gcc, r-patched-linux-x86_64, r-release-linux-x86_64

Version: 0.9-50
Flags: --no-stop-on-test-error
Check: compiled code
Result: NOTE
    File ‘penalized/libs/penalized.so’:
     Found no calls to: ‘R_registerRoutines’, ‘R_useDynamicSymbols’
    
    It is good practice to register native routines and to disable symbol
    search.
    
    See ‘Writing portable packages’ in the ‘Writing R Extensions’ manual.
Flavors: r-devel-linux-x86_64-fedora-clang, r-devel-linux-x86_64-fedora-gcc

Version: 0.9-50
Flags: --no-stop-on-test-error
Check: installed package size
Result: NOTE
     installed size is 6.1Mb
     sub-directories of 1Mb or more:
     libs 5.4Mb
Flavor: r-devel-linux-x86_64-fedora-gcc

Version: 0.9-50
Check: package dependencies
Result: NOTE
    Package suggested but not available for checking: ‘globaltest’
Flavor: r-release-osx-x86_64

Version: 0.9-50
Check: running R code from vignettes
Result: WARN
    Errors in running code in vignettes:
    when running code in ‘penalized.Rnw’
     ...
    
    > fit <- penalized(response, X, lambda1 = 2, lambda2 = 2,
    + fusedl = chr)
    
    
    > library(globaltest)
    
     When sourcing ‘penalized.R’:
    Error: there is no package called ‘globaltest’
    Execution halted
Flavor: r-release-osx-x86_64

Version: 0.9-50
Check: re-building of vignette outputs
Result: NOTE
    Error in re-building vignettes:
     ...
    Loading required package: survival
    Welcome to penalized. For extended examples, see vignette("penalized").
    
    Error: processing vignette 'penalized.Rnw' failed with diagnostics:
     chunk 31 (label = globaltest)
    Error in library(globaltest) : there is no package called ‘globaltest’
    Execution halted
Flavor: r-release-osx-x86_64