CRAN Package Check Results for Package penalized

Last updated on 2017-09-20 07:47:06.

Flavor Version Tinstall Tcheck Ttotal Status Flags
r-devel-linux-x86_64-debian-clang 0.9-50 44.07 69.50 113.57 NOTE
r-devel-linux-x86_64-debian-gcc 0.9-50 49.10 68.32 117.42 NOTE
r-devel-linux-x86_64-fedora-clang 0.9-50 241.69 NOTE
r-devel-linux-x86_64-fedora-gcc 0.9-50 242.72 NOTE
r-devel-windows-ix86+x86_64 0.9-50 123.00 187.00 310.00 OK
r-patched-linux-x86_64 0.9-50 48.96 69.14 118.10 NOTE
r-patched-solaris-x86 0.9-50 270.00 OK
r-release-linux-x86_64 0.9-50 48.66 70.23 118.90 NOTE
r-release-windows-ix86+x86_64 0.9-50 126.00 149.00 275.00 OK
r-release-osx-x86_64 0.9-50 WARN
r-oldrel-windows-ix86+x86_64 0.9-50 112.00 133.00 245.00 OK
r-oldrel-osx-x86_64 0.9-50 OK

Check Details

Version: 0.9-50
Check: compiled code
Result: NOTE
    File ‘penalized/libs/penalized.so’:
     Found no calls to: ‘R_registerRoutines’, ‘R_useDynamicSymbols’
    
    It is good practice to register native routines and to disable symbol
    search.
    
    See ‘Writing portable packages’ in the ‘Writing R Extensions’ manual.
Flavors: r-devel-linux-x86_64-debian-clang, r-devel-linux-x86_64-debian-gcc, r-devel-linux-x86_64-fedora-clang, r-devel-linux-x86_64-fedora-gcc, r-patched-linux-x86_64, r-release-linux-x86_64

Version: 0.9-50
Check: installed package size
Result: NOTE
     installed size is 6.3Mb
     sub-directories of 1Mb or more:
     libs 5.5Mb
Flavor: r-devel-linux-x86_64-fedora-gcc

Version: 0.9-50
Check: package dependencies
Result: NOTE
    Package suggested but not available for checking: ‘globaltest’
Flavor: r-release-osx-x86_64

Version: 0.9-50
Check: running R code from vignettes
Result: WARN
    Errors in running code in vignettes:
    when running code in ‘penalized.Rnw’
     ...
    
    > fit <- penalized(response, X, lambda1 = 2, lambda2 = 2,
    + fusedl = chr)
    
    
    > library(globaltest)
    
     When sourcing ‘penalized.R’:
    Error: there is no package called ‘globaltest’
    Execution halted
Flavor: r-release-osx-x86_64

Version: 0.9-50
Check: re-building of vignette outputs
Result: NOTE
    Error in re-building vignettes:
     ...
    Loading required package: survival
    Welcome to penalized. For extended examples, see vignette("penalized").
    
    Error: processing vignette 'penalized.Rnw' failed with diagnostics:
     chunk 31 (label = globaltest)
    Error in library(globaltest) : there is no package called ‘globaltest’
    Execution halted
Flavor: r-release-osx-x86_64