CRAN Package Check Results for Package penalized

Last updated on 2018-02-23 20:48:51 CET.

Flavor Version Tinstall Tcheck Ttotal Status Flags
r-devel-linux-x86_64-debian-clang 0.9-50 68.15 101.18 169.33 NOTE
r-devel-linux-x86_64-debian-gcc 0.9-50 58.76 78.03 136.79 NOTE
r-devel-linux-x86_64-fedora-clang 0.9-50 206.45 WARN
r-devel-linux-x86_64-fedora-gcc 0.9-50 194.91 WARN
r-devel-windows-ix86+x86_64 0.9-50 176.00 140.00 316.00 OK
r-patched-linux-x86_64 0.9-50 66.85 112.28 179.13 NOTE
r-patched-solaris-x86 0.9-50 272.80 OK
r-release-linux-x86_64 0.9-50 68.79 112.84 181.63 NOTE
r-release-windows-ix86+x86_64 0.9-50 170.00 194.00 364.00 OK
r-release-osx-x86_64 0.9-50 WARN
r-oldrel-windows-ix86+x86_64 0.9-50 125.00 177.00 302.00 OK
r-oldrel-osx-x86_64 0.9-50 OK

Check Details

Version: 0.9-50
Check: compiled code
Result: NOTE
    File ‘penalized/libs/penalized.so’:
     Found no calls to: ‘R_registerRoutines’, ‘R_useDynamicSymbols’
    
    It is good practice to register native routines and to disable symbol
    search.
    
    See ‘Writing portable packages’ in the ‘Writing R Extensions’ manual.
Flavors: r-devel-linux-x86_64-debian-clang, r-devel-linux-x86_64-debian-gcc, r-devel-linux-x86_64-fedora-clang, r-devel-linux-x86_64-fedora-gcc, r-patched-linux-x86_64, r-release-linux-x86_64

Version: 0.9-50
Check: package dependencies
Result: NOTE
    Package suggested but not available for checking: ‘globaltest’
Flavors: r-devel-linux-x86_64-fedora-clang, r-devel-linux-x86_64-fedora-gcc, r-release-osx-x86_64

Version: 0.9-50
Check: installed package size
Result: NOTE
     installed size is 5.3Mb
     sub-directories of 1Mb or more:
     libs 4.4Mb
Flavors: r-devel-linux-x86_64-fedora-clang, r-devel-linux-x86_64-fedora-gcc

Version: 0.9-50
Check: re-building of vignette outputs
Result: WARN
    Error in re-building vignettes:
     ...
    Loading required package: survival
    Welcome to penalized. For extended examples, see vignette("penalized").
    
    Error: processing vignette 'penalized.Rnw' failed with diagnostics:
     chunk 31 (label = globaltest)
    Error in library(globaltest) : there is no package called ‘globaltest’
    Execution halted
Flavors: r-devel-linux-x86_64-fedora-clang, r-devel-linux-x86_64-fedora-gcc

Version: 0.9-50
Check: running R code from vignettes
Result: WARN
    Errors in running code in vignettes:
    when running code in ‘penalized.Rnw’
     ...
    
    > fit <- penalized(response, X, lambda1 = 2, lambda2 = 2,
    + fusedl = chr)
    
    
    > library(globaltest)
    
     When sourcing ‘penalized.R’:
    Error: there is no package called ‘globaltest’
    Execution halted
Flavor: r-release-osx-x86_64

Version: 0.9-50
Check: re-building of vignette outputs
Result: NOTE
    Error in re-building vignettes:
     ...
    Loading required package: survival
    Welcome to penalized. For extended examples, see vignette("penalized").
    
    Error: processing vignette 'penalized.Rnw' failed with diagnostics:
     chunk 31 (label = globaltest)
    Error in library(globaltest) : there is no package called ‘globaltest’
    Execution halted
Flavor: r-release-osx-x86_64