CRAN Package Check Results for Package penalized

Last updated on 2019-06-27 08:49:21 CEST.

Flavor Version Tinstall Tcheck Ttotal Status Flags
r-devel-linux-x86_64-debian-clang 0.9-51 68.10 102.24 170.34 OK
r-devel-linux-x86_64-debian-gcc 0.9-51 60.99 79.91 140.90 OK
r-devel-linux-x86_64-fedora-clang 0.9-51 238.03 NOTE
r-devel-linux-x86_64-fedora-gcc 0.9-51 220.28 OK
r-devel-windows-ix86+x86_64 0.9-51 181.00 135.00 316.00 OK
r-patched-linux-x86_64 0.9-51 65.33 101.97 167.30 OK
r-patched-solaris-x86 0.9-51 275.40 OK
r-release-linux-x86_64 0.9-51 68.80 102.54 171.34 OK
r-release-windows-ix86+x86_64 0.9-51 142.00 184.00 326.00 OK
r-release-osx-x86_64 0.9-51 NOTE
r-oldrel-windows-ix86+x86_64 0.9-51 127.00 140.00 267.00 OK
r-oldrel-osx-x86_64 0.9-51 NOTE

Check Details

Version: 0.9-51
Check: installed package size
Result: NOTE
     installed size is 5.4Mb
     sub-directories of 1Mb or more:
     libs 4.5Mb
Flavors: r-devel-linux-x86_64-fedora-clang, r-release-osx-x86_64, r-oldrel-osx-x86_64

Version: 0.9-51
Check: package dependencies
Result: NOTE
    Package suggested but not available for checking: ‘globaltest’
Flavor: r-release-osx-x86_64