CRAN Package Check Results for Package penalized

Last updated on 2017-02-20 22:59:11.

Flavor Version Tinstall Tcheck Ttotal Status Flags
r-devel-linux-x86_64-debian-clang 0.9-50 46.55 68.03 114.57 NOTE
r-devel-linux-x86_64-debian-gcc 0.9-50 47.13 67.20 114.33 NOTE
r-devel-linux-x86_64-fedora-clang 0.9-50 240.49 NOTE --no-stop-on-test-error
r-devel-linux-x86_64-fedora-gcc 0.9-50 237.33 NOTE --no-stop-on-test-error
r-devel-macos-x86_64-clang 0.9-50 168.19 NOTE --no-stop-on-test-error
r-devel-windows-ix86+x86_64 0.9-50 154.00 185.00 339.00 OK
r-patched-linux-x86_64 0.9-50 40.37 63.69 104.07 OK
r-patched-solaris-sparc 0.9-50 1133.40 OK
r-patched-solaris-x86 0.9-50 251.80 OK
r-release-linux-x86_64 0.9-50 39.70 64.88 104.59 OK
r-release-osx-x86_64-mavericks 0.9-50 OK
r-release-windows-ix86+x86_64 0.9-50 155.00 240.00 395.00 OK
r-oldrel-windows-ix86+x86_64 0.9-50 89.00 217.00 306.00 OK

Check Details

Version: 0.9-50
Check: compiled code
Result: NOTE
    File ‘penalized/libs/penalized.so’:
     Found no calls to: ‘R_registerRoutines’, ‘R_useDynamicSymbols’
    
    It is good practice to register native routines and to disable symbol
    search.
    
    See ‘Writing portable packages’ in the ‘Writing R Extensions’ manual.
Flavors: r-devel-linux-x86_64-debian-clang, r-devel-linux-x86_64-debian-gcc

Version: 0.9-50
Flags: --no-stop-on-test-error
Check: compiled code
Result: NOTE
    File ‘penalized/libs/penalized.so’:
     Found no calls to: ‘R_registerRoutines’, ‘R_useDynamicSymbols’
    
    It is good practice to register native routines and to disable symbol
    search.
    
    See ‘Writing portable packages’ in the ‘Writing R Extensions’ manual.
Flavors: r-devel-linux-x86_64-fedora-clang, r-devel-linux-x86_64-fedora-gcc, r-devel-macos-x86_64-clang

Version: 0.9-50
Flags: --no-stop-on-test-error
Check: installed package size
Result: NOTE
     installed size is 6.1Mb
     sub-directories of 1Mb or more:
     libs 5.4Mb
Flavor: r-devel-linux-x86_64-fedora-gcc