CRAN Package Check Results for Package penalized

Last updated on 2017-03-25 15:48:01.

Flavor Version Tinstall Tcheck Ttotal Status Flags
r-devel-linux-x86_64-debian-clang 0.9-50 29.64 75.93 105.57 NOTE
r-devel-linux-x86_64-debian-gcc 0.9-50 32.67 73.52 106.19 NOTE
r-devel-linux-x86_64-fedora-clang 0.9-50 238.32 NOTE --no-stop-on-test-error
r-devel-linux-x86_64-fedora-gcc 0.9-50 237.90 NOTE --no-stop-on-test-error
r-devel-macos-x86_64-clang 0.9-50 166.50 NOTE --no-stop-on-test-error
r-devel-windows-ix86+x86_64 0.9-50 128.00 184.00 312.00 OK
r-patched-linux-x86_64 0.9-50 28.04 74.53 102.56 NOTE
r-patched-solaris-sparc 0.9-50 1248.50 OK
r-patched-solaris-x86 0.9-50 259.60 OK
r-release-linux-x86_64 0.9-50 40.57 63.25 103.82 OK
r-release-osx-x86_64-mavericks 0.9-50 OK
r-release-windows-ix86+x86_64 0.9-50 152.00 190.00 342.00 OK
r-oldrel-windows-ix86+x86_64 0.9-50 96.00 212.00 308.00 OK

Check Details

Version: 0.9-50
Check: compiled code
Result: NOTE
    File ‘penalized/libs/penalized.so’:
     Found no calls to: ‘R_registerRoutines’, ‘R_useDynamicSymbols’
    
    It is good practice to register native routines and to disable symbol
    search.
    
    See ‘Writing portable packages’ in the ‘Writing R Extensions’ manual.
Flavors: r-devel-linux-x86_64-debian-clang, r-devel-linux-x86_64-debian-gcc, r-patched-linux-x86_64

Version: 0.9-50
Flags: --no-stop-on-test-error
Check: compiled code
Result: NOTE
    File ‘penalized/libs/penalized.so’:
     Found no calls to: ‘R_registerRoutines’, ‘R_useDynamicSymbols’
    
    It is good practice to register native routines and to disable symbol
    search.
    
    See ‘Writing portable packages’ in the ‘Writing R Extensions’ manual.
Flavors: r-devel-linux-x86_64-fedora-clang, r-devel-linux-x86_64-fedora-gcc, r-devel-macos-x86_64-clang

Version: 0.9-50
Flags: --no-stop-on-test-error
Check: installed package size
Result: NOTE
     installed size is 6.1Mb
     sub-directories of 1Mb or more:
     libs 5.4Mb
Flavor: r-devel-linux-x86_64-fedora-gcc