CRAN Package Check Results for Package penalized

Last updated on 2020-05-26 08:49:27 CEST.

Flavor Version Tinstall Tcheck Ttotal Status Flags
r-devel-linux-x86_64-debian-clang 0.9-51 100.05 112.46 212.51 OK
r-devel-linux-x86_64-debian-gcc 0.9-51 73.01 86.54 159.55 OK
r-devel-linux-x86_64-fedora-clang 0.9-51 270.42 NOTE
r-devel-linux-x86_64-fedora-gcc 0.9-51 251.71 OK
r-devel-windows-ix86+x86_64 0.9-51 218.00 163.00 381.00 OK
r-patched-linux-x86_64 0.9-51 79.43 112.63 192.06 OK
r-patched-solaris-x86 0.9-51 287.60 OK
r-release-linux-x86_64 0.9-51 76.71 113.83 190.54 OK
r-release-osx-x86_64 0.9-51 NOTE
r-release-windows-ix86+x86_64 0.9-51 146.00 203.00 349.00 OK
r-oldrel-osx-x86_64 0.9-51 NOTE
r-oldrel-windows-ix86+x86_64 0.9-51 155.00 158.00 313.00 OK

Check Details

Version: 0.9-51
Check: installed package size
Result: NOTE
     installed size is 6.5Mb
     sub-directories of 1Mb or more:
     libs 5.5Mb
Flavors: r-devel-linux-x86_64-fedora-clang, r-release-osx-x86_64, r-oldrel-osx-x86_64

Version: 0.9-51
Check: package dependencies
Result: NOTE
    Package suggested but not available for checking: ‘globaltest’
Flavor: r-oldrel-osx-x86_64