CRAN Package Check Results for Package penalized

Last updated on 2019-10-19 04:46:35 CEST.

Flavor Version Tinstall Tcheck Ttotal Status Flags
r-devel-linux-x86_64-debian-clang 0.9-51 80.44 101.72 182.16 OK
r-devel-linux-x86_64-debian-gcc 0.9-51 62.20 79.46 141.66 OK
r-devel-linux-x86_64-fedora-clang 0.9-51 241.80 NOTE
r-devel-linux-x86_64-fedora-gcc 0.9-51 236.32 OK
r-devel-windows-ix86+x86_64 0.9-51 191.00 134.00 325.00 OK
r-patched-linux-x86_64 0.9-51 66.47 99.42 165.89 OK
r-patched-solaris-x86 0.9-51 272.00 OK
r-release-linux-x86_64 0.9-51 67.47 101.68 169.15 OK
r-release-windows-ix86+x86_64 0.9-51 128.00 144.00 272.00 OK
r-release-osx-x86_64 0.9-51 NOTE
r-oldrel-windows-ix86+x86_64 0.9-51 124.00 136.00 260.00 OK
r-oldrel-osx-x86_64 0.9-51 NOTE

Check Details

Version: 0.9-51
Check: installed package size
Result: NOTE
     installed size is 5.8Mb
     sub-directories of 1Mb or more:
     libs 4.9Mb
Flavors: r-devel-linux-x86_64-fedora-clang, r-release-osx-x86_64, r-oldrel-osx-x86_64

Version: 0.9-51
Check: package dependencies
Result: NOTE
    Package suggested but not available for checking: ‘globaltest’
Flavor: r-release-osx-x86_64