Last updated on 2023-03-26 00:51:51 CET.
Flavor | Version | Tinstall | Tcheck | Ttotal | Status | Flags |
---|---|---|---|---|---|---|
r-devel-linux-x86_64-debian-clang | 0.9-52 | 83.48 | 131.27 | 214.75 | NOTE | |
r-devel-linux-x86_64-debian-gcc | 0.9-52 | 74.25 | 100.50 | 174.75 | NOTE | |
r-devel-linux-x86_64-fedora-clang | 0.9-52 | 302.72 | NOTE | |||
r-devel-linux-x86_64-fedora-gcc | 0.9-52 | 294.63 | NOTE | |||
r-patched-linux-x86_64 | 0.9-52 | 84.26 | 123.13 | 207.39 | OK | |
r-release-linux-x86_64 | 0.9-52 | 79.67 | 123.25 | 202.92 | OK | |
r-release-macos-arm64 | 0.9-52 | 85.00 | NOTE | |||
r-release-macos-x86_64 | 0.9-52 | 111.00 | NOTE | |||
r-release-windows-x86_64 | 0.9-52 | 110.00 | 190.00 | 300.00 | OK | |
r-oldrel-macos-arm64 | 0.9-52 | 83.00 | NOTE | |||
r-oldrel-macos-x86_64 | 0.9-52 | 114.00 | NOTE | |||
r-oldrel-windows-ix86+x86_64 | 0.9-52 | 208.00 | 208.00 | 416.00 | OK |
Version: 0.9-52
Check: C++ specification
Result: NOTE
Specified C++11: please drop specification unless essential
Flavors: r-devel-linux-x86_64-debian-clang, r-devel-linux-x86_64-debian-gcc, r-devel-linux-x86_64-fedora-clang, r-devel-linux-x86_64-fedora-gcc
Version: 0.9-52
Check: Rd files
Result: NOTE
checkRd: (-1) breslow.Rd:27: Escaped LaTeX specials: \# \#
Flavors: r-devel-linux-x86_64-debian-clang, r-devel-linux-x86_64-debian-gcc, r-devel-linux-x86_64-fedora-clang, r-devel-linux-x86_64-fedora-gcc
Version: 0.9-52
Check: installed package size
Result: NOTE
installed size is 6.3Mb
sub-directories of 1Mb or more:
libs 5.4Mb
Flavors: r-release-macos-arm64, r-release-macos-x86_64, r-oldrel-macos-arm64, r-oldrel-macos-x86_64