CRAN Package Check Results for Package penalizedLDA

Last updated on 2014-07-24 15:52:23.

Flavor Version Tinstall Tcheck Ttotal Status Flags
r-devel-linux-x86_64-debian-clang 1.0 0.62 10.86 11.48 NOTE
r-devel-linux-x86_64-debian-gcc 1.0 0.56 10.70 11.25 NOTE
r-devel-linux-x86_64-fedora-clang 1.0 23.90 NOTE
r-devel-linux-x86_64-fedora-gcc 1.0 23.42 NOTE
r-devel-osx-x86_64-clang 1.0 25.30 NOTE
r-devel-windows-ix86+x86_64 1.0 2.00 18.00 20.00 NOTE
r-patched-linux-x86_64 1.0 0.54 10.84 11.38 NOTE
r-patched-solaris-sparc 1.0 136.90 NOTE
r-patched-solaris-x86 1.0 31.90 NOTE
r-release-linux-ix86 1.0 0.86 16.99 17.85 NOTE
r-release-linux-x86_64 1.0 0.59 10.99 11.58 NOTE
r-release-osx-x86_64-mavericks 1.0 NOTE
r-release-windows-ix86+x86_64 1.0 3.00 18.00 21.00 NOTE
r-oldrel-windows-ix86+x86_64 1.0 2.00 30.00 32.00 NOTE

Check Details

Version: 1.0
Check: dependencies in R code
Result: NOTE
    Package in Depends field not imported from: ‘flsa’
     These packages need to be imported from (in the NAMESPACE file)
     for when this namespace is loaded but not attached.
    See the information on DESCRIPTION files in the chapter ‘Creating R
    packages’ of the ‘Writing R Extensions’ manual.
Flavors: r-devel-linux-x86_64-debian-clang, r-devel-linux-x86_64-debian-gcc, r-devel-linux-x86_64-fedora-clang, r-devel-linux-x86_64-fedora-gcc, r-devel-osx-x86_64-clang, r-devel-windows-ix86+x86_64, r-patched-linux-x86_64, r-patched-solaris-sparc, r-patched-solaris-x86, r-release-linux-ix86, r-release-linux-x86_64, r-release-osx-x86_64-mavericks, r-release-windows-ix86+x86_64, r-oldrel-windows-ix86+x86_64

Version: 1.0
Check: Rd \usage sections
Result: NOTE
    S3 methods shown with full name in documentation object 'penalizedLDA-internal':
     ‘plot.penlda’ ‘print.penlda’ ‘plot.penldacv’ ‘print.penldacv’
    
    The \usage entries for S3 methods should use the \method markup and not
    their full name.
    See the chapter ‘Writing R documentation files’ in the ‘Writing R
    Extensions’ manual.
Flavors: r-devel-linux-x86_64-debian-clang, r-devel-linux-x86_64-debian-gcc, r-devel-linux-x86_64-fedora-clang, r-devel-linux-x86_64-fedora-gcc, r-devel-osx-x86_64-clang, r-devel-windows-ix86+x86_64, r-patched-linux-x86_64, r-patched-solaris-sparc, r-patched-solaris-x86, r-release-linux-ix86, r-release-linux-x86_64, r-release-osx-x86_64-mavericks, r-release-windows-ix86+x86_64, r-oldrel-windows-ix86+x86_64

Version: 1.0
Check: Rd line widths
Result: NOTE
    Rd file 'PenalizedLDA.cv.Rd':
     \usage lines wider than 90 characters:
     PenalizedLDA.cv(x, y, lambdas = NULL, K = NULL, nfold = 6, folds = NULL, type = "standard", chrom = NULL, lambda2 = NULL)
    
    These lines will be truncated in the PDF manual.
Flavors: r-devel-linux-x86_64-fedora-clang, r-devel-linux-x86_64-fedora-gcc