CRAN Package Check Results for Package penalizedLDA

Last updated on 2019-03-23 23:54:03 CET.

Flavor Version Tinstall Tcheck Ttotal Status Flags
r-devel-linux-x86_64-debian-clang 1.1 2.16 21.69 23.85 OK
r-devel-linux-x86_64-debian-gcc 1.1 1.58 17.37 18.95 OK
r-devel-linux-x86_64-fedora-clang 1.1 28.97 OK
r-devel-linux-x86_64-fedora-gcc 1.1 28.00 OK
r-devel-windows-ix86+x86_64 1.1 6.00 41.00 47.00 OK
r-patched-linux-x86_64 1.1 1.52 20.68 22.20 OK
r-patched-solaris-x86 1.1 39.80 OK
r-release-linux-x86_64 1.1 0.30 1.89 2.19 ERROR
r-release-windows-ix86+x86_64 1.1 3.00 33.00 36.00 OK
r-release-osx-x86_64 1.1 OK
r-oldrel-windows-ix86+x86_64 1.1 2.00 33.00 35.00 OK
r-oldrel-osx-x86_64 1.1 OK

Check Details

Version: 1.1
Check: whether package can be installed
Result: ERROR
    Installation failed.
Flavor: r-release-linux-x86_64