Last updated on 2023-03-27 21:54:28 CEST.
Flavor | Version | Tinstall | Tcheck | Ttotal | Status | Flags |
---|---|---|---|---|---|---|
r-devel-linux-x86_64-debian-clang | 2020.5.13 | 9.35 | 112.99 | 122.34 | NOTE | |
r-devel-linux-x86_64-debian-gcc | 2020.5.13 | 6.89 | 78.45 | 85.34 | NOTE | |
r-devel-linux-x86_64-fedora-clang | 2020.5.13 | 145.80 | NOTE | |||
r-devel-linux-x86_64-fedora-gcc | 2020.5.13 | 133.81 | NOTE | |||
r-patched-linux-x86_64 | 2020.5.13 | 9.91 | 100.17 | 110.08 | NOTE | |
r-release-linux-x86_64 | 2020.5.13 | 10.27 | 101.23 | 111.50 | OK | |
r-release-macos-arm64 | 2020.5.13 | 42.00 | NOTE | |||
r-release-macos-x86_64 | 2020.5.13 | 85.00 | OK | |||
r-release-windows-x86_64 | 2020.5.13 | 81.00 | 137.00 | 218.00 | OK | |
r-oldrel-macos-arm64 | 2020.5.13 | 55.00 | OK | |||
r-oldrel-macos-x86_64 | 2020.5.13 | 73.00 | OK | |||
r-oldrel-windows-ix86+x86_64 | 2020.5.13 | 24.00 | 200.00 | 224.00 | OK |
Version: 2020.5.13
Check: C++ specification
Result: NOTE
Specified C++11: please drop specification unless essential
Flavors: r-devel-linux-x86_64-debian-clang, r-devel-linux-x86_64-debian-gcc, r-devel-linux-x86_64-fedora-clang, r-devel-linux-x86_64-fedora-gcc, r-patched-linux-x86_64
Version: 2020.5.13
Check: package dependencies
Result: NOTE
Package suggested but not available for checking: ‘jointseg’
Flavor: r-release-macos-arm64