CRAN Package Check Results for Package pencal

Last updated on 2021-04-15 02:47:47 CEST.

Flavor Version Tinstall Tcheck Ttotal Status Flags
r-devel-linux-x86_64-debian-clang 0.3.2 12.50 125.62 138.12 OK
r-devel-linux-x86_64-debian-gcc 0.3.2 8.77 94.34 103.11 OK
r-devel-linux-x86_64-fedora-clang 0.3.2 172.06 OK
r-devel-linux-x86_64-fedora-gcc 0.3.2 170.45 OK
r-devel-windows-ix86+x86_64 0.3.2 28.00 219.00 247.00 OK
r-devel-windows-x86_64-gcc10-UCRT 0.3.2 OK
r-patched-linux-x86_64 0.3.2 13.02 117.29 130.31 OK
r-patched-solaris-x86 0.3.2 535.00 OK
r-release-linux-x86_64 0.3.2 11.97 117.35 129.32 OK
r-release-macos-x86_64 0.3.2 ERROR
r-release-windows-ix86+x86_64 0.3.2 32.00 253.00 285.00 OK
r-oldrel-macos-x86_64 0.3.2 ERROR

Check Details

Version: 0.3.2
Check: package dependencies
Result: NOTE
    Package suggested but not available for checking: ‘ptmixed’
Flavors: r-release-macos-x86_64, r-oldrel-macos-x86_64

Version: 0.3.2
Check: examples
Result: ERROR
    Running examples in ‘pencal-Ex.R’ failed
    The error most likely occurred in:
    
    > ### Name: simulate_prclmm_data
    > ### Title: Simulate data that can be used to fit the PRC-LMM model
    > ### Aliases: simulate_prclmm_data
    >
    > ### ** Examples
    >
    > # generate example data
    > simdata = simulate_prclmm_data(n = 20, p = 10,
    + p.relev = 4, seed = 1)
    > # view the longitudinal markers:
    > library(ptmixed)
    Error in library(ptmixed) : there is no package called ‘ptmixed’
    Execution halted
Flavor: r-release-macos-x86_64

Version: 0.3.2
Check: re-building of vignette outputs
Result: WARN
    Error(s) in re-building vignettes:
     ...
    --- re-building ‘pencal-vignette.Rmd’ using rmarkdown
    Warning in engine$weave(file, quiet = quiet, encoding = enc) :
     Pandoc (>= 1.12.3) and/or pandoc-citeproc not available. Falling back to R Markdown v1.
    Quitting from lines 134-143 (pencal-vignette.Rmd)
    Error: processing vignette 'pencal-vignette.Rmd' failed with diagnostics:
    there is no package called 'ptmixed'
    --- failed re-building ‘pencal-vignette.Rmd’
    
    SUMMARY: processing the following file failed:
     ‘pencal-vignette.Rmd’
    
    Error: Vignette re-building failed.
    Execution halted
Flavor: r-release-macos-x86_64

Version: 0.3.2
Check: whether package can be installed
Result: ERROR
    Installation failed.
Flavor: r-oldrel-macos-x86_64