CRAN Package Check Results for Package pencopula

Last updated on 2017-11-22 14:54:38 CET.

Flavor Version Tinstall Tcheck Ttotal Status Flags
r-devel-linux-x86_64-debian-clang 0.3.5 2.59 35.19 37.78 NOTE
r-devel-linux-x86_64-debian-gcc 0.3.5 3.00 81.58 84.58 NOTE
r-devel-linux-x86_64-fedora-clang 0.3.5 67.69 NOTE
r-devel-linux-x86_64-fedora-gcc 0.3.5 116.76 NOTE
r-devel-windows-ix86+x86_64 0.3.5 8.00 69.00 77.00 NOTE
r-patched-linux-x86_64 0.3.5 2.55 39.14 41.69 NOTE
r-patched-solaris-x86 0.3.5 119.80 NOTE
r-release-linux-x86_64 0.3.5 2.72 38.54 41.27 NOTE
r-release-windows-ix86+x86_64 0.3.5 8.00 67.00 75.00 NOTE
r-release-osx-x86_64 0.3.5 NOTE
r-oldrel-windows-ix86+x86_64 0.3.5 8.00 69.00 77.00 NOTE
r-oldrel-osx-x86_64 0.3.5 NOTE

Check Details

Version: 0.3.5
Check: S3 generic/method consistency
Result: NOTE
    Found the following apparent S3 methods exported but not registered:
     plot.pencopula print.pencopula
    See section ‘Registering S3 methods’ in the ‘Writing R Extensions’
    manual.
Flavors: r-devel-linux-x86_64-debian-clang, r-devel-linux-x86_64-debian-gcc, r-devel-linux-x86_64-fedora-clang, r-devel-linux-x86_64-fedora-gcc, r-patched-linux-x86_64, r-patched-solaris-x86, r-release-linux-x86_64

Version: 0.3.5
Check: R code for possible problems
Result: NOTE
    grid.points: no visible global function definition for ‘quantile’
    knots.order: no visible global function definition for ‘median’
    new.weights: no visible global function definition for ‘ecdf’
    new.weights: no visible global function definition for ‘quantile’
    plot.pencopula: no visible global function definition for ‘as.formula’
    Undefined global functions or variables:
     as.formula ecdf median quantile
    Consider adding
     importFrom("stats", "as.formula", "ecdf", "median", "quantile")
    to your NAMESPACE file.
Flavors: r-devel-linux-x86_64-debian-clang, r-devel-linux-x86_64-debian-gcc, r-devel-linux-x86_64-fedora-clang, r-devel-linux-x86_64-fedora-gcc, r-devel-windows-ix86+x86_64, r-patched-linux-x86_64, r-patched-solaris-x86, r-release-linux-x86_64, r-release-windows-ix86+x86_64, r-release-osx-x86_64, r-oldrel-windows-ix86+x86_64, r-oldrel-osx-x86_64