CRAN Package Check Results for Package pendensity

Last updated on 2015-03-26 21:47:03.

Flavor Version Tinstall Tcheck Ttotal Status Flags
r-devel-linux-x86_64-debian-clang 0.2.7 2.83 117.75 120.58 NOTE
r-devel-linux-x86_64-debian-gcc 0.2.7 2.73 118.83 121.56 NOTE
r-devel-linux-x86_64-fedora-clang 0.2.7 230.71 NOTE
r-devel-linux-x86_64-fedora-gcc 0.2.7 235.71 NOTE
r-devel-osx-x86_64-clang 0.2.7 197.36 NOTE
r-prerel-windows-ix86+x86_64 0.2.7 8.00 162.00 170.00 NOTE
r-prerel-linux-x86_64 0.2.7 2.73 114.36 117.09 NOTE
r-prerel-solaris-sparc 0.2.7 1735.60 NOTE
r-prerel-solaris-x86 0.2.7 275.90 NOTE
r-release-linux-x86_64 0.2.7 3.72 125.91 129.62 OK
r-release-osx-x86_64-mavericks 0.2.7 OK
r-release-osx-x86_64-snowleopard 0.2.7 OK
r-release-windows-ix86+x86_64 0.2.7 10.00 155.00 165.00 OK
r-oldrel-windows-ix86+x86_64 0.2.7 10.00 162.00 172.00 OK

Check Details

Version: 0.2.7
Check: DESCRIPTION meta-information
Result: NOTE
    Malformed Description field: should contain one or more complete sentences.
Flavors: r-devel-linux-x86_64-debian-clang, r-devel-linux-x86_64-debian-gcc, r-devel-linux-x86_64-fedora-clang, r-devel-linux-x86_64-fedora-gcc, r-devel-osx-x86_64-clang, r-prerel-windows-ix86+x86_64, r-prerel-linux-x86_64, r-prerel-solaris-sparc, r-prerel-solaris-x86

Version: 0.2.7
Check: S3 generic/method consistency
Result: NOTE
    Found the following apparent S3 methods exported but not registered:
     plot.pendensity print.pendensity
    See section ‘Registering S3 methods’ in the ‘Writing R Extensions’
    manual.
Flavors: r-devel-linux-x86_64-debian-clang, r-devel-linux-x86_64-debian-gcc, r-devel-linux-x86_64-fedora-clang, r-devel-linux-x86_64-fedora-gcc, r-devel-osx-x86_64-clang, r-prerel-linux-x86_64