CRAN Package Check Results for Package pendensity

Last updated on 2015-08-29 06:47:48.

Flavor Version Tinstall Tcheck Ttotal Status Flags
r-devel-linux-x86_64-debian-clang 0.2.8 2.64 57.37 60.01 NOTE
r-devel-linux-x86_64-debian-gcc 0.2.8 2.63 59.98 62.62 NOTE
r-devel-linux-x86_64-fedora-clang 0.2.8 124.41 NOTE
r-devel-linux-x86_64-fedora-gcc 0.2.8 119.89 NOTE
r-devel-osx-x86_64-clang 0.2.8 103.22 OK
r-devel-windows-ix86+x86_64 0.2.8 12.00 96.00 108.00 NOTE
r-patched-linux-x86_64 0.2.8 2.81 61.66 64.48 OK
r-patched-solaris-sparc 0.2.8 834.90 OK
r-patched-solaris-x86 0.2.8 172.40 OK
r-release-linux-x86_64 0.2.8 2.78 62.00 64.78 OK
r-release-osx-x86_64-mavericks 0.2.8 OK
r-release-windows-ix86+x86_64 0.2.8 10.00 128.00 138.00 OK
r-oldrel-windows-ix86+x86_64 0.2.8 14.00 119.00 133.00 OK

Check Details

Version: 0.2.8
Check: R code for possible problems
Result: NOTE
    pendenForm: no visible global function definition for ‘contrasts’
    pendensity : <anonymous>: no visible global function definition for
     ‘dnorm’
    plot.pendensity : <anonymous>: no visible global function definition
     for ‘dnorm’
    plot.pendensity: no visible global function definition for ‘density’
    plot.pendensity: no visible global function definition for ‘plot’
    plot.pendensity: no visible global function definition for ‘dnorm’
    plot.pendensity: no visible global function definition for ‘lines’
    plot.pendensity: no visible global function definition for ‘legend’
    plot.pendensity: no visible global function definition for ‘points’
    plot.pendensity: no visible global function definition for ‘par’
    test.equal: no visible global function definition for ‘rnorm’
    Undefined global functions or variables:
     contrasts density dnorm legend lines par plot points rnorm
    Consider adding
     importFrom("graphics", "legend", "lines", "par", "plot", "points")
     importFrom("stats", "contrasts", "density", "dnorm", "rnorm")
    to your NAMESPACE.
Flavors: r-devel-linux-x86_64-debian-clang, r-devel-linux-x86_64-debian-gcc, r-devel-linux-x86_64-fedora-clang, r-devel-linux-x86_64-fedora-gcc, r-devel-windows-ix86+x86_64