CRAN Package Check Results for Package pendensity

Last updated on 2018-04-21 08:49:38 CEST.

Flavor Version Tinstall Tcheck Ttotal Status Flags
r-devel-linux-x86_64-debian-clang 0.2.10 4.58 77.49 82.07 WARN
r-devel-linux-x86_64-debian-gcc 0.2.10 4.88 59.48 64.36 WARN
r-devel-linux-x86_64-fedora-clang 0.2.10 103.16 WARN
r-devel-linux-x86_64-fedora-gcc 0.2.10 98.93 WARN
r-devel-windows-ix86+x86_64 0.2.10 12.00 124.00 136.00 WARN
r-devel-osx-x86_64 0.2.10 WARN
r-patched-linux-x86_64 0.2.10 6.33 74.91 81.24 WARN
r-patched-solaris-x86 0.2.10 148.80 WARN
r-release-linux-x86_64 0.2.10 4.15 84.94 89.09 OK
r-release-windows-ix86+x86_64 0.2.10 10.00 125.00 135.00 OK
r-release-osx-x86_64 0.2.10 OK
r-oldrel-windows-ix86+x86_64 0.2.10 10.00 106.00 116.00 OK

Check Details

Version: 0.2.10
Check: whether package can be installed
Result: WARN
    Found the following significant warnings:
     Note: break used in wrong context: no loop is visible
    See ‘/home/hornik/tmp/R.check/r-devel-clang/Work/PKGS/pendensity.Rcheck/00install.out’ for details.
    Information on the location(s) of code generating the ‘Note’s can be
    obtained by re-running with environment variable R_KEEP_PKG_SOURCE set
    to ‘yes’.
Flavor: r-devel-linux-x86_64-debian-clang

Version: 0.2.10
Check: whether package can be installed
Result: WARN
    Found the following significant warnings:
     Note: break used in wrong context: no loop is visible
    See ‘/home/hornik/tmp/R.check/r-devel-gcc/Work/PKGS/pendensity.Rcheck/00install.out’ for details.
    Information on the location(s) of code generating the ‘Note’s can be
    obtained by re-running with environment variable R_KEEP_PKG_SOURCE set
    to ‘yes’.
Flavor: r-devel-linux-x86_64-debian-gcc

Version: 0.2.10
Check: whether package can be installed
Result: WARN
    Found the following significant warnings:
     Note: break used in wrong context: no loop is visible
    See ‘/data/gannet/ripley/R/packages/tests-clang/pendensity.Rcheck/00install.out’ for details.
    Information on the location(s) of code generating the ‘Note’s can be
    obtained by re-running with environment variable R_KEEP_PKG_SOURCE set
    to ‘yes’.
Flavor: r-devel-linux-x86_64-fedora-clang

Version: 0.2.10
Check: whether package can be installed
Result: WARN
    Found the following significant warnings:
     Note: break used in wrong context: no loop is visible
    See ‘/data/gannet/ripley/R/packages/tests-devel/pendensity.Rcheck/00install.out’ for details.
    Information on the location(s) of code generating the ‘Note’s can be
    obtained by re-running with environment variable R_KEEP_PKG_SOURCE set
    to ‘yes’.
Flavor: r-devel-linux-x86_64-fedora-gcc

Version: 0.2.10
Check: whether package can be installed
Result: WARN
    Found the following significant warnings:
     Note: break used in wrong context: no loop is visible
    See 'd:/Rcompile/CRANpkg/local/3.5/pendensity.Rcheck/00install.out' for details.
    Information on the location(s) of code generating the 'Note's can be
    obtained by re-running with environment variable R_KEEP_PKG_SOURCE set
    to 'yes'.
Flavor: r-devel-windows-ix86+x86_64

Version: 0.2.10
Check: whether package can be installed
Result: WARN
    Found the following significant warnings:
     Note: break used in wrong context: no loop is visible
    See ‘/Volumes/SSD-Data/Builds/R-dev-web/QA/Simon/packages/el-capitan-x86_64/results/3.5/pendensity.Rcheck/00install.out’ for details.
    Information on the location(s) of code generating the ‘Note’s can be
    obtained by re-running with environment variable R_KEEP_PKG_SOURCE set
    to ‘yes’.
Flavor: r-devel-osx-x86_64

Version: 0.2.10
Check: whether package can be installed
Result: WARN
    Found the following significant warnings:
     Note: break used in wrong context: no loop is visible
    See ‘/home/hornik/tmp/R.check/r-patched-gcc/Work/PKGS/pendensity.Rcheck/00install.out’ for details.
    Information on the location(s) of code generating the ‘Note’s can be
    obtained by re-running with environment variable R_KEEP_PKG_SOURCE set
    to ‘yes’.
Flavor: r-patched-linux-x86_64

Version: 0.2.10
Check: whether package can be installed
Result: WARN
    Found the following significant warnings:
     Note: break used in wrong context: no loop is visible
    See ‘/home/ripley/R/packages/tests32/pendensity.Rcheck/00install.out’ for details.
    Information on the location(s) of code generating the ‘Note’s can be
    obtained by re-running with environment variable R_KEEP_PKG_SOURCE set
    to ‘yes’.
Flavor: r-patched-solaris-x86