CRAN Package Check Results for Package pendensity

Last updated on 2015-04-20 02:48:40.

Flavor Version Tinstall Tcheck Ttotal Status Flags
r-devel-linux-x86_64-debian-clang 0.2.8 2.87 62.59 65.46 OK
r-devel-linux-x86_64-debian-gcc 0.2.8 2.79 61.34 64.13 OK
r-devel-linux-x86_64-fedora-clang 0.2.8 131.20 OK
r-devel-linux-x86_64-fedora-gcc 0.2.8 123.81 OK
r-devel-osx-x86_64-clang 0.2.8 112.73 OK
r-devel-windows-ix86+x86_64 0.2.7 11.00 166.00 177.00 NOTE
r-patched-linux-x86_64 0.2.8 2.82 61.20 64.02 OK
r-patched-solaris-sparc 0.2.8 773.70 OK
r-patched-solaris-x86 0.2.8 157.90 OK
r-release-linux-x86_64 0.2.8 2.83 61.09 63.92 OK
r-release-osx-x86_64-mavericks 0.2.8 OK
r-release-osx-x86_64-snowleopard 0.2.8 ERROR
r-release-windows-ix86+x86_64 0.2.8 7.00 79.00 86.00 OK
r-oldrel-windows-ix86+x86_64 0.2.8 8.00 93.00 101.00 OK

Check Details

Version: 0.2.7
Check: DESCRIPTION meta-information
Result: NOTE
    Malformed Description field: should contain one or more complete sentences.
Flavor: r-devel-windows-ix86+x86_64

Version: 0.2.8
Check: package dependencies
Result: ERROR
    Package required but not available: ‘fda’
    
    See section ‘The DESCRIPTION file’ in the ‘Writing R Extensions’
    manual.
Flavor: r-release-osx-x86_64-snowleopard