CRAN Package Check Results for Package pendensity

Last updated on 2014-04-24 23:48:08.

Flavor Version Tinstall Tcheck Ttotal Status Flags
r-devel-linux-x86_64-debian-clang 0.2.7 3.90 127.78 131.68 OK
r-devel-linux-x86_64-debian-gcc 0.2.7 4.10 128.44 132.54 OK
r-devel-linux-x86_64-fedora-clang 0.2.7 283.65 OK
r-devel-linux-x86_64-fedora-gcc 0.2.7 281.92 OK
r-devel-osx-x86_64-clang 0.2.7 204.30 OK
r-devel-osx-x86_64-gcc 0.2.7 ERROR
r-devel-windows-ix86+x86_64 0.2.7 10.00 168.00 178.00 OK
r-patched-linux-x86_64 0.2.7 3.86 127.76 131.62 OK
r-patched-solaris-sparc 0.2.7 1867.90 OK
r-patched-solaris-x86 0.2.7 320.20 OK
r-release-linux-ix86 0.2.7 6.00 191.00 197.00 OK
r-release-linux-x86_64 0.2.7 3.84 127.20 131.04 OK
r-release-osx-x86_64-mavericks 0.2.7 WARN
r-release-osx-x86_64-snowleopard 0.2.7 OK
r-release-windows-ix86+x86_64 0.2.7 9.00 166.00 175.00 OK
r-oldrel-windows-ix86+x86_64 0.2.7 9.00 169.00 178.00 OK

Check Details

Version: 0.2.7
Check: package dependencies
Result: ERROR
    Package required but not available: ‘fda’
    
    See the information on DESCRIPTION files in the chapter ‘Creating R
    packages’ of the ‘Writing R Extensions’ manual.
Flavor: r-devel-osx-x86_64-gcc

Version: 0.2.7
Check: PDF version of manual
Result: WARNING
    LaTeX errors when creating PDF version.
    This typically indicates Rd problems.
    LaTeX errors found:
    ! LaTeX Error: File `upquote.sty' not found.
    
    Type X to quit or <RETURN> to proceed,
    or enter new name. (Default extension: sty)
    
    59717e3/Rd2.tex:8: ==> Fatal error occurred, no output PDF file produced!
Flavor: r-release-osx-x86_64-mavericks