CRAN Package Check Results for Package pendensity

Last updated on 2015-01-28 12:48:06.

Flavor Version Tinstall Tcheck Ttotal Status Flags
r-devel-linux-x86_64-debian-clang 0.2.7 3.40 118.22 121.62 NOTE
r-devel-linux-x86_64-debian-gcc 0.2.7 3.26 116.35 119.61 NOTE
r-devel-linux-x86_64-fedora-clang 0.2.7 265.92 NOTE
r-devel-linux-x86_64-fedora-gcc 0.2.7 250.11 NOTE
r-devel-osx-x86_64-clang 0.2.7 206.55 NOTE
r-devel-windows-ix86+x86_64 0.2.7 13.00 152.00 165.00 OK
r-patched-linux-x86_64 0.2.7 3.69 123.60 127.29 OK
r-patched-solaris-sparc 0.2.7 1855.80 OK
r-patched-solaris-x86 0.2.7 318.30 OK
r-release-linux-ix86 0.2.7 4.16 195.84 200.00 OK
r-release-linux-x86_64 0.2.7 3.67 122.52 126.19 OK
r-release-osx-x86_64-mavericks 0.2.7 OK
r-release-osx-x86_64-snowleopard 0.2.7 OK
r-release-windows-ix86+x86_64 0.2.7 10.00 167.00 177.00 OK
r-oldrel-windows-ix86+x86_64 0.2.7 10.00 159.00 169.00 OK

Check Details

Version: 0.2.7
Check: S3 generic/method consistency
Result: NOTE
    Found the following apparent S3 methods exported but not registered:
     print.pendensity plot.pendensity
    See section ‘Registering S3 methods’ in the ‘Writing R Extensions’
    manual.
Flavors: r-devel-linux-x86_64-debian-clang, r-devel-linux-x86_64-debian-gcc, r-devel-linux-x86_64-fedora-clang, r-devel-linux-x86_64-fedora-gcc, r-devel-osx-x86_64-clang